{"id":1388,"date":"2016-10-29T19:07:31","date_gmt":"2016-10-29T18:07:31","guid":{"rendered":"http:\/\/84.39.218.255\/en2\/?page_id=1388"},"modified":"2016-10-29T19:08:09","modified_gmt":"2016-10-29T18:08:09","slug":"sprint","status":"publish","type":"page","link":"http:\/\/www.si-hr.eu\/en2\/map\/sprint\/","title":{"rendered":"SPRINT"},"content":{"rendered":"\n<style type=\"text\/css\" data-created_by=\"avia_inline_auto\" id=\"style-css-av-av_one_half-352b07ef7d3bc99b2e9f92e7a9e06bdb\">\n.flex_column.av-av_one_half-352b07ef7d3bc99b2e9f92e7a9e06bdb{\nborder-radius:0px 0px 0px 0px;\n-webkit-border-radius:0px 0px 0px 0px;\n-moz-border-radius:0px 0px 0px 0px;\n}\n<\/style>\n<div class='flex_column av-av_one_half-352b07ef7d3bc99b2e9f92e7a9e06bdb av_one_half  avia-builder-el-0  el_before_av_one_half  avia-builder-el-first  first flex_column_div av-zero-column-padding '   ><p>\n<style type=\"text\/css\" data-created_by=\"avia_inline_auto\" id=\"style-css-av-av_image-0283934cf91ad4e966cf0c4952289070\">\n.avia-image-container.av-av_image-0283934cf91ad4e966cf0c4952289070 .av-image-caption-overlay-center{\ncolor:#ffffff;\n}\n<\/style>\n<div  class='avia-image-container av-av_image-0283934cf91ad4e966cf0c4952289070 av-styling- avia-align-center  avia-builder-el-1  el_before_av_textblock  avia-builder-el-first '  itemprop=\"image\" itemscope=\"itemscope\" itemtype=\"https:\/\/schema.org\/ImageObject\" ><div class=\"avia-image-container-inner\"><div class=\"avia-image-overlay-wrap\"><img decoding=\"async\" class='wp-image-1390 avia-img-lazy-loading-not-1390 avia_image' src=\"http:\/\/www.si-hr.eu\/en2\/wp-content\/uploads\/sites\/12\/2016\/10\/SPRINT-1030x687.jpg\" alt='' title='SPRINT'  height=\"687\" width=\"1030\"  itemprop=\"thumbnailUrl\" srcset=\"http:\/\/www.si-hr.eu\/en2\/wp-content\/uploads\/sites\/12\/2016\/10\/SPRINT-1030x687.jpg 1030w, http:\/\/www.si-hr.eu\/en2\/wp-content\/uploads\/sites\/12\/2016\/10\/SPRINT-300x200.jpg 300w, http:\/\/www.si-hr.eu\/en2\/wp-content\/uploads\/sites\/12\/2016\/10\/SPRINT-600x400.jpg 600w, http:\/\/www.si-hr.eu\/en2\/wp-content\/uploads\/sites\/12\/2016\/10\/SPRINT-1500x1000.jpg 1500w, http:\/\/www.si-hr.eu\/en2\/wp-content\/uploads\/sites\/12\/2016\/10\/SPRINT-705x470.jpg 705w, http:\/\/www.si-hr.eu\/en2\/wp-content\/uploads\/sites\/12\/2016\/10\/SPRINT-450x300.jpg 450w\" sizes=\"(max-width: 1030px) 100vw, 1030px\" \/><\/div><\/div><\/div><br \/>\n<section  class='av_textblock_section av-av_textblock-0366cc7376be6c9e82a3e9cc8987b64f'  itemscope=\"itemscope\" itemtype=\"https:\/\/schema.org\/CreativeWork\" ><div class='avia_textblock'  itemprop=\"text\" ><p style=\"text-align: center;\"><strong>SPRINT<\/strong><\/p>\n<\/div><\/section><br \/>\n<section  class='av_textblock_section av-av_textblock-0366cc7376be6c9e82a3e9cc8987b64f'  itemscope=\"itemscope\" itemtype=\"https:\/\/schema.org\/CreativeWork\" ><div class='avia_textblock'  itemprop=\"text\" ><p><i><b>Project summary <\/b><\/i><\/p>\n<p align=\"JUSTIFY\">Specific cross-borders objectives of the project were: the identification of the innovation potential in companies and research institutions in the cross-border area; enhancement of cross-border connections between the companies with innovation potential and creating relationships in order to increase knowledge flow, improve cooperation among the economy, research and education institutions in the region; promotion of joint development ideas, assessment of their innovation potential and preparation of proposals for specific projects; preparing proposals for measures to enhance the growth of innovative companies \u2013 a set of recommendations for the public sector oriented towards the implementation of activities, that will systematically contribute to the knowledge transfer from the research into the entrepreneurship community in the project area; improvement of the business and technology cooperation between regions in the bordering area, and integration of the area into the international technology initiatives. The added value of the project was a recommendation to the relevant institutions of cross-border regions to encourage the growth of innovative enterprises, as well as &#8220;start-up&#8221; companies. Outputs of the project were: analysis of innovation potential; analysis summary publication; user friendly web application with a database and digital map of identified actors; joint methodology for performing screening meetings; screening meetings with identified companies and institutions; matchmaking meetings; educational workshops on financing possibilities for R&amp;D projects; a proposal for measures to foster growth of innovative and start-up companies; a publication of the summary of proposed measures to foster growth of innovative and start-up companies; sector-specific seminars; capacity-building trainings for businessmen and researchers on business process management and product commercialization; professional conferences on topics related to the importance of cooperation between the economy and academia, as well as on importance of R&amp;D and technology transfer in increasing competitiveness of the economy; a joint web page; a trilingual brochure about the project; bilingual leaflets about the project; a press conferences.<\/p>\n<\/div><\/section><\/p><\/div>\n<style type=\"text\/css\" data-created_by=\"avia_inline_auto\" id=\"style-css-av-av_one_half-2a64de42b738552fe666ca889af77e28\">\n.flex_column.av-av_one_half-2a64de42b738552fe666ca889af77e28{\nborder-radius:0px 0px 0px 0px;\n-webkit-border-radius:0px 0px 0px 0px;\n-moz-border-radius:0px 0px 0px 0px;\n}\n<\/style>\n<div class='flex_column av-av_one_half-2a64de42b738552fe666ca889af77e28 av_one_half  avia-builder-el-4  el_after_av_one_half  el_before_av_one_half  flex_column_div av-zero-column-padding '   ><section  class='av_textblock_section av-av_textblock-0366cc7376be6c9e82a3e9cc8987b64f'  itemscope=\"itemscope\" itemtype=\"https:\/\/schema.org\/CreativeWork\" ><div class='avia_textblock'  itemprop=\"text\" ><table border=\"1\" width=\"100%\" cellspacing=\"0\" cellpadding=\"7\">\n<colgroup>\n<col width=\"85*\" \/>\n<col width=\"171*\" \/> <\/colgroup>\n<tbody>\n<tr>\n<td bgcolor=\"#f2f2f2\" width=\"33%\" height=\"8\"><b>Project title<\/b><\/td>\n<td width=\"67%\">\n<p align=\"JUSTIFY\">Creating a supportive environment for raising the innovation and technology potential in the bordering area<\/p>\n<\/td>\n<\/tr>\n<tr>\n<td bgcolor=\"#f2f2f2\" width=\"33%\" height=\"9\"><b>ERDF funds<\/b><\/td>\n<td width=\"67%\">540,699.80 EUR<\/td>\n<\/tr>\n<tr>\n<td bgcolor=\"#f2f2f2\" width=\"33%\" height=\"9\"><b>Project duration <\/b><\/p>\n<p><b>(month\/year \u2013 month\/year)<\/b><\/td>\n<td width=\"67%\">01.04.2011 \u2013 31.03.2013<\/td>\n<\/tr>\n<tr>\n<td bgcolor=\"#f2f2f2\" width=\"33%\" height=\"9\"><b>Lead partner<\/b><\/td>\n<td width=\"67%\">Tehnolo\u0161ko-inovacijski centar Me\u0111imurje d.o.o.<\/td>\n<\/tr>\n<tr>\n<td bgcolor=\"#f2f2f2\" width=\"33%\" height=\"9\"><b>Partners<\/b><\/td>\n<td width=\"67%\">Znanstveno-raziskovalno sredi\u0161\u010de Bistra Ptuj<\/p>\n<p>Zagorska razvojna agencija d.o.o. \u2013 ZARA<\/p>\n<p>Tehnolo\u0161ki center za elektri\u010dne stroje &#8211; TECES<\/p>\n<p>Agencija za razvoj Vara\u017edinske \u017eupanije d.o.o. \u2013 AZRA<\/p>\n<p><span lang=\"fr-FR\">Razvojni center Murska Sobota<\/span><\/p>\n<p lang=\"fr-FR\">TehnoCentar Univerze u Mariboru d.o.o.<\/p>\n<p>Sveu\u010dili\u0161te u Zagrebu \u2013 Ured za transfer tehnologija TTO<\/td>\n<\/tr>\n<tr>\n<td bgcolor=\"#f2f2f2\" width=\"33%\" height=\"9\"><b>Regions involved<\/b><\/td>\n<td width=\"67%\">SI: Pomurska regija, Podravska regija<\/p>\n<p>CRO: Me\u0111imurska \u017eupanija, Vara\u017edinska \u017eupanija, Krapinsko-zagorska \u017eupanija, Grad Zagreb<\/td>\n<\/tr>\n<tr>\n<td bgcolor=\"#f2f2f2\" width=\"33%\" height=\"8\"><b>Website<\/b><\/td>\n<td width=\"67%\"><span lang=\"fr-FR\">SI: <\/span><span style=\"color: #0000ff;\"><u><a href=\"http:\/\/www.sprint-ipa.org\/index_si.aspx\"><span lang=\"fr-FR\">http:\/\/www.sprint-ipa.org\/index_si.aspx<\/span><\/a><\/u><\/span><\/p>\n<p><span lang=\"fr-FR\">CRO: <\/span><span style=\"color: #0000ff;\"><u><a href=\"http:\/\/www.sprint-ipa.org\/index.aspx\"><span lang=\"fr-FR\">http:\/\/www.sprint-ipa.org\/index.aspx<\/span><\/a><\/u><\/span><\/td>\n<\/tr>\n<\/tbody>\n<\/table>\n<\/div><\/section><\/div>\n<style type=\"text\/css\" data-created_by=\"avia_inline_auto\" id=\"style-css-av-av_one_half-352b07ef7d3bc99b2e9f92e7a9e06bdb\">\n.flex_column.av-av_one_half-352b07ef7d3bc99b2e9f92e7a9e06bdb{\nborder-radius:0px 0px 0px 0px;\n-webkit-border-radius:0px 0px 0px 0px;\n-moz-border-radius:0px 0px 0px 0px;\n}\n<\/style>\n<div class='flex_column av-av_one_half-352b07ef7d3bc99b2e9f92e7a9e06bdb av_one_half  avia-builder-el-6  el_after_av_one_half  el_before_av_image  first flex_column_div av-zero-column-padding column-top-margin'   ><section  class='av_textblock_section av-av_textblock-0366cc7376be6c9e82a3e9cc8987b64f'  itemscope=\"itemscope\" itemtype=\"https:\/\/schema.org\/CreativeWork\" ><div class='avia_textblock'  itemprop=\"text\" ><p><i><b>Key results and performed activities <\/b><\/i><i>(quantitative results; max. 3 &#8211; 5)<\/i><\/p>\n<p align=\"JUSTIFY\">1 analysis of the innovation potential of companies and R&amp;D institutions in the project area geared toward identification of the key actors in the program area;<\/p>\n<p align=\"JUSTIFY\">26 project events;<\/p>\n<p align=\"JUSTIFY\">2 sets of recommendations for encouraging innovative economy.<\/p>\n<\/div><\/section><\/div>\n<style type=\"text\/css\" data-created_by=\"avia_inline_auto\" id=\"style-css-av-av_image-3e88a5dcfad45d30aeef3748396c75a0\">\n.avia-image-container.av-av_image-3e88a5dcfad45d30aeef3748396c75a0 .av-image-caption-overlay-center{\ncolor:#ffffff;\n}\n<\/style>\n<div  class='avia-image-container av-av_image-3e88a5dcfad45d30aeef3748396c75a0 av-styling- avia-align-center  avia-builder-el-8  el_after_av_one_half  avia-builder-el-last '  itemprop=\"image\" itemscope=\"itemscope\" itemtype=\"https:\/\/schema.org\/ImageObject\" ><div class=\"avia-image-container-inner\"><div class=\"avia-image-overlay-wrap\"><img decoding=\"async\" class='wp-image-1389 avia-img-lazy-loading-not-1389 avia_image' src=\"http:\/\/www.si-hr.eu\/en2\/wp-content\/uploads\/sites\/12\/2016\/10\/sprint-logo.jpg\" alt='' title='sprint logo'  height=\"198\" width=\"736\"  itemprop=\"thumbnailUrl\" srcset=\"http:\/\/www.si-hr.eu\/en2\/wp-content\/uploads\/sites\/12\/2016\/10\/sprint-logo.jpg 736w, http:\/\/www.si-hr.eu\/en2\/wp-content\/uploads\/sites\/12\/2016\/10\/sprint-logo-300x81.jpg 300w, http:\/\/www.si-hr.eu\/en2\/wp-content\/uploads\/sites\/12\/2016\/10\/sprint-logo-600x161.jpg 600w, http:\/\/www.si-hr.eu\/en2\/wp-content\/uploads\/sites\/12\/2016\/10\/sprint-logo-705x190.jpg 705w, http:\/\/www.si-hr.eu\/en2\/wp-content\/uploads\/sites\/12\/2016\/10\/sprint-logo-450x121.jpg 450w\" sizes=\"(max-width: 736px) 100vw, 736px\" \/><\/div><\/div><\/div><\/p>\n","protected":false},"excerpt":{"rendered":"","protected":false},"author":3,"featured_media":0,"parent":1373,"menu_order":0,"comment_status":"closed","ping_status":"closed","template":"","meta":{"ngg_post_thumbnail":0},"acf":[],"_links":{"self":[{"href":"http:\/\/www.si-hr.eu\/en2\/wp-json\/wp\/v2\/pages\/1388"}],"collection":[{"href":"http:\/\/www.si-hr.eu\/en2\/wp-json\/wp\/v2\/pages"}],"about":[{"href":"http:\/\/www.si-hr.eu\/en2\/wp-json\/wp\/v2\/types\/page"}],"author":[{"embeddable":true,"href":"http:\/\/www.si-hr.eu\/en2\/wp-json\/wp\/v2\/users\/3"}],"replies":[{"embeddable":true,"href":"http:\/\/www.si-hr.eu\/en2\/wp-json\/wp\/v2\/comments?post=1388"}],"version-history":[{"count":1,"href":"http:\/\/www.si-hr.eu\/en2\/wp-json\/wp\/v2\/pages\/1388\/revisions"}],"predecessor-version":[{"id":1391,"href":"http:\/\/www.si-hr.eu\/en2\/wp-json\/wp\/v2\/pages\/1388\/revisions\/1391"}],"up":[{"embeddable":true,"href":"http:\/\/www.si-hr.eu\/en2\/wp-json\/wp\/v2\/pages\/1373"}],"wp:attachment":[{"href":"http:\/\/www.si-hr.eu\/en2\/wp-json\/wp\/v2\/media?parent=1388"}],"curies":[{"name":"wp","href":"https:\/\/api.w.org\/{rel}","templated":true}]}}