{"id":1534,"date":"2016-11-17T14:57:54","date_gmt":"2016-11-17T13:57:54","guid":{"rendered":"http:\/\/www.si-hr.eu\/en2\/?page_id=1534"},"modified":"2016-11-24T11:23:33","modified_gmt":"2016-11-24T10:23:33","slug":"cyab","status":"publish","type":"page","link":"http:\/\/www.si-hr.eu\/en2\/map\/cyab\/","title":{"rendered":"CYAB"},"content":{"rendered":"\n<style type=\"text\/css\" data-created_by=\"avia_inline_auto\" id=\"style-css-av-av_one_full-352b07ef7d3bc99b2e9f92e7a9e06bdb\">\n.flex_column.av-av_one_full-352b07ef7d3bc99b2e9f92e7a9e06bdb{\nborder-radius:0px 0px 0px 0px;\n-webkit-border-radius:0px 0px 0px 0px;\n-moz-border-radius:0px 0px 0px 0px;\n}\n<\/style>\n<div class='flex_column av-av_one_full-352b07ef7d3bc99b2e9f92e7a9e06bdb av_one_full  avia-builder-el-0  el_before_av_one_half  avia-builder-el-first  first flex_column_div av-zero-column-padding '   ><style type=\"text\/css\" data-created_by=\"avia_inline_auto\" id=\"style-css-av-av_heading-6f5ae9bf57be419e59feb21cfa2584ac\">\n#top .av-special-heading.av-av_heading-6f5ae9bf57be419e59feb21cfa2584ac{\npadding-bottom:10px;\n}\nbody .av-special-heading.av-av_heading-6f5ae9bf57be419e59feb21cfa2584ac .av-special-heading-tag .heading-char{\nfont-size:25px;\n}\n.av-special-heading.av-av_heading-6f5ae9bf57be419e59feb21cfa2584ac .av-subheading{\nfont-size:15px;\n}\n<\/style>\n<div  class='av-special-heading av-av_heading-6f5ae9bf57be419e59feb21cfa2584ac av-special-heading-h3 blockquote modern-quote modern-centered  avia-builder-el-1  avia-builder-el-no-sibling '><h3 class='av-special-heading-tag'  itemprop=\"headline\"  > ECONOMIC AND SOCIAL DEVELOPMENT<br \/>\nSOCIAL INTEGRATION<\/h3><div class=\"special-heading-border\"><div class=\"special-heading-inner-border\"><\/div><\/div><\/div><\/div>\n\n<style type=\"text\/css\" data-created_by=\"avia_inline_auto\" id=\"style-css-av-av_one_half-352b07ef7d3bc99b2e9f92e7a9e06bdb\">\n.flex_column.av-av_one_half-352b07ef7d3bc99b2e9f92e7a9e06bdb{\nborder-radius:0px 0px 0px 0px;\n-webkit-border-radius:0px 0px 0px 0px;\n-moz-border-radius:0px 0px 0px 0px;\n}\n<\/style>\n<div class='flex_column av-av_one_half-352b07ef7d3bc99b2e9f92e7a9e06bdb av_one_half  avia-builder-el-2  el_after_av_one_full  el_before_av_one_half  first flex_column_div av-zero-column-padding column-top-margin'   ><p>\n<style type=\"text\/css\" data-created_by=\"avia_inline_auto\" id=\"style-css-av-av_image-64fe28f56770c45e3897c3ccee6eaba6\">\n.avia-image-container.av-av_image-64fe28f56770c45e3897c3ccee6eaba6 .av-image-caption-overlay-center{\ncolor:#ffffff;\n}\n<\/style>\n<div  class='avia-image-container av-av_image-64fe28f56770c45e3897c3ccee6eaba6 av-styling- avia-align-center  avia-builder-el-3  el_before_av_textblock  avia-builder-el-first '  itemprop=\"image\" itemscope=\"itemscope\" itemtype=\"https:\/\/schema.org\/ImageObject\" ><div class=\"avia-image-container-inner\"><div class=\"avia-image-overlay-wrap\"><img decoding=\"async\" class='wp-image-1536 avia-img-lazy-loading-not-1536 avia_image' src=\"http:\/\/www.si-hr.eu\/en2\/wp-content\/uploads\/sites\/12\/2016\/11\/OMNPM-DMNPG-1030x685.jpg\" alt='' title='OMNPM DMNPG'  height=\"685\" width=\"1030\"  itemprop=\"thumbnailUrl\" srcset=\"http:\/\/www.si-hr.eu\/en2\/wp-content\/uploads\/sites\/12\/2016\/11\/OMNPM-DMNPG-1030x685.jpg 1030w, http:\/\/www.si-hr.eu\/en2\/wp-content\/uploads\/sites\/12\/2016\/11\/OMNPM-DMNPG-300x200.jpg 300w, http:\/\/www.si-hr.eu\/en2\/wp-content\/uploads\/sites\/12\/2016\/11\/OMNPM-DMNPG-600x399.jpg 600w, http:\/\/www.si-hr.eu\/en2\/wp-content\/uploads\/sites\/12\/2016\/11\/OMNPM-DMNPG-705x469.jpg 705w, http:\/\/www.si-hr.eu\/en2\/wp-content\/uploads\/sites\/12\/2016\/11\/OMNPM-DMNPG-450x299.jpg 450w, http:\/\/www.si-hr.eu\/en2\/wp-content\/uploads\/sites\/12\/2016\/11\/OMNPM-DMNPG.jpg 1070w\" sizes=\"(max-width: 1030px) 100vw, 1030px\" \/><\/div><\/div><\/div><br \/>\n<section  class='av_textblock_section av-av_textblock-0366cc7376be6c9e82a3e9cc8987b64f'  itemscope=\"itemscope\" itemtype=\"https:\/\/schema.org\/CreativeWork\" ><div class='avia_textblock'  itemprop=\"text\" ><p align=\"CENTER\"><b>CYAB<\/b><\/p>\n<\/div><\/section><br \/>\n<section  class='av_textblock_section av-av_textblock-0366cc7376be6c9e82a3e9cc8987b64f'  itemscope=\"itemscope\" itemtype=\"https:\/\/schema.org\/CreativeWork\" ><div class='avia_textblock'  itemprop=\"text\" ><p><i><b>Project summary <\/b><\/i><\/p>\n<p align=\"JUSTIFY\">Specific cross-borders objectives of the operation were: enhancing cooperation and the transfer of knowledge and good practice between Croatian and Slovenian organizations working with children, concerning antidiscrimination, child participation and cultural collaboration; promoting the exchange of children and activity leaders from Children&#8217;s councils, Croatian societies SND, and Slovenian associations ZPM, with the aim of networking and developing joint initiatives for enhancing the lives of children in border-region communities; enhancing integration of children into social activities; raising awareness of the local inhabitants on the importance of co-joined life in the region by excepting and respecting multiculturalism and human rights; enhancing the mobility of artists and cultural collaboration between Croatia and Slovenia; achieving new cultural services. Added value of the project was reflected in the developed partnerships and collaborations, as well as the transfer of knowledge and experience, through which human resources and social capital are developed. The project connected 39 civil society organizations in Croatia and Slovenia, and by jointly carrying out activities. The results had a larger impact and included a greater number of beneficiaries. The project contributed to the collaboration of the local community and Children&#8217;s councils, social integration of vulnerable groups of children and development of participation and active citizenship, which enhanced the satisfaction and efficiency of citizens in the region. Outputs of the campaign \u201e100 ljudi, 100 \u0107udi\u201c, were: 20 workshops for educators; 40 workshops for children and the youth; international camp \u201e100 ljudi, 100 \u0107udi\u201c; campaign slogan; 2 graffiti painted in public areas of 2 towns in the project region; slogan song produced; research on stereotypes and prejudices of children towards children of different nationalities, iconducted over 16 towns with the sample of 1.200 children; bilingual research report. Outputs of cultural exchange and collaboration activities were: one minute film revue and contest for film makers, with the selection of most original films; posters and invitations for the show; bilingual catalogue with films and authors; DVD with selected films; seminar on film movements of the nationalities in the region; children&#8217;s music festival in Vara\u017edin, along with the two-category contest; posters and a bilingual booklet about the festival; CD with the festival songs. Outputs of informing the target population and public on the project were: kick-off meeting; promotional material (bilingual banners, notebooks, pencils, folders); final report on the project; final conference on project results.<\/p>\n<\/div><\/section><\/p><\/div>\n<style type=\"text\/css\" data-created_by=\"avia_inline_auto\" id=\"style-css-av-av_one_half-2a64de42b738552fe666ca889af77e28\">\n.flex_column.av-av_one_half-2a64de42b738552fe666ca889af77e28{\nborder-radius:0px 0px 0px 0px;\n-webkit-border-radius:0px 0px 0px 0px;\n-moz-border-radius:0px 0px 0px 0px;\n}\n<\/style>\n<div class='flex_column av-av_one_half-2a64de42b738552fe666ca889af77e28 av_one_half  avia-builder-el-6  el_after_av_one_half  el_before_av_image  flex_column_div av-zero-column-padding column-top-margin'   ><section  class='av_textblock_section av-av_textblock-0366cc7376be6c9e82a3e9cc8987b64f'  itemscope=\"itemscope\" itemtype=\"https:\/\/schema.org\/CreativeWork\" ><div class='avia_textblock'  itemprop=\"text\" ><table border=\"1\" width=\"637\" cellspacing=\"0\" cellpadding=\"7\">\n<colgroup>\n<col width=\"191\" \/>\n<col width=\"416\" \/> <\/colgroup>\n<tbody>\n<tr>\n<td bgcolor=\"#f2f2f2\" width=\"191\" height=\"8\"><b>Project title<\/b><\/td>\n<td width=\"416\">Children and youth against borders<\/td>\n<\/tr>\n<tr>\n<td bgcolor=\"#f2f2f2\" width=\"191\" height=\"9\"><b>ERDF funds<\/b><\/td>\n<td width=\"416\">193.250,00 EUR<\/td>\n<\/tr>\n<tr>\n<td bgcolor=\"#f2f2f2\" width=\"191\" height=\"9\"><b>Project duration <\/b><\/p>\n<p><b>(month\/year \u2013 month\/year)<\/b><\/td>\n<td width=\"416\">01.04.2011. &#8211; 31.03.2013.<\/td>\n<\/tr>\n<tr>\n<td bgcolor=\"#f2f2f2\" width=\"191\" height=\"9\"><b>Lead partner<\/b><\/td>\n<td width=\"416\">Savez dru\u0161tava Na\u0161a djeca Hrvatske<\/td>\n<\/tr>\n<tr>\n<td bgcolor=\"#f2f2f2\" width=\"191\" height=\"9\"><b>Partners<\/b><\/td>\n<td width=\"416\">Zveza prijateljev mladine Slovenija<\/p>\n<p>Zveza prijateljev mladine Maribor<\/p>\n<p>Dru\u0161tvo Na\u0161a djeca Vara\u017edin<\/td>\n<\/tr>\n<tr>\n<td bgcolor=\"#f2f2f2\" width=\"191\" height=\"9\"><b>Regions involved<\/b><\/td>\n<td width=\"416\">\n<p lang=\"sl-SI\">SI: Podravska regija, Osrednjeslovenska regija<\/p>\n<p lang=\"sl-SI\" align=\"JUSTIFY\">HR: Vara\u017edinska \u017eupanija, Grad Zagreb<\/p>\n<\/td>\n<\/tr>\n<tr>\n<td bgcolor=\"#f2f2f2\" width=\"191\" height=\"8\"><b>Website<\/b><\/td>\n<td width=\"416\">\/<\/td>\n<\/tr>\n<\/tbody>\n<\/table>\n<\/div><\/section><br \/>\n<section  class='av_textblock_section av-av_textblock-0366cc7376be6c9e82a3e9cc8987b64f'  itemscope=\"itemscope\" itemtype=\"https:\/\/schema.org\/CreativeWork\" ><div class='avia_textblock'  itemprop=\"text\" ><p><i><b>Key results and performed activities <\/b><\/i><i>(quantitative results; max. 3 &#8211; 5)<\/i><\/p>\n<p align=\"JUSTIFY\">39 organizations of civil society participated within the project;<\/p>\n<p align=\"JUSTIFY\">34 educated leader-mentors;<\/p>\n<p align=\"JUSTIFY\">1659 slogans against discrimination conceived;<\/p>\n<p align=\"JUSTIFY\">2 graffiti with slogans painted in Zabok and Maribor;<\/p>\n<p align=\"JUSTIFY\">6026 children, youth and adults involved in the campaign.<\/p>\n<\/div><\/section><\/p><\/div>\n<style type=\"text\/css\" data-created_by=\"avia_inline_auto\" id=\"style-css-av-av_image-71943e07df6257b49827ba67043c107a\">\n.avia-image-container.av-av_image-71943e07df6257b49827ba67043c107a .av-image-caption-overlay-center{\ncolor:#ffffff;\n}\n<\/style>\n<div  class='avia-image-container av-av_image-71943e07df6257b49827ba67043c107a av-styling- avia-align-center  avia-builder-el-9  el_after_av_one_half  avia-builder-el-last '  itemprop=\"image\" itemscope=\"itemscope\" itemtype=\"https:\/\/schema.org\/ImageObject\" ><div class=\"avia-image-container-inner\"><div class=\"avia-image-overlay-wrap\"><img decoding=\"async\" class='wp-image-1535 avia-img-lazy-loading-not-1535 avia_image' src=\"http:\/\/www.si-hr.eu\/en2\/wp-content\/uploads\/sites\/12\/2016\/11\/OMNPM-DMNPG-logo-300x263.jpg\" alt='' title='OMNPM DMNPG logo'  height=\"263\" width=\"300\"  itemprop=\"thumbnailUrl\" srcset=\"http:\/\/www.si-hr.eu\/en2\/wp-content\/uploads\/sites\/12\/2016\/11\/OMNPM-DMNPG-logo-300x263.jpg 300w, http:\/\/www.si-hr.eu\/en2\/wp-content\/uploads\/sites\/12\/2016\/11\/OMNPM-DMNPG-logo-600x525.jpg 600w, http:\/\/www.si-hr.eu\/en2\/wp-content\/uploads\/sites\/12\/2016\/11\/OMNPM-DMNPG-logo-450x394.jpg 450w, http:\/\/www.si-hr.eu\/en2\/wp-content\/uploads\/sites\/12\/2016\/11\/OMNPM-DMNPG-logo.jpg 665w\" sizes=\"(max-width: 300px) 100vw, 300px\" \/><\/div><\/div><\/div><\/p>\n","protected":false},"excerpt":{"rendered":"","protected":false},"author":3,"featured_media":0,"parent":1373,"menu_order":0,"comment_status":"closed","ping_status":"closed","template":"","meta":{"ngg_post_thumbnail":0},"acf":[],"_links":{"self":[{"href":"http:\/\/www.si-hr.eu\/en2\/wp-json\/wp\/v2\/pages\/1534"}],"collection":[{"href":"http:\/\/www.si-hr.eu\/en2\/wp-json\/wp\/v2\/pages"}],"about":[{"href":"http:\/\/www.si-hr.eu\/en2\/wp-json\/wp\/v2\/types\/page"}],"author":[{"embeddable":true,"href":"http:\/\/www.si-hr.eu\/en2\/wp-json\/wp\/v2\/users\/3"}],"replies":[{"embeddable":true,"href":"http:\/\/www.si-hr.eu\/en2\/wp-json\/wp\/v2\/comments?post=1534"}],"version-history":[{"count":2,"href":"http:\/\/www.si-hr.eu\/en2\/wp-json\/wp\/v2\/pages\/1534\/revisions"}],"predecessor-version":[{"id":1668,"href":"http:\/\/www.si-hr.eu\/en2\/wp-json\/wp\/v2\/pages\/1534\/revisions\/1668"}],"up":[{"embeddable":true,"href":"http:\/\/www.si-hr.eu\/en2\/wp-json\/wp\/v2\/pages\/1373"}],"wp:attachment":[{"href":"http:\/\/www.si-hr.eu\/en2\/wp-json\/wp\/v2\/media?parent=1534"}],"curies":[{"name":"wp","href":"https:\/\/api.w.org\/{rel}","templated":true}]}}