{"id":1613,"date":"2016-11-23T15:21:24","date_gmt":"2016-11-23T14:21:24","guid":{"rendered":"http:\/\/www.si-hr.eu\/en2\/?page_id=1613"},"modified":"2016-11-23T15:21:24","modified_gmt":"2016-11-23T14:21:24","slug":"kamen-most","status":"publish","type":"page","link":"http:\/\/www.si-hr.eu\/en2\/map\/kamen-most\/","title":{"rendered":"KAMEN-MOST"},"content":{"rendered":"\n<style type=\"text\/css\" data-created_by=\"avia_inline_auto\" id=\"style-css-av-av_one_full-352b07ef7d3bc99b2e9f92e7a9e06bdb\">\n.flex_column.av-av_one_full-352b07ef7d3bc99b2e9f92e7a9e06bdb{\nborder-radius:0px 0px 0px 0px;\n-webkit-border-radius:0px 0px 0px 0px;\n-moz-border-radius:0px 0px 0px 0px;\n}\n<\/style>\n<div class='flex_column av-av_one_full-352b07ef7d3bc99b2e9f92e7a9e06bdb av_one_full  avia-builder-el-0  el_before_av_one_half  avia-builder-el-first  first flex_column_div av-zero-column-padding '   ><style type=\"text\/css\" data-created_by=\"avia_inline_auto\" id=\"style-css-av-av_heading-1a7722f2b0a81ef22b21ae7f59027c24\">\n#top .av-special-heading.av-av_heading-1a7722f2b0a81ef22b21ae7f59027c24{\npadding-bottom:10px;\n}\nbody .av-special-heading.av-av_heading-1a7722f2b0a81ef22b21ae7f59027c24 .av-special-heading-tag .heading-char{\nfont-size:25px;\n}\n.av-special-heading.av-av_heading-1a7722f2b0a81ef22b21ae7f59027c24 .av-subheading{\nfont-size:15px;\n}\n<\/style>\n<div  class='av-special-heading av-av_heading-1a7722f2b0a81ef22b21ae7f59027c24 av-special-heading-h3 blockquote modern-quote modern-centered  avia-builder-el-1  avia-builder-el-no-sibling '><h3 class='av-special-heading-tag'  itemprop=\"headline\"  >SUSTAINABLE NATURAL RESOURCES MANAGEMENT<br \/>\nPRESERVATION OF PROTECTED AREAS<\/h3><div class=\"special-heading-border\"><div class=\"special-heading-inner-border\"><\/div><\/div><\/div><\/div>\n<style type=\"text\/css\" data-created_by=\"avia_inline_auto\" id=\"style-css-av-av_one_half-352b07ef7d3bc99b2e9f92e7a9e06bdb\">\n.flex_column.av-av_one_half-352b07ef7d3bc99b2e9f92e7a9e06bdb{\nborder-radius:0px 0px 0px 0px;\n-webkit-border-radius:0px 0px 0px 0px;\n-moz-border-radius:0px 0px 0px 0px;\n}\n<\/style>\n<div class='flex_column av-av_one_half-352b07ef7d3bc99b2e9f92e7a9e06bdb av_one_half  avia-builder-el-2  el_after_av_one_full  el_before_av_one_half  first flex_column_div av-zero-column-padding column-top-margin'   ><p>\n<style type=\"text\/css\" data-created_by=\"avia_inline_auto\" id=\"style-css-av-av_image-f6f665c65398d550a907042f9d9f7c66\">\n.avia-image-container.av-av_image-f6f665c65398d550a907042f9d9f7c66 .av-image-caption-overlay-center{\ncolor:#ffffff;\n}\n<\/style>\n<div  class='avia-image-container av-av_image-f6f665c65398d550a907042f9d9f7c66 av-styling- avia-align-center  avia-builder-el-3  el_before_av_textblock  avia-builder-el-first '  itemprop=\"image\" itemscope=\"itemscope\" itemtype=\"https:\/\/schema.org\/ImageObject\" ><div class=\"avia-image-container-inner\"><div class=\"avia-image-overlay-wrap\"><img decoding=\"async\" class='wp-image-1615 avia-img-lazy-loading-not-1615 avia_image' src=\"http:\/\/www.si-hr.eu\/en2\/wp-content\/uploads\/sites\/12\/2016\/11\/KAMEN-MOST-1030x687.jpg\" alt='' title='KAMEN-MOST'  height=\"687\" width=\"1030\"  itemprop=\"thumbnailUrl\" srcset=\"http:\/\/www.si-hr.eu\/en2\/wp-content\/uploads\/sites\/12\/2016\/11\/KAMEN-MOST-1030x687.jpg 1030w, http:\/\/www.si-hr.eu\/en2\/wp-content\/uploads\/sites\/12\/2016\/11\/KAMEN-MOST-300x200.jpg 300w, http:\/\/www.si-hr.eu\/en2\/wp-content\/uploads\/sites\/12\/2016\/11\/KAMEN-MOST-600x400.jpg 600w, http:\/\/www.si-hr.eu\/en2\/wp-content\/uploads\/sites\/12\/2016\/11\/KAMEN-MOST-705x470.jpg 705w, http:\/\/www.si-hr.eu\/en2\/wp-content\/uploads\/sites\/12\/2016\/11\/KAMEN-MOST-450x300.jpg 450w, http:\/\/www.si-hr.eu\/en2\/wp-content\/uploads\/sites\/12\/2016\/11\/KAMEN-MOST.jpg 1437w\" sizes=\"(max-width: 1030px) 100vw, 1030px\" \/><\/div><\/div><\/div><br \/>\n<section  class='av_textblock_section av-av_textblock-0366cc7376be6c9e82a3e9cc8987b64f'  itemscope=\"itemscope\" itemtype=\"https:\/\/schema.org\/CreativeWork\" ><div class='avia_textblock'  itemprop=\"text\" ><p align=\"CENTER\"><b>KAMEN-MOST<\/b><\/p>\n<\/div><\/section><br \/>\n<section  class='av_textblock_section av-av_textblock-0366cc7376be6c9e82a3e9cc8987b64f'  itemscope=\"itemscope\" itemtype=\"https:\/\/schema.org\/CreativeWork\" ><div class='avia_textblock'  itemprop=\"text\" ><p align=\"JUSTIFY\"><i><b>Project summary <\/b><\/i><\/p>\n<p align=\"JUSTIFY\">Project partners have set up a continuous cooperation network based on sharing the know-how and experiences with preservation, protection and promotion of cultural heritage as regards quarries, stonecutting, fortification, and the building technique of stone walls typical for this project area. A sustainable educational network will be set up with several cross-border educational events organized with the purposes of sharing the knowledge of cultural heritage of stone to increase the added value of the stone cutting profession. For the preservation of the know-how we have systematically shared the building techniques, as well as the means of obtaining and processing the stone with the local population and interested public from both sides of the national border. In order to enhance the recognition of the stone cutting profession and this traditional craft existing on both sides of the border, we have developed a common visual image of the project, to organize cross-border events to promote the stone cutting craft, and to set up an exhibition. A greater visibility of the project\u2019s topics and awareness among people was achieved by organizing promotional events and workshops, displays of how to obtain and process the stone, setting up the educational path, and itineraries. Materials resulting from the project activities (publications such as catalogues, brochures, webpage, photo, video and audio materials etc.), which helped to increase the knowledge and awareness among people, and served as sustainable educational and informative tools after the project\u2019s end. The level of interest in traditional techniques of stone cutting and designing, as well as building stone walls among local population and visitors was enhanced by sharing the know-how at practical workshops, by visiting the educational paths, and attending other events. The transfer of knowledge and best practices enabled the tourist operators to add value to the existing tour packages or even to produce new ones to revitalize the offer.<\/p>\n<\/div><\/section><\/p><\/div>\n<style type=\"text\/css\" data-created_by=\"avia_inline_auto\" id=\"style-css-av-av_one_half-2a64de42b738552fe666ca889af77e28\">\n.flex_column.av-av_one_half-2a64de42b738552fe666ca889af77e28{\nborder-radius:0px 0px 0px 0px;\n-webkit-border-radius:0px 0px 0px 0px;\n-moz-border-radius:0px 0px 0px 0px;\n}\n<\/style>\n<div class='flex_column av-av_one_half-2a64de42b738552fe666ca889af77e28 av_one_half  avia-builder-el-6  el_after_av_one_half  el_before_av_image  flex_column_div av-zero-column-padding column-top-margin'   ><section  class='av_textblock_section av-av_textblock-0366cc7376be6c9e82a3e9cc8987b64f'  itemscope=\"itemscope\" itemtype=\"https:\/\/schema.org\/CreativeWork\" ><div class='avia_textblock'  itemprop=\"text\" ><table border=\"1\" width=\"637\" cellspacing=\"0\" cellpadding=\"7\">\n<colgroup>\n<col width=\"191\" \/>\n<col width=\"416\" \/> <\/colgroup>\n<tbody>\n<tr>\n<td bgcolor=\"#f2f2f2\" width=\"191\" height=\"8\"><b>Project title<\/b><\/td>\n<td width=\"416\">Stone of the Karst, Istria and Kvarner \u2013 Heritage Preservation and Traditional Techniques; Obtaining and Using Stone<\/td>\n<\/tr>\n<tr>\n<td bgcolor=\"#f2f2f2\" width=\"191\" height=\"9\"><b>ERDF funds<\/b><\/td>\n<td width=\"416\"><span lang=\"sl-SI\">277,518.61 EUR<\/span><\/td>\n<\/tr>\n<tr>\n<td bgcolor=\"#f2f2f2\" width=\"191\" height=\"9\"><b>Project duration <\/b><\/p>\n<p><b>(month\/year \u2013 month\/year)<\/b><\/td>\n<td width=\"416\"><span lang=\"sl-SI\">18.12.2013-17.9.2015 <\/span><\/td>\n<\/tr>\n<tr>\n<td bgcolor=\"#f2f2f2\" width=\"191\" height=\"9\"><b>Lead partner<\/b><\/td>\n<td width=\"416\">\n<p lang=\"sl-SI\" align=\"JUSTIFY\">Visoko\u0161olsko sredi\u0161\u010de Se\u017eana<\/p>\n<\/td>\n<\/tr>\n<tr>\n<td bgcolor=\"#f2f2f2\" width=\"191\" height=\"9\"><b>Partners<\/b><\/td>\n<td width=\"416\"><span style=\"color: #000000;\"><span lang=\"sl-SI\">Grad Mali Lo\u0161inj<br \/>\nAd Pirum &#8211; Zavod za intelektualne dejavnosti<br \/>\nJavna ustanova Nacionalni park Brijuni<br \/>\nUniverza na Primorskem, Fakulteta za turisti\u010dne \u0161tudije &#8211; Turistica<\/span><\/span><\/td>\n<\/tr>\n<tr>\n<td bgcolor=\"#f2f2f2\" width=\"191\" height=\"9\"><b>Regions involved<\/b><\/td>\n<td width=\"416\"><span lang=\"sl-SI\">SI: Obalno-kra\u0161ka, Osrednjeslovenska regija<\/span><\/p>\n<p lang=\"sl-SI\" align=\"JUSTIFY\">HR: Primorsko-goranska \u017eupanija, Istarska \u017eupanija<\/p>\n<\/td>\n<\/tr>\n<tr>\n<td bgcolor=\"#f2f2f2\" width=\"191\" height=\"6\"><b>Website<\/b><\/td>\n<td width=\"416\"><span lang=\"fr-FR\">SI: <\/span><span style=\"color: #0000ff;\"><u><a href=\"http:\/\/kamen-most.viviss.si\/\"><span lang=\"sl-SI\">http:\/\/kamen-most.viviss.si\/<\/span><\/a><\/u><\/span><\/td>\n<\/tr>\n<\/tbody>\n<\/table>\n<\/div><\/section><br \/>\n<section  class='av_textblock_section av-av_textblock-0366cc7376be6c9e82a3e9cc8987b64f'  itemscope=\"itemscope\" itemtype=\"https:\/\/schema.org\/CreativeWork\" ><div class='avia_textblock'  itemprop=\"text\" ><p align=\"JUSTIFY\"><i><b>Key results and performed activities <\/b><\/i><i>(quantitative results; max. 3 &#8211; 5)<\/i><\/p>\n<p align=\"JUSTIFY\">347 participants of workshops and recipients of the certificate of participation about the technique of stone building;<\/p>\n<p align=\"JUSTIFY\">1 established learning path with the renovation of a tunnel;<\/p>\n<p align=\"JUSTIFY\">118 tourist workers and experts on the stone cultural heritage;<\/p>\n<p align=\"JUSTIFY\">4 tourist itineraries.<\/p>\n<\/div><\/section><\/p><\/div>\n<style type=\"text\/css\" data-created_by=\"avia_inline_auto\" id=\"style-css-av-av_image-53f8b9ba08b83a860d20465b8ad65a32\">\n.avia-image-container.av-av_image-53f8b9ba08b83a860d20465b8ad65a32 .av-image-caption-overlay-center{\ncolor:#ffffff;\n}\n<\/style>\n<div  class='avia-image-container av-av_image-53f8b9ba08b83a860d20465b8ad65a32 av-styling- avia-align-center  avia-builder-el-9  el_after_av_one_half  avia-builder-el-last '  itemprop=\"image\" itemscope=\"itemscope\" itemtype=\"https:\/\/schema.org\/ImageObject\" ><div class=\"avia-image-container-inner\"><div class=\"avia-image-overlay-wrap\"><img decoding=\"async\" class='wp-image-1614 avia-img-lazy-loading-not-1614 avia_image' src=\"http:\/\/www.si-hr.eu\/en2\/wp-content\/uploads\/sites\/12\/2016\/11\/KAMEN-MOST-logo.png\" alt='' title='KAMEN-MOST logo'  height=\"43\" width=\"286\"  itemprop=\"thumbnailUrl\"  \/><\/div><\/div><\/div><\/p>\n","protected":false},"excerpt":{"rendered":"","protected":false},"author":3,"featured_media":0,"parent":1373,"menu_order":0,"comment_status":"closed","ping_status":"closed","template":"","meta":{"ngg_post_thumbnail":0},"acf":[],"_links":{"self":[{"href":"http:\/\/www.si-hr.eu\/en2\/wp-json\/wp\/v2\/pages\/1613"}],"collection":[{"href":"http:\/\/www.si-hr.eu\/en2\/wp-json\/wp\/v2\/pages"}],"about":[{"href":"http:\/\/www.si-hr.eu\/en2\/wp-json\/wp\/v2\/types\/page"}],"author":[{"embeddable":true,"href":"http:\/\/www.si-hr.eu\/en2\/wp-json\/wp\/v2\/users\/3"}],"replies":[{"embeddable":true,"href":"http:\/\/www.si-hr.eu\/en2\/wp-json\/wp\/v2\/comments?post=1613"}],"version-history":[{"count":1,"href":"http:\/\/www.si-hr.eu\/en2\/wp-json\/wp\/v2\/pages\/1613\/revisions"}],"predecessor-version":[{"id":1616,"href":"http:\/\/www.si-hr.eu\/en2\/wp-json\/wp\/v2\/pages\/1613\/revisions\/1616"}],"up":[{"embeddable":true,"href":"http:\/\/www.si-hr.eu\/en2\/wp-json\/wp\/v2\/pages\/1373"}],"wp:attachment":[{"href":"http:\/\/www.si-hr.eu\/en2\/wp-json\/wp\/v2\/media?parent=1613"}],"curies":[{"name":"wp","href":"https:\/\/api.w.org\/{rel}","templated":true}]}}