{"id":1654,"date":"2016-11-24T10:40:35","date_gmt":"2016-11-24T09:40:35","guid":{"rendered":"http:\/\/www.si-hr.eu\/en2\/?page_id=1654"},"modified":"2016-11-24T10:41:22","modified_gmt":"2016-11-24T09:41:22","slug":"rojstvo-evrope","status":"publish","type":"page","link":"http:\/\/www.si-hr.eu\/en2\/map\/rojstvo-evrope\/","title":{"rendered":"ROJSTVO EVROPE"},"content":{"rendered":"\n<style type=\"text\/css\" data-created_by=\"avia_inline_auto\" id=\"style-css-av-av_one_full-352b07ef7d3bc99b2e9f92e7a9e06bdb\">\n.flex_column.av-av_one_full-352b07ef7d3bc99b2e9f92e7a9e06bdb{\nborder-radius:0px 0px 0px 0px;\n-webkit-border-radius:0px 0px 0px 0px;\n-moz-border-radius:0px 0px 0px 0px;\n}\n<\/style>\n<div class='flex_column av-av_one_full-352b07ef7d3bc99b2e9f92e7a9e06bdb av_one_full  avia-builder-el-0  el_before_av_one_half  avia-builder-el-first  first flex_column_div av-zero-column-padding '   ><style type=\"text\/css\" data-created_by=\"avia_inline_auto\" id=\"style-css-av-av_heading-48a2a8a2ab7e03ed276cb9dc02c818c2\">\n#top .av-special-heading.av-av_heading-48a2a8a2ab7e03ed276cb9dc02c818c2{\npadding-bottom:10px;\n}\nbody .av-special-heading.av-av_heading-48a2a8a2ab7e03ed276cb9dc02c818c2 .av-special-heading-tag .heading-char{\nfont-size:25px;\n}\n.av-special-heading.av-av_heading-48a2a8a2ab7e03ed276cb9dc02c818c2 .av-subheading{\nfont-size:15px;\n}\n<\/style>\n<div  class='av-special-heading av-av_heading-48a2a8a2ab7e03ed276cb9dc02c818c2 av-special-heading-h3 blockquote modern-quote modern-centered  avia-builder-el-1  avia-builder-el-no-sibling '><h3 class='av-special-heading-tag'  itemprop=\"headline\"  >SUSTAINABLE MANAGEMENT OF NAATURAL RESOURCES<br \/>\nPRESERVATION OF PROTECTED AREAS<\/h3><div class=\"special-heading-border\"><div class=\"special-heading-inner-border\"><\/div><\/div><\/div><\/div>\n\n<style type=\"text\/css\" data-created_by=\"avia_inline_auto\" id=\"style-css-av-av_one_half-352b07ef7d3bc99b2e9f92e7a9e06bdb\">\n.flex_column.av-av_one_half-352b07ef7d3bc99b2e9f92e7a9e06bdb{\nborder-radius:0px 0px 0px 0px;\n-webkit-border-radius:0px 0px 0px 0px;\n-moz-border-radius:0px 0px 0px 0px;\n}\n<\/style>\n<div class='flex_column av-av_one_half-352b07ef7d3bc99b2e9f92e7a9e06bdb av_one_half  avia-builder-el-2  el_after_av_one_full  el_before_av_one_half  first flex_column_div av-zero-column-padding column-top-margin'   ><p>\n<style type=\"text\/css\" data-created_by=\"avia_inline_auto\" id=\"style-css-av-av_image-30564e59cb2d37de7aacbbb4bcccfc4c\">\n.avia-image-container.av-av_image-30564e59cb2d37de7aacbbb4bcccfc4c .av-image-caption-overlay-center{\ncolor:#ffffff;\n}\n<\/style>\n<div  class='avia-image-container av-av_image-30564e59cb2d37de7aacbbb4bcccfc4c av-styling- avia-align-center  avia-builder-el-3  el_before_av_textblock  avia-builder-el-first '  itemprop=\"image\" itemscope=\"itemscope\" itemtype=\"https:\/\/schema.org\/ImageObject\" ><div class=\"avia-image-container-inner\"><div class=\"avia-image-overlay-wrap\"><img decoding=\"async\" class='wp-image-1656 avia-img-lazy-loading-not-1656 avia_image' src=\"http:\/\/www.si-hr.eu\/en2\/wp-content\/uploads\/sites\/12\/2016\/11\/ROJSTVO-EVROPE-1030x557.jpg\" alt='' title='ROJSTVO EVROPE'  height=\"557\" width=\"1030\"  itemprop=\"thumbnailUrl\" srcset=\"http:\/\/www.si-hr.eu\/en2\/wp-content\/uploads\/sites\/12\/2016\/11\/ROJSTVO-EVROPE-1030x557.jpg 1030w, http:\/\/www.si-hr.eu\/en2\/wp-content\/uploads\/sites\/12\/2016\/11\/ROJSTVO-EVROPE-300x162.jpg 300w, http:\/\/www.si-hr.eu\/en2\/wp-content\/uploads\/sites\/12\/2016\/11\/ROJSTVO-EVROPE-600x324.jpg 600w, http:\/\/www.si-hr.eu\/en2\/wp-content\/uploads\/sites\/12\/2016\/11\/ROJSTVO-EVROPE-1500x811.jpg 1500w, http:\/\/www.si-hr.eu\/en2\/wp-content\/uploads\/sites\/12\/2016\/11\/ROJSTVO-EVROPE-705x381.jpg 705w, http:\/\/www.si-hr.eu\/en2\/wp-content\/uploads\/sites\/12\/2016\/11\/ROJSTVO-EVROPE-450x243.jpg 450w, http:\/\/www.si-hr.eu\/en2\/wp-content\/uploads\/sites\/12\/2016\/11\/ROJSTVO-EVROPE.jpg 2048w\" sizes=\"(max-width: 1030px) 100vw, 1030px\" \/><\/div><\/div><\/div><br \/>\n<section  class='av_textblock_section av-av_textblock-0366cc7376be6c9e82a3e9cc8987b64f'  itemscope=\"itemscope\" itemtype=\"https:\/\/schema.org\/CreativeWork\" ><div class='avia_textblock'  itemprop=\"text\" ><p align=\"CENTER\"><b>ROJSTVO EVROPE<\/b><\/p>\n<\/div><\/section><br \/>\n<section  class='av_textblock_section av-av_textblock-0366cc7376be6c9e82a3e9cc8987b64f'  itemscope=\"itemscope\" itemtype=\"https:\/\/schema.org\/CreativeWork\" ><div class='avia_textblock'  itemprop=\"text\" ><p><i><b>Project summary <\/b><\/i><\/p>\n<p align=\"JUSTIFY\">Specific cross-border objectives of the project were: the preservation and restoration of the archaeological heritage &#8211; An\u010dnikovo fortress above the village Juri\u0161njo on Pohorje, Rifnik in \u0160entjur near Celje, Ajdovski Gradec above Vranje near Sevnica, Kuzelin at Donja Glavnica, Aquae Iasae in Varazdinske Toplice; interpretation and popularization of the cultural heritage with archaeological research, interactive workshops and training in the field of heritage interpretation and experimental archeology for different target groups; the inclusion of modern forms and methods of heritage interpretation on archaeological sites &#8220;in situ&#8221;; linking partner sites and the exchange of experience and good practice (participation in events, workshops, lectures); implementation of thematic lectures and workshops (the preservation and protection of cultural heritage, experimental archeology, cultural tourism). The &#8220;Revived archaeological sites \u2013 contemporary interpretation of heritage as a foundation for cultural tourism&#8221;, establishes cross-border cultural integration of archaeological sites in the partner regions. With this concept, the project contributes to the creation of cross-border cultural products in the best possible way, and that is the main added value of cross-border dimension of the project. The project can be a model for the cross-border cooperation and it makes a significant contribution to the creation of cross-border cultural products. By connecting archaeological sites between the partners and influence the perception of the population in the regions partners of common history, cultural and natural heritage, there are significantly affects the long-term convergence and enhanced cooperation among the partner regions in the future.<\/p>\n<\/div><\/section><\/p><\/div>\n\n<style type=\"text\/css\" data-created_by=\"avia_inline_auto\" id=\"style-css-av-av_one_half-2a64de42b738552fe666ca889af77e28\">\n.flex_column.av-av_one_half-2a64de42b738552fe666ca889af77e28{\nborder-radius:0px 0px 0px 0px;\n-webkit-border-radius:0px 0px 0px 0px;\n-moz-border-radius:0px 0px 0px 0px;\n}\n<\/style>\n<div class='flex_column av-av_one_half-2a64de42b738552fe666ca889af77e28 av_one_half  avia-builder-el-6  el_after_av_one_half  el_before_av_image  flex_column_div av-zero-column-padding column-top-margin'   ><section  class='av_textblock_section av-av_textblock-0366cc7376be6c9e82a3e9cc8987b64f'  itemscope=\"itemscope\" itemtype=\"https:\/\/schema.org\/CreativeWork\" ><div class='avia_textblock'  itemprop=\"text\" ><table border=\"1\" width=\"637\" cellspacing=\"0\" cellpadding=\"7\">\n<colgroup>\n<col width=\"191\" \/>\n<col width=\"416\" \/> <\/colgroup>\n<tbody>\n<tr>\n<td bgcolor=\"#f2f2f2\" width=\"191\" height=\"8\"><b>Project title<\/b><\/td>\n<td width=\"416\">\n<p align=\"JUSTIFY\">Revived archaeological sites \u2013 contemporary interpretation of heritage as a foundation for cultural tourism<\/p>\n<\/td>\n<\/tr>\n<tr>\n<td bgcolor=\"#f2f2f2\" width=\"191\" height=\"9\"><b>ERDF funds<\/b><\/td>\n<td width=\"416\">423,625.24 EUR<\/td>\n<\/tr>\n<tr>\n<td bgcolor=\"#f2f2f2\" width=\"191\" height=\"9\"><b>Project duration <\/b><\/p>\n<p><b>(month\/year \u2013 month\/year)<\/b><\/td>\n<td width=\"416\">01.01.2014 &#8211; 19.09.2015<\/td>\n<\/tr>\n<tr>\n<td bgcolor=\"#f2f2f2\" width=\"191\" height=\"9\"><b>Lead partner<\/b><\/td>\n<td width=\"416\">Zavod za kulturo Slovenska Bistrica<\/td>\n<\/tr>\n<tr>\n<td bgcolor=\"#f2f2f2\" width=\"191\" height=\"9\"><b>Partners<\/b><\/td>\n<td width=\"416\">Razvojna agencija Kozjansko<\/p>\n<p>Javni zavod za kulturo, \u0161port, turizem in mladinske dejavnosti Sevnica<\/p>\n<p>Muzej Prigorja Sesvete<\/p>\n<p>Zavi\u010dajni muzej Vara\u017edinske Toplice<\/td>\n<\/tr>\n<tr>\n<td bgcolor=\"#f2f2f2\" width=\"191\" height=\"9\"><b>Regions involved<\/b><\/td>\n<td width=\"416\">SI: Podravska regija, Savinjska regija, Posavska regija<\/p>\n<p>CRO: Vara\u017edinska \u017eupanija, Grad Zagreb<\/td>\n<\/tr>\n<tr>\n<td bgcolor=\"#f2f2f2\" width=\"191\" height=\"8\"><b>Website<\/b><\/td>\n<td width=\"416\"><span lang=\"fr-FR\">SI: <\/span><span style=\"color: #0000ff;\"><u><a href=\"http:\/\/rojstvo-evrope.si\/\"><span lang=\"fr-FR\">http:\/\/rojstvo-evrope.si\/<\/span><\/a><\/u><\/span><\/p>\n<p><span lang=\"fr-FR\">CRO: <\/span><span style=\"color: #0000ff;\"><u><a href=\"http:\/\/rodenje-europe.com.hr\/\"><span lang=\"fr-FR\">http:\/\/rodenje-europe.com.hr\/<\/span><\/a><\/u><\/span><\/td>\n<\/tr>\n<\/tbody>\n<\/table>\n<\/div><\/section><br \/>\n<section  class='av_textblock_section av-av_textblock-0366cc7376be6c9e82a3e9cc8987b64f'  itemscope=\"itemscope\" itemtype=\"https:\/\/schema.org\/CreativeWork\" ><div class='avia_textblock'  itemprop=\"text\" ><p><i><b>Key results and performed activities <\/b><\/i><i>(quantitative results; max. 3 &#8211; 5)<\/i><\/p>\n<p>5 revitalized archaeological sites;<\/p>\n<p>2 expertly researched archaeological sites (one on the Slovenian and one on the Croatian side);<\/p>\n<p>17 conducted interactive experiential workshops;<\/p>\n<p>1 film on the promotion of the archaeological park;<\/p>\n<p>20 trained tourist guides and interpreters of heritage.<\/p>\n<\/div><\/section><\/p><\/div>\n<style type=\"text\/css\" data-created_by=\"avia_inline_auto\" id=\"style-css-av-av_image-c97562f374204850dd4c13b4d8c79e46\">\n.avia-image-container.av-av_image-c97562f374204850dd4c13b4d8c79e46 .av-image-caption-overlay-center{\ncolor:#ffffff;\n}\n<\/style>\n<div  class='avia-image-container av-av_image-c97562f374204850dd4c13b4d8c79e46 av-styling- avia-align-center  avia-builder-el-9  el_after_av_one_half  avia-builder-el-last '  itemprop=\"image\" itemscope=\"itemscope\" itemtype=\"https:\/\/schema.org\/ImageObject\" ><div class=\"avia-image-container-inner\"><div class=\"avia-image-overlay-wrap\"><img decoding=\"async\" class='wp-image-1655 avia-img-lazy-loading-not-1655 avia_image' src=\"http:\/\/www.si-hr.eu\/en2\/wp-content\/uploads\/sites\/12\/2016\/11\/ROJSTVO-EVROPE-logo-300x253.jpg\" alt='' title='ROJSTVO EVROPE logo'  height=\"253\" width=\"300\"  itemprop=\"thumbnailUrl\" srcset=\"http:\/\/www.si-hr.eu\/en2\/wp-content\/uploads\/sites\/12\/2016\/11\/ROJSTVO-EVROPE-logo-300x253.jpg 300w, http:\/\/www.si-hr.eu\/en2\/wp-content\/uploads\/sites\/12\/2016\/11\/ROJSTVO-EVROPE-logo-600x505.jpg 600w, http:\/\/www.si-hr.eu\/en2\/wp-content\/uploads\/sites\/12\/2016\/11\/ROJSTVO-EVROPE-logo-705x594.jpg 705w, http:\/\/www.si-hr.eu\/en2\/wp-content\/uploads\/sites\/12\/2016\/11\/ROJSTVO-EVROPE-logo-450x379.jpg 450w, http:\/\/www.si-hr.eu\/en2\/wp-content\/uploads\/sites\/12\/2016\/11\/ROJSTVO-EVROPE-logo.jpg 969w\" sizes=\"(max-width: 300px) 100vw, 300px\" \/><\/div><\/div><\/div><\/p>\n","protected":false},"excerpt":{"rendered":"","protected":false},"author":3,"featured_media":0,"parent":1373,"menu_order":0,"comment_status":"closed","ping_status":"closed","template":"","meta":{"ngg_post_thumbnail":0},"acf":[],"_links":{"self":[{"href":"http:\/\/www.si-hr.eu\/en2\/wp-json\/wp\/v2\/pages\/1654"}],"collection":[{"href":"http:\/\/www.si-hr.eu\/en2\/wp-json\/wp\/v2\/pages"}],"about":[{"href":"http:\/\/www.si-hr.eu\/en2\/wp-json\/wp\/v2\/types\/page"}],"author":[{"embeddable":true,"href":"http:\/\/www.si-hr.eu\/en2\/wp-json\/wp\/v2\/users\/3"}],"replies":[{"embeddable":true,"href":"http:\/\/www.si-hr.eu\/en2\/wp-json\/wp\/v2\/comments?post=1654"}],"version-history":[{"count":2,"href":"http:\/\/www.si-hr.eu\/en2\/wp-json\/wp\/v2\/pages\/1654\/revisions"}],"predecessor-version":[{"id":1658,"href":"http:\/\/www.si-hr.eu\/en2\/wp-json\/wp\/v2\/pages\/1654\/revisions\/1658"}],"up":[{"embeddable":true,"href":"http:\/\/www.si-hr.eu\/en2\/wp-json\/wp\/v2\/pages\/1373"}],"wp:attachment":[{"href":"http:\/\/www.si-hr.eu\/en2\/wp-json\/wp\/v2\/media?parent=1654"}],"curies":[{"name":"wp","href":"https:\/\/api.w.org\/{rel}","templated":true}]}}