{"id":1737,"date":"2016-11-25T14:27:47","date_gmt":"2016-11-25T13:27:47","guid":{"rendered":"http:\/\/www.si-hr.eu\/en2\/?page_id=1737"},"modified":"2016-11-25T14:27:47","modified_gmt":"2016-11-25T13:27:47","slug":"rokic-drom","status":"publish","type":"page","link":"http:\/\/www.si-hr.eu\/en2\/map\/rokic-drom\/","title":{"rendered":"ROKIC-DROM"},"content":{"rendered":"\n<style type=\"text\/css\" data-created_by=\"avia_inline_auto\" id=\"style-css-av-av_one_full-352b07ef7d3bc99b2e9f92e7a9e06bdb\">\n.flex_column.av-av_one_full-352b07ef7d3bc99b2e9f92e7a9e06bdb{\nborder-radius:0px 0px 0px 0px;\n-webkit-border-radius:0px 0px 0px 0px;\n-moz-border-radius:0px 0px 0px 0px;\n}\n<\/style>\n<div class='flex_column av-av_one_full-352b07ef7d3bc99b2e9f92e7a9e06bdb av_one_full  avia-builder-el-0  el_before_av_one_half  avia-builder-el-first  first flex_column_div av-zero-column-padding '   ><style type=\"text\/css\" data-created_by=\"avia_inline_auto\" id=\"style-css-av-av_heading-fae21937274beb8f898977c0339d6876\">\n#top .av-special-heading.av-av_heading-fae21937274beb8f898977c0339d6876{\npadding-bottom:10px;\n}\nbody .av-special-heading.av-av_heading-fae21937274beb8f898977c0339d6876 .av-special-heading-tag .heading-char{\nfont-size:25px;\n}\n.av-special-heading.av-av_heading-fae21937274beb8f898977c0339d6876 .av-subheading{\nfont-size:15px;\n}\n<\/style>\n<div  class='av-special-heading av-av_heading-fae21937274beb8f898977c0339d6876 av-special-heading-h3 blockquote modern-quote modern-centered  avia-builder-el-1  avia-builder-el-no-sibling '><h3 class='av-special-heading-tag'  itemprop=\"headline\"  >ECONOMIC AND SOCIAL DEVELOPMENT<br \/>\nTOURISM AND COUNTRYSIDE DEVELOPMENT<\/h3><div class=\"special-heading-border\"><div class=\"special-heading-inner-border\"><\/div><\/div><\/div><\/div>\n<style type=\"text\/css\" data-created_by=\"avia_inline_auto\" id=\"style-css-av-av_one_half-352b07ef7d3bc99b2e9f92e7a9e06bdb\">\n.flex_column.av-av_one_half-352b07ef7d3bc99b2e9f92e7a9e06bdb{\nborder-radius:0px 0px 0px 0px;\n-webkit-border-radius:0px 0px 0px 0px;\n-moz-border-radius:0px 0px 0px 0px;\n}\n<\/style>\n<div class='flex_column av-av_one_half-352b07ef7d3bc99b2e9f92e7a9e06bdb av_one_half  avia-builder-el-2  el_after_av_one_full  el_before_av_one_half  first flex_column_div av-zero-column-padding column-top-margin'   ><p>\n<style type=\"text\/css\" data-created_by=\"avia_inline_auto\" id=\"style-css-av-av_image-6879e0e6785e205cccaa673771b300a0\">\n.avia-image-container.av-av_image-6879e0e6785e205cccaa673771b300a0 .av-image-caption-overlay-center{\ncolor:#ffffff;\n}\n<\/style>\n<div  class='avia-image-container av-av_image-6879e0e6785e205cccaa673771b300a0 av-styling- avia-align-center  avia-builder-el-3  el_before_av_textblock  avia-builder-el-first '  itemprop=\"image\" itemscope=\"itemscope\" itemtype=\"https:\/\/schema.org\/ImageObject\" ><div class=\"avia-image-container-inner\"><div class=\"avia-image-overlay-wrap\"><img decoding=\"async\" class='wp-image-1739 avia-img-lazy-loading-not-1739 avia_image' src=\"http:\/\/www.si-hr.eu\/en2\/wp-content\/uploads\/sites\/12\/2016\/11\/ROKIC-DROM-1030x688.jpg\" alt='' title='ROKIC-DROM'  height=\"688\" width=\"1030\"  itemprop=\"thumbnailUrl\" srcset=\"http:\/\/www.si-hr.eu\/en2\/wp-content\/uploads\/sites\/12\/2016\/11\/ROKIC-DROM-1030x688.jpg 1030w, http:\/\/www.si-hr.eu\/en2\/wp-content\/uploads\/sites\/12\/2016\/11\/ROKIC-DROM-300x200.jpg 300w, http:\/\/www.si-hr.eu\/en2\/wp-content\/uploads\/sites\/12\/2016\/11\/ROKIC-DROM-600x401.jpg 600w, http:\/\/www.si-hr.eu\/en2\/wp-content\/uploads\/sites\/12\/2016\/11\/ROKIC-DROM-705x471.jpg 705w, http:\/\/www.si-hr.eu\/en2\/wp-content\/uploads\/sites\/12\/2016\/11\/ROKIC-DROM-450x300.jpg 450w, http:\/\/www.si-hr.eu\/en2\/wp-content\/uploads\/sites\/12\/2016\/11\/ROKIC-DROM.jpg 1432w\" sizes=\"(max-width: 1030px) 100vw, 1030px\" \/><\/div><\/div><\/div><br \/>\n<section  class='av_textblock_section av-av_textblock-0366cc7376be6c9e82a3e9cc8987b64f'  itemscope=\"itemscope\" itemtype=\"https:\/\/schema.org\/CreativeWork\" ><div class='avia_textblock'  itemprop=\"text\" ><p align=\"CENTER\"><b>ROKIC-DROM<\/b><\/p>\n<\/div><\/section><br \/>\n<section  class='av_textblock_section av-av_textblock-0366cc7376be6c9e82a3e9cc8987b64f'  itemscope=\"itemscope\" itemtype=\"https:\/\/schema.org\/CreativeWork\" ><div class='avia_textblock'  itemprop=\"text\" ><p align=\"JUSTIFY\"><i><b>Project summary <\/b><\/i><\/p>\n<p align=\"JUSTIFY\">The general cross-borders objectives of the project were: to promote the long-term natural tourism, built on the cross-border cultural identity and the cultural values, with the aim to expand the tourist season, and to enlarge the income for the local inhabitants, especially in the rural area. Specific cross-borders objectives of the project were: to enrich tourist services of the cross-border region with a new, innovative integral Roma cultural-tourist product; to offer to the members of the Roma ethnic minority indispensable tools of \u201ehelp for self-help\u201c, to activate endogenous creative potentials of the Roma and the richness of the Roma cultural heritage for their personal development and the development of the Roma collective as a whole; to stimulate the development of Roma social entrepreneurship adjusted to the specifics of Roma lifestyle, Roma culture and values; to establish a cross-border Roma cultural-tourist developmental partnership and a common Roma cultural-tourist-information infrastructure; by using planned media promotion of positive events in the lives of Roma, we have contributed to the elimination of negative stereotypes, and the a prior declining attitude of the major part of the dominant population towards the Roma population, as well as to the acceptance of diversity, the stimulation of tolerance, the prevention of discrimination and multicultural dialogue. The added value of the project is seen in the enrichment of the cultural offer. In this way, the project has significantly helped to activate and optimally commercialize the evident, unidentified human potentials of the cross-borders area.<\/p>\n<\/div><\/section><\/p><\/div>\n<style type=\"text\/css\" data-created_by=\"avia_inline_auto\" id=\"style-css-av-av_one_half-2a64de42b738552fe666ca889af77e28\">\n.flex_column.av-av_one_half-2a64de42b738552fe666ca889af77e28{\nborder-radius:0px 0px 0px 0px;\n-webkit-border-radius:0px 0px 0px 0px;\n-moz-border-radius:0px 0px 0px 0px;\n}\n<\/style>\n<div class='flex_column av-av_one_half-2a64de42b738552fe666ca889af77e28 av_one_half  avia-builder-el-6  el_after_av_one_half  el_before_av_image  flex_column_div av-zero-column-padding column-top-margin'   ><section  class='av_textblock_section av-av_textblock-0366cc7376be6c9e82a3e9cc8987b64f'  itemscope=\"itemscope\" itemtype=\"https:\/\/schema.org\/CreativeWork\" ><div class='avia_textblock'  itemprop=\"text\" ><table border=\"1\" width=\"637\" cellspacing=\"0\" cellpadding=\"7\">\n<colgroup>\n<col width=\"191\" \/>\n<col width=\"416\" \/> <\/colgroup>\n<tbody>\n<tr>\n<td bgcolor=\"#f2f2f2\" width=\"191\" height=\"8\"><b>Project title<\/b><\/td>\n<td width=\"416\">\n<p align=\"JUSTIFY\">Establishment of cross-border Roma cultural-tourist transversal: \u201eDROM\u201c and development and promotion of the integral Roma cultural-tourist product<\/p>\n<\/td>\n<\/tr>\n<tr>\n<td bgcolor=\"#f2f2f2\" width=\"191\" height=\"9\"><b>ERDF funds<\/b><\/td>\n<td width=\"416\"><span lang=\"en-GB\">499,526.66<\/span><b> <\/b><span lang=\"sl-SI\">EUR<\/span><\/td>\n<\/tr>\n<tr>\n<td bgcolor=\"#f2f2f2\" width=\"191\" height=\"9\"><b>Project duration <\/b><\/p>\n<p><b>(month\/year \u2013 month\/year)<\/b><\/td>\n<td width=\"416\">\n<p lang=\"sl-SI\">10.7.2009-10.3.2012<\/p>\n<\/td>\n<\/tr>\n<tr>\n<td bgcolor=\"#f2f2f2\" width=\"191\" height=\"9\"><b>Lead partner<\/b><\/td>\n<td width=\"416\">\n<p lang=\"sl-SI\" align=\"JUSTIFY\">Ob\u010dina \u010cre\u0161novci<\/p>\n<\/td>\n<\/tr>\n<tr>\n<td bgcolor=\"#f2f2f2\" width=\"191\" height=\"9\"><b>Partners<\/b><\/td>\n<td width=\"416\">\n<p lang=\"sl-SI\"><span style=\"color: #000000;\">Op\u0107ina Orehovica<\/span><\/p>\n<p lang=\"sl-SI\"><span style=\"color: #000000;\">Univerza v Ljubljani<\/span><\/p>\n<p lang=\"sl-SI\"><span style=\"color: #000000;\">\u00bbRomano Pejtau\u0161ago\u00ab &#8211; Romsko dru\u0161tvo Kamenci<\/span><\/p>\n<p lang=\"sl-SI\"><span style=\"color: #000000;\">\u00bbMisija *s\u00ab &#8211; Dru\u0161tvo za trajnostni razvoj Pomurja<\/span><\/p>\n<\/td>\n<\/tr>\n<tr>\n<td bgcolor=\"#f2f2f2\" width=\"191\" height=\"9\"><b>Regions involved<\/b><\/td>\n<td width=\"416\">\n<p lang=\"sl-SI\">SI: Pomurska regija, Osrednjeslovenska regija<\/p>\n<p lang=\"sl-SI\" align=\"JUSTIFY\">HR: Me\u0111imurska \u017eupanija<\/p>\n<\/td>\n<\/tr>\n<tr>\n<td bgcolor=\"#f2f2f2\" width=\"191\" height=\"8\"><b>Website<\/b><\/td>\n<td width=\"416\">\n<p lang=\"sl-SI\">\/<\/p>\n<\/td>\n<\/tr>\n<\/tbody>\n<\/table>\n<\/div><\/section><br \/>\n<section  class='av_textblock_section av-av_textblock-0366cc7376be6c9e82a3e9cc8987b64f'  itemscope=\"itemscope\" itemtype=\"https:\/\/schema.org\/CreativeWork\" ><div class='avia_textblock'  itemprop=\"text\" ><p align=\"JUSTIFY\"><i><b>Key results and performed activities <\/b><\/i><i>(quantitative results; max. 3 &#8211; 5)<\/i><\/p>\n<p align=\"JUSTIFY\">3 new pilot Roma cultural tourist products;<\/p>\n<p align=\"JUSTIFY\">1 Roma culture-informational center;<\/p>\n<p align=\"JUSTIFY\">1 shared cross-border Roma touristic structure;<\/p>\n<p align=\"JUSTIFY\">2 established cross-border info points;<\/p>\n<p align=\"JUSTIFY\">30 members of the cross-border Roma cultural-tourist development partnership;<\/p>\n<p align=\"JUSTIFY\">4 shared cross-border Roma cultural-tourist events;<\/p>\n<p align=\"JUSTIFY\">more than 1,000 visitors at the events.<\/p>\n<\/div><\/section><\/p><\/div>\n<style type=\"text\/css\" data-created_by=\"avia_inline_auto\" id=\"style-css-av-av_image-c088d3fcba670e794a8c1cbb363e420d\">\n.avia-image-container.av-av_image-c088d3fcba670e794a8c1cbb363e420d .av-image-caption-overlay-center{\ncolor:#ffffff;\n}\n<\/style>\n<div  class='avia-image-container av-av_image-c088d3fcba670e794a8c1cbb363e420d av-styling- avia-align-center  avia-builder-el-9  el_after_av_one_half  avia-builder-el-last '  itemprop=\"image\" itemscope=\"itemscope\" itemtype=\"https:\/\/schema.org\/ImageObject\" ><div class=\"avia-image-container-inner\"><div class=\"avia-image-overlay-wrap\"><img decoding=\"async\" class='wp-image-1738 avia-img-lazy-loading-not-1738 avia_image' src=\"http:\/\/www.si-hr.eu\/en2\/wp-content\/uploads\/sites\/12\/2016\/11\/ROKIC-DROM-logo-199x300.jpg\" alt='' title='ROKIC-DROM logo'  height=\"300\" width=\"199\"  itemprop=\"thumbnailUrl\" srcset=\"http:\/\/www.si-hr.eu\/en2\/wp-content\/uploads\/sites\/12\/2016\/11\/ROKIC-DROM-logo-199x300.jpg 199w, http:\/\/www.si-hr.eu\/en2\/wp-content\/uploads\/sites\/12\/2016\/11\/ROKIC-DROM-logo-468x705.jpg 468w, http:\/\/www.si-hr.eu\/en2\/wp-content\/uploads\/sites\/12\/2016\/11\/ROKIC-DROM-logo-450x678.jpg 450w, http:\/\/www.si-hr.eu\/en2\/wp-content\/uploads\/sites\/12\/2016\/11\/ROKIC-DROM-logo.jpg 472w\" sizes=\"(max-width: 199px) 100vw, 199px\" \/><\/div><\/div><\/div><\/p>\n","protected":false},"excerpt":{"rendered":"","protected":false},"author":3,"featured_media":0,"parent":1373,"menu_order":0,"comment_status":"closed","ping_status":"closed","template":"","meta":{"ngg_post_thumbnail":0},"acf":[],"_links":{"self":[{"href":"http:\/\/www.si-hr.eu\/en2\/wp-json\/wp\/v2\/pages\/1737"}],"collection":[{"href":"http:\/\/www.si-hr.eu\/en2\/wp-json\/wp\/v2\/pages"}],"about":[{"href":"http:\/\/www.si-hr.eu\/en2\/wp-json\/wp\/v2\/types\/page"}],"author":[{"embeddable":true,"href":"http:\/\/www.si-hr.eu\/en2\/wp-json\/wp\/v2\/users\/3"}],"replies":[{"embeddable":true,"href":"http:\/\/www.si-hr.eu\/en2\/wp-json\/wp\/v2\/comments?post=1737"}],"version-history":[{"count":1,"href":"http:\/\/www.si-hr.eu\/en2\/wp-json\/wp\/v2\/pages\/1737\/revisions"}],"predecessor-version":[{"id":1740,"href":"http:\/\/www.si-hr.eu\/en2\/wp-json\/wp\/v2\/pages\/1737\/revisions\/1740"}],"up":[{"embeddable":true,"href":"http:\/\/www.si-hr.eu\/en2\/wp-json\/wp\/v2\/pages\/1373"}],"wp:attachment":[{"href":"http:\/\/www.si-hr.eu\/en2\/wp-json\/wp\/v2\/media?parent=1737"}],"curies":[{"name":"wp","href":"https:\/\/api.w.org\/{rel}","templated":true}]}}