{"id":1764,"date":"2016-11-25T15:53:21","date_gmt":"2016-11-25T14:53:21","guid":{"rendered":"http:\/\/www.si-hr.eu\/en2\/?page_id=1764"},"modified":"2016-11-25T15:53:21","modified_gmt":"2016-11-25T14:53:21","slug":"interino","status":"publish","type":"page","link":"http:\/\/www.si-hr.eu\/en2\/map\/interino\/","title":{"rendered":"INTERINO"},"content":{"rendered":"\n<style type=\"text\/css\" data-created_by=\"avia_inline_auto\" id=\"style-css-av-av_one_full-352b07ef7d3bc99b2e9f92e7a9e06bdb\">\n.flex_column.av-av_one_full-352b07ef7d3bc99b2e9f92e7a9e06bdb{\nborder-radius:0px 0px 0px 0px;\n-webkit-border-radius:0px 0px 0px 0px;\n-moz-border-radius:0px 0px 0px 0px;\n}\n<\/style>\n<div class='flex_column av-av_one_full-352b07ef7d3bc99b2e9f92e7a9e06bdb av_one_full  avia-builder-el-0  el_before_av_one_half  avia-builder-el-first  first flex_column_div av-zero-column-padding '   ><style type=\"text\/css\" data-created_by=\"avia_inline_auto\" id=\"style-css-av-av_heading-6270d89dc18efe808324dc27839f1ab2\">\n#top .av-special-heading.av-av_heading-6270d89dc18efe808324dc27839f1ab2{\npadding-bottom:10px;\n}\nbody .av-special-heading.av-av_heading-6270d89dc18efe808324dc27839f1ab2 .av-special-heading-tag .heading-char{\nfont-size:25px;\n}\n.av-special-heading.av-av_heading-6270d89dc18efe808324dc27839f1ab2 .av-subheading{\nfont-size:15px;\n}\n<\/style>\n<div  class='av-special-heading av-av_heading-6270d89dc18efe808324dc27839f1ab2 av-special-heading-h3 blockquote modern-quote modern-centered  avia-builder-el-1  avia-builder-el-no-sibling '><h3 class='av-special-heading-tag'  itemprop=\"headline\"  >ECONOMIC AND SOCIAL DEVELOPMENT<br \/>\nDEVELOPMENT OF ENTREPRENEURSHIP<\/h3><div class=\"special-heading-border\"><div class=\"special-heading-inner-border\"><\/div><\/div><\/div><\/div>\n<style type=\"text\/css\" data-created_by=\"avia_inline_auto\" id=\"style-css-av-av_one_half-352b07ef7d3bc99b2e9f92e7a9e06bdb\">\n.flex_column.av-av_one_half-352b07ef7d3bc99b2e9f92e7a9e06bdb{\nborder-radius:0px 0px 0px 0px;\n-webkit-border-radius:0px 0px 0px 0px;\n-moz-border-radius:0px 0px 0px 0px;\n}\n<\/style>\n<div class='flex_column av-av_one_half-352b07ef7d3bc99b2e9f92e7a9e06bdb av_one_half  avia-builder-el-2  el_after_av_one_full  el_before_av_one_half  first flex_column_div av-zero-column-padding column-top-margin'   ><p>\n<style type=\"text\/css\" data-created_by=\"avia_inline_auto\" id=\"style-css-av-av_image-0cd0c49f5c237546d5bcd9c939e64990\">\n.avia-image-container.av-av_image-0cd0c49f5c237546d5bcd9c939e64990 .av-image-caption-overlay-center{\ncolor:#ffffff;\n}\n<\/style>\n<div  class='avia-image-container av-av_image-0cd0c49f5c237546d5bcd9c939e64990 av-styling- avia-align-center  avia-builder-el-3  el_before_av_textblock  avia-builder-el-first '  itemprop=\"image\" itemscope=\"itemscope\" itemtype=\"https:\/\/schema.org\/ImageObject\" ><div class=\"avia-image-container-inner\"><div class=\"avia-image-overlay-wrap\"><img decoding=\"async\" class='wp-image-1766 avia-img-lazy-loading-not-1766 avia_image' src=\"http:\/\/www.si-hr.eu\/en2\/wp-content\/uploads\/sites\/12\/2016\/11\/INTERINO.jpg\" alt='' title='INTERINO'  height=\"600\" width=\"800\"  itemprop=\"thumbnailUrl\" srcset=\"http:\/\/www.si-hr.eu\/en2\/wp-content\/uploads\/sites\/12\/2016\/11\/INTERINO.jpg 800w, http:\/\/www.si-hr.eu\/en2\/wp-content\/uploads\/sites\/12\/2016\/11\/INTERINO-300x225.jpg 300w, http:\/\/www.si-hr.eu\/en2\/wp-content\/uploads\/sites\/12\/2016\/11\/INTERINO-600x450.jpg 600w, http:\/\/www.si-hr.eu\/en2\/wp-content\/uploads\/sites\/12\/2016\/11\/INTERINO-705x529.jpg 705w, http:\/\/www.si-hr.eu\/en2\/wp-content\/uploads\/sites\/12\/2016\/11\/INTERINO-450x338.jpg 450w\" sizes=\"(max-width: 800px) 100vw, 800px\" \/><\/div><\/div><\/div><br \/>\n<section  class='av_textblock_section av-av_textblock-0366cc7376be6c9e82a3e9cc8987b64f'  itemscope=\"itemscope\" itemtype=\"https:\/\/schema.org\/CreativeWork\" ><div class='avia_textblock'  itemprop=\"text\" ><p lang=\"sl-SI\" align=\"CENTER\"><b>INTERINO<\/b><\/p>\n<\/div><\/section><br \/>\n<section  class='av_textblock_section av-av_textblock-0366cc7376be6c9e82a3e9cc8987b64f'  itemscope=\"itemscope\" itemtype=\"https:\/\/schema.org\/CreativeWork\" ><div class='avia_textblock'  itemprop=\"text\" ><p><i><b>Project summary <\/b><\/i><\/p>\n<p align=\"JUSTIFY\">Specific cross-border objectives of the operation were: the encouragement of entrepreneurship culture, the foundation of new companies in the cross-border area and transfer of knowledge from academic sphere to economy. Besides that, the new services were developed by the project partners, to improve the services of university incubators, technology parks and development agencies, for the purpose of implementing their mission. Concrete tasks and activities for the achievement of the objectives were divided into 6 work packages. Work package number 1: Administration and management of the operation; Work package number 2: Program for establishment of new companies: identification, support and promotion of the best new established companies in the cross-border area; Work package number 3: A program for existing small and medium companies: construction of a web environment for matchmaking between R&amp;D units and SME; Work package number 4: Innovation school \u2013 I. school: education for growth and development of SME; Work package number 5: Development activities of partners: bench learning and implementation of pilot actions; Work package number 6: Information about the whole operation. The project includes 4 main sets of activities to reach the mentioned objectives. The first set of activities is designed to promote entrepreneur culture and encourage the foundation of new knowledge based companies. Second set aims to establish an overview of R&amp;D institution competences to encourage the collaboration of SME and other enterprises with R&amp;D institutions. This third set of activities includes common planning ad common cross-border integration of new methodology of collaboration, between academic world and the economy, the so called innovation school \u2013i.school. The last set of activities is intended to develop new services for project partners to improve cross-border entrepreneur supportive environment.<\/p>\n<\/div><\/section><\/p><\/div>\n<style type=\"text\/css\" data-created_by=\"avia_inline_auto\" id=\"style-css-av-av_one_half-2a64de42b738552fe666ca889af77e28\">\n.flex_column.av-av_one_half-2a64de42b738552fe666ca889af77e28{\nborder-radius:0px 0px 0px 0px;\n-webkit-border-radius:0px 0px 0px 0px;\n-moz-border-radius:0px 0px 0px 0px;\n}\n<\/style>\n<div class='flex_column av-av_one_half-2a64de42b738552fe666ca889af77e28 av_one_half  avia-builder-el-6  el_after_av_one_half  el_before_av_image  flex_column_div av-zero-column-padding column-top-margin'   ><section  class='av_textblock_section av-av_textblock-0366cc7376be6c9e82a3e9cc8987b64f'  itemscope=\"itemscope\" itemtype=\"https:\/\/schema.org\/CreativeWork\" ><div class='avia_textblock'  itemprop=\"text\" ><table border=\"1\" width=\"637\" cellspacing=\"0\" cellpadding=\"7\">\n<colgroup>\n<col width=\"200\" \/>\n<col width=\"407\" \/> <\/colgroup>\n<tbody>\n<tr>\n<td bgcolor=\"#f2f2f2\" width=\"200\" height=\"8\"><b>Project title<\/b><\/td>\n<td width=\"407\">\n<p align=\"JUSTIFY\">Crossboarder Integration of Knowledge, Competences and Innovation<\/p>\n<\/td>\n<\/tr>\n<tr>\n<td bgcolor=\"#f2f2f2\" width=\"200\" height=\"9\"><b>ERDF funds<\/b><\/td>\n<td width=\"407\">677,570.06 EUR<\/td>\n<\/tr>\n<tr>\n<td bgcolor=\"#f2f2f2\" width=\"200\" height=\"9\"><b>Project duration <\/b><\/p>\n<p><b>(month\/year \u2013 month\/year)<\/b><\/td>\n<td width=\"407\">\n<p lang=\"fr-FR\">1.4.2011-31.3.2013<\/p>\n<\/td>\n<\/tr>\n<tr>\n<td bgcolor=\"#f2f2f2\" width=\"200\" height=\"9\"><b>Lead partner<\/b><\/td>\n<td width=\"407\">\n<p lang=\"de-DE\">UIP Univerzitetni razvojni center in incubator Primorske d.o.o.<\/p>\n<\/td>\n<\/tr>\n<tr>\n<td bgcolor=\"#f2f2f2\" width=\"200\" height=\"9\"><b>P<\/b><b>artners<\/b><\/td>\n<td width=\"407\">\n<p lang=\"de-DE\">IRP In\u0161titut za raziskovanje podjetni\u0161tva<\/p>\n<p lang=\"de-DE\">Tehnolo\u0161ki park Ljubljana d.o.o.<\/p>\n<p lang=\"de-DE\">Pomurski tehnolo\u0161ki park d.o.o.<\/p>\n<p lang=\"pl-PL\">Istarska razvojna agencija (IDA) d.o.o.<\/p>\n<p><span lang=\"pl-PL\">Centar za politiku razvoja malih i srednjih poduze\u0107a i poduzetni\u0161tva \u2013 CEPOR<\/span><\/p>\n<p lang=\"pl-PL\">Regionalna razvojna agencija Me\u0111imurje &#8211; REDEA<\/p>\n<p lang=\"pl-PL\">Tehnolo\u0161ki park Vara\u017edin<\/p>\n<\/td>\n<\/tr>\n<tr>\n<td bgcolor=\"#f2f2f2\" width=\"200\" height=\"9\"><b>Regions involved<\/b><\/td>\n<td width=\"407\">\n<p lang=\"sl-SI\" align=\"JUSTIFY\">SI: Pomurska regija, Podravska regija, Obalno &#8211; kra\u0161ka regija, Osrednjeslovenska regija<\/p>\n<p align=\"JUSTIFY\"><span lang=\"de-DE\">HR: Istarska \u017eupanija, Vara\u017edinska \u017eupanija, Grad Zagreb<\/span><\/p>\n<\/td>\n<\/tr>\n<tr>\n<td bgcolor=\"#f2f2f2\" width=\"200\" height=\"5\"><b>Website<\/b><\/td>\n<td valign=\"BOTTOM\" width=\"407\">\n<p lang=\"sl-SI\">\/<\/p>\n<\/td>\n<\/tr>\n<\/tbody>\n<\/table>\n<\/div><\/section><br \/>\n<section  class='av_textblock_section av-av_textblock-0366cc7376be6c9e82a3e9cc8987b64f'  itemscope=\"itemscope\" itemtype=\"https:\/\/schema.org\/CreativeWork\" ><div class='avia_textblock'  itemprop=\"text\" ><p><i><b>Key results and performed activities <\/b><\/i><i>(quantitative results; max. 3 &#8211; 5)<\/i><\/p>\n<p lang=\"en-GB\">83 business plans;<\/p>\n<p lang=\"en-GB\">1 online catalogue of R&amp;D institutions;<\/p>\n<p lang=\"en-GB\">14 new start-ups.<\/p>\n<\/div><\/section><\/p><\/div>\n<style type=\"text\/css\" data-created_by=\"avia_inline_auto\" id=\"style-css-av-av_image-f834b8acb24e9e7d4eb72365ec5fea0d\">\n.avia-image-container.av-av_image-f834b8acb24e9e7d4eb72365ec5fea0d .av-image-caption-overlay-center{\ncolor:#ffffff;\n}\n<\/style>\n<div  class='avia-image-container av-av_image-f834b8acb24e9e7d4eb72365ec5fea0d av-styling- avia-align-center  avia-builder-el-9  el_after_av_one_half  avia-builder-el-last '  itemprop=\"image\" itemscope=\"itemscope\" itemtype=\"https:\/\/schema.org\/ImageObject\" ><div class=\"avia-image-container-inner\"><div class=\"avia-image-overlay-wrap\"><img decoding=\"async\" class='wp-image-1765 avia-img-lazy-loading-not-1765 avia_image' src=\"http:\/\/www.si-hr.eu\/en2\/wp-content\/uploads\/sites\/12\/2016\/11\/INTERINO-logo-300x202.jpg\" alt='' title='INTERINO logo'  height=\"202\" width=\"300\"  itemprop=\"thumbnailUrl\" srcset=\"http:\/\/www.si-hr.eu\/en2\/wp-content\/uploads\/sites\/12\/2016\/11\/INTERINO-logo-300x202.jpg 300w, http:\/\/www.si-hr.eu\/en2\/wp-content\/uploads\/sites\/12\/2016\/11\/INTERINO-logo-450x303.jpg 450w, http:\/\/www.si-hr.eu\/en2\/wp-content\/uploads\/sites\/12\/2016\/11\/INTERINO-logo.jpg 598w\" sizes=\"(max-width: 300px) 100vw, 300px\" \/><\/div><\/div><\/div><\/p>\n","protected":false},"excerpt":{"rendered":"","protected":false},"author":3,"featured_media":0,"parent":1373,"menu_order":0,"comment_status":"closed","ping_status":"closed","template":"","meta":{"ngg_post_thumbnail":0},"acf":[],"_links":{"self":[{"href":"http:\/\/www.si-hr.eu\/en2\/wp-json\/wp\/v2\/pages\/1764"}],"collection":[{"href":"http:\/\/www.si-hr.eu\/en2\/wp-json\/wp\/v2\/pages"}],"about":[{"href":"http:\/\/www.si-hr.eu\/en2\/wp-json\/wp\/v2\/types\/page"}],"author":[{"embeddable":true,"href":"http:\/\/www.si-hr.eu\/en2\/wp-json\/wp\/v2\/users\/3"}],"replies":[{"embeddable":true,"href":"http:\/\/www.si-hr.eu\/en2\/wp-json\/wp\/v2\/comments?post=1764"}],"version-history":[{"count":1,"href":"http:\/\/www.si-hr.eu\/en2\/wp-json\/wp\/v2\/pages\/1764\/revisions"}],"predecessor-version":[{"id":1767,"href":"http:\/\/www.si-hr.eu\/en2\/wp-json\/wp\/v2\/pages\/1764\/revisions\/1767"}],"up":[{"embeddable":true,"href":"http:\/\/www.si-hr.eu\/en2\/wp-json\/wp\/v2\/pages\/1373"}],"wp:attachment":[{"href":"http:\/\/www.si-hr.eu\/en2\/wp-json\/wp\/v2\/media?parent=1764"}],"curies":[{"name":"wp","href":"https:\/\/api.w.org\/{rel}","templated":true}]}}