{"id":1777,"date":"2016-11-25T16:30:22","date_gmt":"2016-11-25T15:30:22","guid":{"rendered":"http:\/\/www.si-hr.eu\/en2\/?page_id=1777"},"modified":"2016-11-25T16:30:22","modified_gmt":"2016-11-25T15:30:22","slug":"heritage-live","status":"publish","type":"page","link":"http:\/\/www.si-hr.eu\/en2\/map\/heritage-live\/","title":{"rendered":"HERITAGE LIVE"},"content":{"rendered":"\n<style type=\"text\/css\" data-created_by=\"avia_inline_auto\" id=\"style-css-av-av_one_full-352b07ef7d3bc99b2e9f92e7a9e06bdb\">\n.flex_column.av-av_one_full-352b07ef7d3bc99b2e9f92e7a9e06bdb{\nborder-radius:0px 0px 0px 0px;\n-webkit-border-radius:0px 0px 0px 0px;\n-moz-border-radius:0px 0px 0px 0px;\n}\n<\/style>\n<div class='flex_column av-av_one_full-352b07ef7d3bc99b2e9f92e7a9e06bdb av_one_full  avia-builder-el-0  el_before_av_one_half  avia-builder-el-first  first flex_column_div av-zero-column-padding '   ><style type=\"text\/css\" data-created_by=\"avia_inline_auto\" id=\"style-css-av-av_heading-55efc4e27ee7b60e5266afaff2a8e839\">\n#top .av-special-heading.av-av_heading-55efc4e27ee7b60e5266afaff2a8e839{\npadding-bottom:10px;\n}\nbody .av-special-heading.av-av_heading-55efc4e27ee7b60e5266afaff2a8e839 .av-special-heading-tag .heading-char{\nfont-size:25px;\n}\n.av-special-heading.av-av_heading-55efc4e27ee7b60e5266afaff2a8e839 .av-subheading{\nfont-size:15px;\n}\n<\/style>\n<div  class='av-special-heading av-av_heading-55efc4e27ee7b60e5266afaff2a8e839 av-special-heading-h3 blockquote modern-quote modern-centered  avia-builder-el-1  avia-builder-el-no-sibling '><h3 class='av-special-heading-tag'  itemprop=\"headline\"  >ECONOMIC AND SOCIAL DEVELOPMENT<br \/>\nSOCIAL INTEGRATION<\/h3><div class=\"special-heading-border\"><div class=\"special-heading-inner-border\"><\/div><\/div><\/div><\/div>\n<style type=\"text\/css\" data-created_by=\"avia_inline_auto\" id=\"style-css-av-av_one_half-352b07ef7d3bc99b2e9f92e7a9e06bdb\">\n.flex_column.av-av_one_half-352b07ef7d3bc99b2e9f92e7a9e06bdb{\nborder-radius:0px 0px 0px 0px;\n-webkit-border-radius:0px 0px 0px 0px;\n-moz-border-radius:0px 0px 0px 0px;\n}\n<\/style>\n<div class='flex_column av-av_one_half-352b07ef7d3bc99b2e9f92e7a9e06bdb av_one_half  avia-builder-el-2  el_after_av_one_full  el_before_av_one_half  first flex_column_div av-zero-column-padding column-top-margin'   ><p>\n<style type=\"text\/css\" data-created_by=\"avia_inline_auto\" id=\"style-css-av-av_image-90bc9cfc14a8b4c5cc43429a3210abb1\">\n.avia-image-container.av-av_image-90bc9cfc14a8b4c5cc43429a3210abb1 .av-image-caption-overlay-center{\ncolor:#ffffff;\n}\n<\/style>\n<div  class='avia-image-container av-av_image-90bc9cfc14a8b4c5cc43429a3210abb1 av-styling- avia-align-center  avia-builder-el-3  el_before_av_textblock  avia-builder-el-first '  itemprop=\"image\" itemscope=\"itemscope\" itemtype=\"https:\/\/schema.org\/ImageObject\" ><div class=\"avia-image-container-inner\"><div class=\"avia-image-overlay-wrap\"><img decoding=\"async\" class='wp-image-1779 avia-img-lazy-loading-not-1779 avia_image' src=\"http:\/\/www.si-hr.eu\/en2\/wp-content\/uploads\/sites\/12\/2016\/11\/HERITAGE-LIVE.jpg\" alt='' title='HERITAGE LIVE'  height=\"225\" width=\"300\"  itemprop=\"thumbnailUrl\"  \/><\/div><\/div><\/div><br \/>\n<section  class='av_textblock_section av-av_textblock-0366cc7376be6c9e82a3e9cc8987b64f'  itemscope=\"itemscope\" itemtype=\"https:\/\/schema.org\/CreativeWork\" ><div class='avia_textblock'  itemprop=\"text\" ><p align=\"CENTER\"><b>HERITAGE LIVE<\/b><\/p>\n<\/div><\/section><br \/>\n<section  class='av_textblock_section av-av_textblock-0366cc7376be6c9e82a3e9cc8987b64f'  itemscope=\"itemscope\" itemtype=\"https:\/\/schema.org\/CreativeWork\" ><div class='avia_textblock'  itemprop=\"text\" ><p align=\"JUSTIFY\"><i><b>Project summary <\/b><\/i><\/p>\n<p align=\"JUSTIFY\">Specific cross-borders objectives of the project were: to support the preservation and revitalization of cultural heritage and thus strengthen the identity; to strengthen and develop the knowledge and capacities for heritage preservation, revitalization and presentation; to develop the synergetic effects of the joint promotion of common cultural heritage; to strengthen intercultural exchanges, the mobility of experts and artists, and cross-border cooperation; to support the inclusion of cultural heritage among the assets for the development of the cross-border area. In doing so the project realizes the specific cross-border objectives of the program, since it creates the conditions for a better use of cultural assets for a sustainable development of the cross-border area; it supports local actors who are rebuilding the cultural and social ties in the border region, it provides co-operation in the fields of culture services between civil organizations, municipalities, and educational organizations, and it provides a strong support to common cultural heritage of the border area and joint efforts to identify, preserve, restore and portray the common cultural heritage of the region. The project facilitates a common cultural and social space in the Slovenian-Croatian border region.<\/p>\n<\/div><\/section><br \/>\n<section  class='av_textblock_section av-av_textblock-0366cc7376be6c9e82a3e9cc8987b64f'  itemscope=\"itemscope\" itemtype=\"https:\/\/schema.org\/CreativeWork\" ><div class='avia_textblock'  itemprop=\"text\" ><p align=\"JUSTIFY\"><i><b>Key results and performed activities <\/b><\/i><i>(quantitative results; max. 3 &#8211; 5)<\/i><\/p>\n<p align=\"JUSTIFY\">1 study and guidelines for the definition of authenticity of Istrian events, which were already published in the form of a publication under the title \u201c<span lang=\"sl-SI\">Istrski praznik: preteklost, sedanjost, avtenti\u010dnost<\/span>\u201d;<\/p>\n<p align=\"JUSTIFY\">1 publication about informational tools, titled \u201cHERITAGE LIVE: Upravljanje dedi\u0161\u010dine z informacijskimi orodji\u201d;<\/p>\n<p align=\"JUSTIFY\">1 doctor study program of administration of cultural sources and archives (3. level).<\/p>\n<\/div><\/section><\/p><\/div>\n<style type=\"text\/css\" data-created_by=\"avia_inline_auto\" id=\"style-css-av-av_one_half-2a64de42b738552fe666ca889af77e28\">\n.flex_column.av-av_one_half-2a64de42b738552fe666ca889af77e28{\nborder-radius:0px 0px 0px 0px;\n-webkit-border-radius:0px 0px 0px 0px;\n-moz-border-radius:0px 0px 0px 0px;\n}\n<\/style>\n<div class='flex_column av-av_one_half-2a64de42b738552fe666ca889af77e28 av_one_half  avia-builder-el-7  el_after_av_one_half  el_before_av_image  flex_column_div av-zero-column-padding column-top-margin'   ><section  class='av_textblock_section av-av_textblock-0366cc7376be6c9e82a3e9cc8987b64f'  itemscope=\"itemscope\" itemtype=\"https:\/\/schema.org\/CreativeWork\" ><div class='avia_textblock'  itemprop=\"text\" ><table border=\"1\" width=\"637\" cellspacing=\"0\" cellpadding=\"7\">\n<colgroup>\n<col width=\"191\" \/>\n<col width=\"416\" \/> <\/colgroup>\n<tbody>\n<tr>\n<td bgcolor=\"#f2f2f2\" width=\"191\" height=\"8\"><b>Project title<\/b><\/td>\n<td width=\"416\">\n<p align=\"JUSTIFY\">HERITAGE LIVE &#8211; Living, lived, revived cultural heritage: Project of training in the field of recognition, preservation and presentation of cultural heritage of the Slovenian-Croatian cross-border area<\/p>\n<\/td>\n<\/tr>\n<tr>\n<td bgcolor=\"#f2f2f2\" width=\"191\" height=\"9\"><b>ERDF funds<\/b><\/td>\n<td width=\"416\"><span lang=\"sl-SI\">298,062.04 EUR<\/span><\/td>\n<\/tr>\n<tr>\n<td bgcolor=\"#f2f2f2\" width=\"191\" height=\"9\"><b>Project duration <\/b><\/p>\n<p><b>(month\/year \u2013 month\/year)<\/b><\/td>\n<td width=\"416\">\n<p lang=\"sl-SI\">01.10.2009-31.03.2012<\/p>\n<\/td>\n<\/tr>\n<tr>\n<td bgcolor=\"#f2f2f2\" width=\"191\" height=\"9\"><b>Lead partner<\/b><\/td>\n<td width=\"416\">\n<p lang=\"sl-SI\" align=\"JUSTIFY\">Univerza na Primorskem, Fakulteta za humanisti\u010dne \u0161tudije<\/p>\n<\/td>\n<\/tr>\n<tr>\n<td bgcolor=\"#f2f2f2\" width=\"191\" height=\"9\"><b>Partners<\/b><\/td>\n<td width=\"416\">\n<p lang=\"sl-SI\" align=\"JUSTIFY\"><span style=\"color: #000000;\">Mestna ob\u010dina Koper<\/span><\/p>\n<p lang=\"sl-SI\" align=\"JUSTIFY\"><span style=\"color: #000000;\">Ob\u010dina Piran<\/span><\/p>\n<p lang=\"sl-SI\" align=\"JUSTIFY\"><span style=\"color: #000000;\"> Ob\u010dina Izola<\/span><\/p>\n<p lang=\"sl-SI\" align=\"JUSTIFY\"><span style=\"color: #000000;\">Arhivsko dru\u0161tvo Slovenije<\/span><\/p>\n<p align=\"JUSTIFY\"><span style=\"color: #000000;\"> <span lang=\"sl-SI\">Sveu\u010dili\u0161te u Zagrebu <\/span><\/span><\/p>\n<p align=\"JUSTIFY\"><span style=\"color: #000000;\"><span lang=\"sl-SI\">Op\u0107ina Umag<\/span><\/span><\/p>\n<p align=\"JUSTIFY\"><span style=\"color: #000000;\"><span lang=\"sl-SI\">Op\u0107ina Buje<\/span><\/span><\/p>\n<p align=\"JUSTIFY\"><span style=\"color: #000000;\"><span lang=\"sl-SI\">Op\u0107ina Lani\u0161\u0107e<\/span><\/span><\/p>\n<p lang=\"sl-SI\"><span style=\"color: #000000;\">Hrvatsko arhivisti\u010dko dru\u0161tvo<\/span><\/p>\n<\/td>\n<\/tr>\n<tr>\n<td bgcolor=\"#f2f2f2\" width=\"191\" height=\"9\"><b>Regions involved<\/b><\/td>\n<td width=\"416\">\n<p align=\"JUSTIFY\"><span lang=\"sl-SI\">SI: Obalno-kra\u0161ka regija, Osrednjeslovenska regija<\/span><\/p>\n<p align=\"JUSTIFY\"><span lang=\"sl-SI\">HR:<\/span> <span lang=\"sl-SI\">Grad Zagreb, Istarska \u017eupanija<\/span><\/p>\n<\/td>\n<\/tr>\n<tr>\n<td bgcolor=\"#f2f2f2\" width=\"191\" height=\"8\"><b>Website<\/b><\/td>\n<td width=\"416\"><span lang=\"sl-SI\">HR: <\/span><span style=\"color: #0000ff;\"><u><a href=\"http:\/\/heritage-live.eu\/\"><span lang=\"sl-SI\">http:\/\/heritage-live.eu\/<\/span><\/a><\/u><\/span><\/td>\n<\/tr>\n<\/tbody>\n<\/table>\n<\/div><\/section><\/div>\n<style type=\"text\/css\" data-created_by=\"avia_inline_auto\" id=\"style-css-av-av_image-e5f23532e35aa24544ea8347c18053ad\">\n.avia-image-container.av-av_image-e5f23532e35aa24544ea8347c18053ad .av-image-caption-overlay-center{\ncolor:#ffffff;\n}\n<\/style>\n<div  class='avia-image-container av-av_image-e5f23532e35aa24544ea8347c18053ad av-styling- avia-align-center  avia-builder-el-9  el_after_av_one_half  avia-builder-el-last '  itemprop=\"image\" itemscope=\"itemscope\" itemtype=\"https:\/\/schema.org\/ImageObject\" ><div class=\"avia-image-container-inner\"><div class=\"avia-image-overlay-wrap\"><img decoding=\"async\" class='wp-image-1778 avia-img-lazy-loading-not-1778 avia_image' src=\"http:\/\/www.si-hr.eu\/en2\/wp-content\/uploads\/sites\/12\/2016\/11\/HERITAGE-LIVE-logo.png\" alt='' title='HERITAGE LIVE logo'  height=\"231\" width=\"231\"  itemprop=\"thumbnailUrl\" srcset=\"http:\/\/www.si-hr.eu\/en2\/wp-content\/uploads\/sites\/12\/2016\/11\/HERITAGE-LIVE-logo.png 231w, http:\/\/www.si-hr.eu\/en2\/wp-content\/uploads\/sites\/12\/2016\/11\/HERITAGE-LIVE-logo-80x80.png 80w, http:\/\/www.si-hr.eu\/en2\/wp-content\/uploads\/sites\/12\/2016\/11\/HERITAGE-LIVE-logo-36x36.png 36w, http:\/\/www.si-hr.eu\/en2\/wp-content\/uploads\/sites\/12\/2016\/11\/HERITAGE-LIVE-logo-180x180.png 180w, http:\/\/www.si-hr.eu\/en2\/wp-content\/uploads\/sites\/12\/2016\/11\/HERITAGE-LIVE-logo-120x120.png 120w\" sizes=\"(max-width: 231px) 100vw, 231px\" \/><\/div><\/div><\/div><\/p>\n","protected":false},"excerpt":{"rendered":"","protected":false},"author":3,"featured_media":0,"parent":1373,"menu_order":0,"comment_status":"closed","ping_status":"closed","template":"","meta":{"ngg_post_thumbnail":0},"acf":[],"_links":{"self":[{"href":"http:\/\/www.si-hr.eu\/en2\/wp-json\/wp\/v2\/pages\/1777"}],"collection":[{"href":"http:\/\/www.si-hr.eu\/en2\/wp-json\/wp\/v2\/pages"}],"about":[{"href":"http:\/\/www.si-hr.eu\/en2\/wp-json\/wp\/v2\/types\/page"}],"author":[{"embeddable":true,"href":"http:\/\/www.si-hr.eu\/en2\/wp-json\/wp\/v2\/users\/3"}],"replies":[{"embeddable":true,"href":"http:\/\/www.si-hr.eu\/en2\/wp-json\/wp\/v2\/comments?post=1777"}],"version-history":[{"count":1,"href":"http:\/\/www.si-hr.eu\/en2\/wp-json\/wp\/v2\/pages\/1777\/revisions"}],"predecessor-version":[{"id":1780,"href":"http:\/\/www.si-hr.eu\/en2\/wp-json\/wp\/v2\/pages\/1777\/revisions\/1780"}],"up":[{"embeddable":true,"href":"http:\/\/www.si-hr.eu\/en2\/wp-json\/wp\/v2\/pages\/1373"}],"wp:attachment":[{"href":"http:\/\/www.si-hr.eu\/en2\/wp-json\/wp\/v2\/media?parent=1777"}],"curies":[{"name":"wp","href":"https:\/\/api.w.org\/{rel}","templated":true}]}}