{"id":33,"date":"2015-09-18T14:12:57","date_gmt":"2015-09-18T13:12:57","guid":{"rendered":"http:\/\/84.39.218.255\/wp-content\/uploads\/2015\/09\/hr\/?page_id=33"},"modified":"2016-01-18T09:53:20","modified_gmt":"2016-01-18T08:53:20","slug":"zajednicko-tehnicko-tajnistvo","status":"publish","type":"page","link":"http:\/\/www.si-hr.eu\/hr\/o-nama\/kontakt\/zajednicko-tehnicko-tajnistvo\/","title":{"rendered":"Zajedni\u010dko tehni\u010dko tajni\u0161tvo"},"content":{"rendered":"<p>Slu\u017eba Vlade Republike Slovenije za razvoj in Evropsko kohezijsko politiko<br \/>\nKotnikova 5, SI-1000 Ljubljana<\/p>\n<p><b>Voditeljica Zajedni\u010dkog tehni\u010dkog tajni\u0161tva:<br \/>\nmag. Gordana Stani\u0161i\u0107<\/b><br \/>\nTel. +386 (0)1 400 3342<br \/>\nE-mail: <a href=\"mailto:si-hr.svrk@gov.si\">si-hr.svrk@gov.si<\/a><\/p>\n<p>Obavje\u0161tavamo vas da Zajedni\u010dko tehni\u010dko tajni\u0161tvo Operativnog programa SI-HR 2007.-2013. uvodi uredovno radno vrijeme. Tijekom uredovnog radnog vremena koje \u0107e trajati <b>od utorka do \u010detvrtka od 8:30 do 12:30 sati<\/b> Zajedni\u010dko tehni\u010dko tajni\u0161tvo \u0107e odgovarati na telefonske pozive i zaprimljenu elektroni\u010dku po\u0161tu.<\/p>\n<p>Kontakt osobe:<\/p>\n<p><b>Maja Krsti\u0107<\/b><br \/>\nTel. +386 (0)1 400 3498<br \/>\nE-mail: <a href=\"mailto:si-hr.svrk@gov.si\">si-hr.svrk@gov.si<\/a><\/p>\n<p><b>Anja Remic<\/b><br \/>\nTel. +386 (0)1 400 3499<br \/>\nE-mail: <a href=\"mailto:si-hr.svrk@gov.si\">si-hr.svrk@gov.si<\/a><\/p>\n<p><b>Tereza \u010cernigoj <\/b><br \/>\nTel: +386 (0)1 400 3409<br \/>\ne-mail: <span id=\"eeEncEmail_alDP2fqpmk\"><a href=\"mailto:tereza.cernigoj@gov.si\">tereza.cernigoj@gov.si<\/a><\/span><\/p>\n<p><b>Barbara Kra\u0161ovec<\/b><br \/>\nTel: +386 (0)1 400 3698<br \/>\ne-mail: <span id=\"eeEncEmail_Rswt1zjDLi\"><a href=\"mailto:barbara.krasovec@gov.si\">barbara.krasovec@gov.si<\/a><\/span><\/p>\n","protected":false},"excerpt":{"rendered":"<p>Slu\u017eba Vlade Republike Slovenije za razvoj in Evropsko kohezijsko politiko Kotnikova 5, SI-1000 Ljubljana Voditeljica Zajedni\u010dkog tehni\u010dkog tajni\u0161tva: mag. Gordana Stani\u0161i\u0107 Tel. +386 (0)1 400 3342 E-mail: si-hr.svrk@gov.si Obavje\u0161tavamo vas &hellip; <a href=\"http:\/\/www.si-hr.eu\/hr\/o-nama\/kontakt\/zajednicko-tehnicko-tajnistvo\/\" class=\"more-link\">Preberi ve\u010d <span class=\"screen-reader-text\">Zajedni\u010dko tehni\u010dko tajni\u0161tvo<\/span> <span class=\"meta-nav\">&rarr;<\/span><\/a><\/p>\n","protected":false},"author":1,"featured_media":0,"parent":29,"menu_order":0,"comment_status":"closed","ping_status":"closed","template":"","meta":{"ngg_post_thumbnail":0},"acf":[],"_links":{"self":[{"href":"http:\/\/www.si-hr.eu\/hr\/wp-json\/wp\/v2\/pages\/33"}],"collection":[{"href":"http:\/\/www.si-hr.eu\/hr\/wp-json\/wp\/v2\/pages"}],"about":[{"href":"http:\/\/www.si-hr.eu\/hr\/wp-json\/wp\/v2\/types\/page"}],"author":[{"embeddable":true,"href":"http:\/\/www.si-hr.eu\/hr\/wp-json\/wp\/v2\/users\/1"}],"replies":[{"embeddable":true,"href":"http:\/\/www.si-hr.eu\/hr\/wp-json\/wp\/v2\/comments?post=33"}],"version-history":[{"count":2,"href":"http:\/\/www.si-hr.eu\/hr\/wp-json\/wp\/v2\/pages\/33\/revisions"}],"predecessor-version":[{"id":594,"href":"http:\/\/www.si-hr.eu\/hr\/wp-json\/wp\/v2\/pages\/33\/revisions\/594"}],"up":[{"embeddable":true,"href":"http:\/\/www.si-hr.eu\/hr\/wp-json\/wp\/v2\/pages\/29"}],"wp:attachment":[{"href":"http:\/\/www.si-hr.eu\/hr\/wp-json\/wp\/v2\/media?parent=33"}],"curies":[{"name":"wp","href":"https:\/\/api.w.org\/{rel}","templated":true}]}}

Zajedničko tehničko tajništvo

<p>Služba Vlade Republike Slovenije za razvoj in Evropsko kohezijsko politiko<br />
Kotnikova 5, SI-1000 Ljubljana</p>
<p><b>Voditeljica Zajedničkog tehničkog tajništva:<br />
mag. Gordana Stanišić</b><br />
Tel. +386 (0)1 400 3342<br />
E-mail: <a href="mailto:si-hr.svrk@gov.si">si-hr.svrk@gov.si</a></p>
<p>Obavještavamo vas da Zajedničko tehničko tajništvo Operativnog programa SI-HR 2007.-2013. uvodi uredovno radno vrijeme. Tijekom uredovnog radnog vremena koje će trajati <b>od utorka do četvrtka od 8:30 do 12:30 sati</b> Zajedničko tehničko tajništvo će odgovarati na telefonske pozive i zaprimljenu elektroničku poštu.</p>
<p>Kontakt osobe:</p>
<p><b>Maja Krstić</b><br />
Tel. +386 (0)1 400 3498<br />
E-mail: <a href="mailto:si-hr.svrk@gov.si">si-hr.svrk@gov.si</a></p>
<p><b>Anja Remic</b><br />
Tel. +386 (0)1 400 3499<br />
E-mail: <a href="mailto:si-hr.svrk@gov.si">si-hr.svrk@gov.si</a></p>
<p><b>Tereza Černigoj </b><br />
Tel: +386 (0)1 400 3409<br />
e-mail: <span id="eeEncEmail_alDP2fqpmk"><a href="mailto:tereza.cernigoj@gov.si">tereza.cernigoj@gov.si</a></span></p>
<p><b>Barbara Krašovec</b><br />
Tel: +386 (0)1 400 3698<br />
e-mail: <span id="eeEncEmail_Rswt1zjDLi"><a href="mailto:barbara.krasovec@gov.si">barbara.krasovec@gov.si</a></span></p>

<p>Služba Vlade Republike Slovenije za razvoj in Evropsko kohezijsko politiko Kotnikova 5, SI-1000 Ljubljana Voditeljica Zajedničkog tehničkog tajništva: mag. Gordana Stanišić Tel. +386 (0)1 400 3342 E-mail: si-hr.svrk@gov.si Obavještavamo vas &hellip; <a href="http://www.si-hr.eu/hr/o-nama/kontakt/zajednicko-tehnicko-tajnistvo/" class="more-link">Preberi več <span class="screen-reader-text">Zajedničko tehničko tajništvo</span> <span class="meta-nav">&rarr;</span></a></p>
