{"id":39,"date":"2015-09-18T14:14:30","date_gmt":"2015-09-18T13:14:30","guid":{"rendered":"http:\/\/84.39.218.255\/wp-content\/uploads\/2015\/09\/hr\/?page_id=39"},"modified":"2015-09-18T14:14:30","modified_gmt":"2015-09-18T13:14:30","slug":"sastanak-zajednickog-odbora-za-pracenje","status":"publish","type":"page","link":"http:\/\/www.si-hr.eu\/hr\/o-nama\/sastanak-zajednickog-odbora-za-pracenje\/","title":{"rendered":"Sastanak Zajedni\u010dkog odbora za pra\u0107enje"},"content":{"rendered":"<p>Tu mo\u017eete prona\u0107i odluke Zajedni\u010dkog odbora za pra\u0107enje OP SI-HR 2007.-2013.<\/p>\n","protected":false},"excerpt":{"rendered":"<p>Tu mo\u017eete prona\u0107i odluke Zajedni\u010dkog odbora za pra\u0107enje OP SI-HR 2007.-2013.<\/p>\n","protected":false},"author":1,"featured_media":0,"parent":27,"menu_order":0,"comment_status":"closed","ping_status":"closed","template":"","meta":{"ngg_post_thumbnail":0},"acf":[],"_links":{"self":[{"href":"http:\/\/www.si-hr.eu\/hr\/wp-json\/wp\/v2\/pages\/39"}],"collection":[{"href":"http:\/\/www.si-hr.eu\/hr\/wp-json\/wp\/v2\/pages"}],"about":[{"href":"http:\/\/www.si-hr.eu\/hr\/wp-json\/wp\/v2\/types\/page"}],"author":[{"embeddable":true,"href":"http:\/\/www.si-hr.eu\/hr\/wp-json\/wp\/v2\/users\/1"}],"replies":[{"embeddable":true,"href":"http:\/\/www.si-hr.eu\/hr\/wp-json\/wp\/v2\/comments?post=39"}],"version-history":[{"count":1,"href":"http:\/\/www.si-hr.eu\/hr\/wp-json\/wp\/v2\/pages\/39\/revisions"}],"predecessor-version":[{"id":40,"href":"http:\/\/www.si-hr.eu\/hr\/wp-json\/wp\/v2\/pages\/39\/revisions\/40"}],"up":[{"embeddable":true,"href":"http:\/\/www.si-hr.eu\/hr\/wp-json\/wp\/v2\/pages\/27"}],"wp:attachment":[{"href":"http:\/\/www.si-hr.eu\/hr\/wp-json\/wp\/v2\/media?parent=39"}],"curies":[{"name":"wp","href":"https:\/\/api.w.org\/{rel}","templated":true}]}}

Sastanak Zajedničkog odbora za praćenje

<p>Tu možete pronaći odluke Zajedničkog odbora za praćenje OP SI-HR 2007.-2013.</p>
