{"id":45,"date":"2015-09-18T14:15:58","date_gmt":"2015-09-18T13:15:58","guid":{"rendered":"http:\/\/84.39.218.255\/wp-content\/uploads\/2015\/09\/hr\/?page_id=45"},"modified":"2015-09-18T14:15:58","modified_gmt":"2015-09-18T13:15:58","slug":"odluke-3-sastanka-zop","status":"publish","type":"page","link":"http:\/\/www.si-hr.eu\/hr\/o-nama\/sastanak-zajednickog-odbora-za-pracenje\/odluke-3-sastanka-zop\/","title":{"rendered":"Odluke 3. sastanka ZOP"},"content":{"rendered":"<p>Odluka tre\u0107eg sastanka Zajedni\u010dkog odbora za pra\u0107enje Operativnog programa Slovenija-Hrvatska 2007.-2013.<\/p>\n<p><a class=\"link_doc\" href=\"http:\/\/84.39.218.255\/wp-content\/uploads\/2015\/09\/Minutes%203.JMC%20za%20objavo%20na%20SS_1.doc\" target=\"_blank\">Odluka 3. ZNO (287.5k)<\/a><\/p>\n","protected":false},"excerpt":{"rendered":"<p>Odluka tre\u0107eg sastanka Zajedni\u010dkog odbora za pra\u0107enje Operativnog programa Slovenija-Hrvatska 2007.-2013. Odluka 3. ZNO (287.5k)<\/p>\n","protected":false},"author":1,"featured_media":0,"parent":39,"menu_order":0,"comment_status":"closed","ping_status":"closed","template":"","meta":{"ngg_post_thumbnail":0},"acf":[],"_links":{"self":[{"href":"http:\/\/www.si-hr.eu\/hr\/wp-json\/wp\/v2\/pages\/45"}],"collection":[{"href":"http:\/\/www.si-hr.eu\/hr\/wp-json\/wp\/v2\/pages"}],"about":[{"href":"http:\/\/www.si-hr.eu\/hr\/wp-json\/wp\/v2\/types\/page"}],"author":[{"embeddable":true,"href":"http:\/\/www.si-hr.eu\/hr\/wp-json\/wp\/v2\/users\/1"}],"replies":[{"embeddable":true,"href":"http:\/\/www.si-hr.eu\/hr\/wp-json\/wp\/v2\/comments?post=45"}],"version-history":[{"count":1,"href":"http:\/\/www.si-hr.eu\/hr\/wp-json\/wp\/v2\/pages\/45\/revisions"}],"predecessor-version":[{"id":46,"href":"http:\/\/www.si-hr.eu\/hr\/wp-json\/wp\/v2\/pages\/45\/revisions\/46"}],"up":[{"embeddable":true,"href":"http:\/\/www.si-hr.eu\/hr\/wp-json\/wp\/v2\/pages\/39"}],"wp:attachment":[{"href":"http:\/\/www.si-hr.eu\/hr\/wp-json\/wp\/v2\/media?parent=45"}],"curies":[{"name":"wp","href":"https:\/\/api.w.org\/{rel}","templated":true}]}}

<p>Odluka trećeg sastanka Zajedničkog odbora za praćenje Operativnog programa Slovenija-Hrvatska 2007.-2013.</p>
<p><a class="link_doc" href="http://84.39.218.255/wp-content/uploads/2015/09/Minutes%203.JMC%20za%20objavo%20na%20SS_1.doc" target="_blank">Odluka 3. ZNO (287.5k)</a></p>

<p>Odluka trećeg sastanka Zajedničkog odbora za praćenje Operativnog programa Slovenija-Hrvatska 2007.-2013. Odluka 3. ZNO (287.5k)</p>
