{"id":96,"date":"2015-09-18T15:00:19","date_gmt":"2015-09-18T14:00:19","guid":{"rendered":"http:\/\/84.39.218.255\/wp-content\/uploads\/2015\/09\/hr\/?page_id=96"},"modified":"2015-09-18T15:00:19","modified_gmt":"2015-09-18T14:00:19","slug":"informativna-dogadanja","status":"publish","type":"page","link":"http:\/\/www.si-hr.eu\/hr\/natjecaji\/2-zajednicki-poziv-na-dostavu-prijedloga-projekata\/informativna-dogadanja\/","title":{"rendered":"Informativna doga\u0111anja"},"content":{"rendered":"<p>Ovdje mo\u017eete prona\u0107i sav materijal o informativnim doga\u0111anjima i radionicama 2. poziva na dostavu prijedloga projekata IPA Operativnog programa Slovenija-Hrvatska 2007.-2013.<\/p>\n<p>Sve dokumente vezane na informativne doga\u0111aje i radionice mo\u017eete prona\u0107i na sljede\u0107im linkovima, dok slovenski projektni partneri iste materije mogu prona\u0107i na slovenskoj ina\u010dici web stranice:<\/p>\n<p><a href=\"http:\/\/www.si-hr.eu\/news_hr\/archivdetail\/category\/arhiv\/prezentacije_i_fotografije_s_informativnih_radionica_u_varazhdinu_i_ri\">PREZENTACIJE I FOTOGRAFIJE S INFORMATIVNIH RADIONICA U VARA\u017dDINU I RIJECI<br \/>\n<\/a><\/p>\n<p><a href=\"http:\/\/www.si-hr.eu\/news_hr\/archivdetail\/category\/arhiv\/poziv_na_nacionalnu_radionicu_zagreb_31._svibnja_2010\">POZIV NA NACIONALNU RADIONICU, ZAGREB, 31. SVIBNJA 2010<\/a><\/p>\n<p><a href=\"http:\/\/www.si-hr.eu\/news_hr\/archivdetail\/category\/arhiv\/individualne_konzultacije_za_pripremu_projekata\">INDIVIDUALNE KONZULTACIJE ZA PRIPREMU PROJEKATA<\/a><\/p>\n<p><a href=\"http:\/\/www.si-hr.eu\/news_hr\/archivdetail\/category\/arhiv\/poziv_na_informativne_radionice_za_2._poziv_na_dostavu_projektnih_prij\">POZIV NA INFORMATIVNE RADIONICE ZA 2. POZIV NA DOSTAVU PROJEKTNIH PRIJEDLOGA<\/a><\/p>\n<p>SUSRET MINISTRA RS dr. GJERKE\u0160A I MINISTRA RH mr. PANKRETI\u0106A U POD\u010cETRTKU (SLO), 19. TRAVNJA 2010.<\/p>\n","protected":false},"excerpt":{"rendered":"<p>Ovdje mo\u017eete prona\u0107i sav materijal o informativnim doga\u0111anjima i radionicama 2. poziva na dostavu prijedloga projekata IPA Operativnog programa Slovenija-Hrvatska 2007.-2013. Sve dokumente vezane na informativne doga\u0111aje i radionice mo\u017eete &hellip; <a href=\"http:\/\/www.si-hr.eu\/hr\/natjecaji\/2-zajednicki-poziv-na-dostavu-prijedloga-projekata\/informativna-dogadanja\/\" class=\"more-link\">Preberi ve\u010d <span class=\"screen-reader-text\">Informativna doga\u0111anja<\/span> <span class=\"meta-nav\">&rarr;<\/span><\/a><\/p>\n","protected":false},"author":1,"featured_media":0,"parent":94,"menu_order":0,"comment_status":"closed","ping_status":"closed","template":"","meta":{"ngg_post_thumbnail":0},"acf":[],"_links":{"self":[{"href":"http:\/\/www.si-hr.eu\/hr\/wp-json\/wp\/v2\/pages\/96"}],"collection":[{"href":"http:\/\/www.si-hr.eu\/hr\/wp-json\/wp\/v2\/pages"}],"about":[{"href":"http:\/\/www.si-hr.eu\/hr\/wp-json\/wp\/v2\/types\/page"}],"author":[{"embeddable":true,"href":"http:\/\/www.si-hr.eu\/hr\/wp-json\/wp\/v2\/users\/1"}],"replies":[{"embeddable":true,"href":"http:\/\/www.si-hr.eu\/hr\/wp-json\/wp\/v2\/comments?post=96"}],"version-history":[{"count":1,"href":"http:\/\/www.si-hr.eu\/hr\/wp-json\/wp\/v2\/pages\/96\/revisions"}],"predecessor-version":[{"id":97,"href":"http:\/\/www.si-hr.eu\/hr\/wp-json\/wp\/v2\/pages\/96\/revisions\/97"}],"up":[{"embeddable":true,"href":"http:\/\/www.si-hr.eu\/hr\/wp-json\/wp\/v2\/pages\/94"}],"wp:attachment":[{"href":"http:\/\/www.si-hr.eu\/hr\/wp-json\/wp\/v2\/media?parent=96"}],"curies":[{"name":"wp","href":"https:\/\/api.w.org\/{rel}","templated":true}]}}

Informativna događanja

<p>Ovdje možete pronaći sav materijal o informativnim događanjima i radionicama 2. poziva na dostavu prijedloga projekata IPA Operativnog programa Slovenija-Hrvatska 2007.-2013.</p>
<p>Sve dokumente vezane na informativne događaje i radionice možete pronaći na sljedećim linkovima, dok slovenski projektni partneri iste materije mogu pronaći na slovenskoj inačici web stranice:</p>
<p><a href="http://www.si-hr.eu/news_hr/archivdetail/category/arhiv/prezentacije_i_fotografije_s_informativnih_radionica_u_varazhdinu_i_ri">PREZENTACIJE I FOTOGRAFIJE S INFORMATIVNIH RADIONICA U VARAŽDINU I RIJECI<br />
</a></p>
<p><a href="http://www.si-hr.eu/news_hr/archivdetail/category/arhiv/poziv_na_nacionalnu_radionicu_zagreb_31._svibnja_2010">POZIV NA NACIONALNU RADIONICU, ZAGREB, 31. SVIBNJA 2010</a></p>
<p><a href="http://www.si-hr.eu/news_hr/archivdetail/category/arhiv/individualne_konzultacije_za_pripremu_projekata">INDIVIDUALNE KONZULTACIJE ZA PRIPREMU PROJEKATA</a></p>
<p><a href="http://www.si-hr.eu/news_hr/archivdetail/category/arhiv/poziv_na_informativne_radionice_za_2._poziv_na_dostavu_projektnih_prij">POZIV NA INFORMATIVNE RADIONICE ZA 2. POZIV NA DOSTAVU PROJEKTNIH PRIJEDLOGA</a></p>
<p>SUSRET MINISTRA RS dr. GJERKEŠA I MINISTRA RH mr. PANKRETIĆA U PODČETRTKU (SLO), 19. TRAVNJA 2010.</p>

<p>Ovdje možete pronaći sav materijal o informativnim događanjima i radionicama 2. poziva na dostavu prijedloga projekata IPA Operativnog programa Slovenija-Hrvatska 2007.-2013. Sve dokumente vezane na informativne događaje i radionice možete &hellip; <a href="http://www.si-hr.eu/hr/natjecaji/2-zajednicki-poziv-na-dostavu-prijedloga-projekata/informativna-dogadanja/" class="more-link">Preberi več <span class="screen-reader-text">Informativna događanja</span> <span class="meta-nav">&rarr;</span></a></p>
