{"id":1129,"date":"2016-11-01T18:49:18","date_gmt":"2016-11-01T17:49:18","guid":{"rendered":"http:\/\/84.39.218.255\/hr2\/?page_id=1129"},"modified":"2016-11-01T18:55:20","modified_gmt":"2016-11-01T17:55:20","slug":"pijemo-istu-vodu","status":"publish","type":"page","link":"http:\/\/www.si-hr.eu\/hr2\/map\/pijemo-istu-vodu\/","title":{"rendered":"PIJEMO ISTU VODU"},"content":{"rendered":"\n<style type=\"text\/css\" data-created_by=\"avia_inline_auto\" id=\"style-css-av-av_one_full-352b07ef7d3bc99b2e9f92e7a9e06bdb\">\n.flex_column.av-av_one_full-352b07ef7d3bc99b2e9f92e7a9e06bdb{\nborder-radius:0px 0px 0px 0px;\n-webkit-border-radius:0px 0px 0px 0px;\n-moz-border-radius:0px 0px 0px 0px;\n}\n<\/style>\n<div class='flex_column av-av_one_full-352b07ef7d3bc99b2e9f92e7a9e06bdb av_one_full  avia-builder-el-0  el_before_av_one_half  avia-builder-el-first  first flex_column_div av-zero-column-padding '   ><style type=\"text\/css\" data-created_by=\"avia_inline_auto\" id=\"style-css-av-av_heading-3480ac9c25622d97f81ac45c8fbf5e3e\">\n#top .av-special-heading.av-av_heading-3480ac9c25622d97f81ac45c8fbf5e3e{\npadding-bottom:10px;\n}\nbody .av-special-heading.av-av_heading-3480ac9c25622d97f81ac45c8fbf5e3e .av-special-heading-tag .heading-char{\nfont-size:25px;\n}\n.av-special-heading.av-av_heading-3480ac9c25622d97f81ac45c8fbf5e3e .av-subheading{\nfont-size:15px;\n}\n<\/style>\n<div  class='av-special-heading av-av_heading-3480ac9c25622d97f81ac45c8fbf5e3e av-special-heading-h3 blockquote modern-quote modern-centered  avia-builder-el-1  avia-builder-el-no-sibling '><h3 class='av-special-heading-tag'  itemprop=\"headline\"  >ODR\u017dIVO UPRAVLJANJE PRIRODNIM RESURSIMA<br \/>\nZA\u0160TITA OKOLI\u0160A<\/h3><div class=\"special-heading-border\"><div class=\"special-heading-inner-border\"><\/div><\/div><\/div><\/div>\n<style type=\"text\/css\" data-created_by=\"avia_inline_auto\" id=\"style-css-av-av_one_half-352b07ef7d3bc99b2e9f92e7a9e06bdb\">\n.flex_column.av-av_one_half-352b07ef7d3bc99b2e9f92e7a9e06bdb{\nborder-radius:0px 0px 0px 0px;\n-webkit-border-radius:0px 0px 0px 0px;\n-moz-border-radius:0px 0px 0px 0px;\n}\n<\/style>\n<div class='flex_column av-av_one_half-352b07ef7d3bc99b2e9f92e7a9e06bdb av_one_half  avia-builder-el-2  el_after_av_one_full  el_before_av_one_half  first flex_column_div av-zero-column-padding column-top-margin'   ><p>\n<style type=\"text\/css\" data-created_by=\"avia_inline_auto\" id=\"style-css-av-av_image-730ca3d010e3802dbeb82593995c019a\">\n.avia-image-container.av-av_image-730ca3d010e3802dbeb82593995c019a .av-image-caption-overlay-center{\ncolor:#ffffff;\n}\n<\/style>\n<div  class='avia-image-container av-av_image-730ca3d010e3802dbeb82593995c019a av-styling- avia-align-center  avia-builder-el-3  el_before_av_textblock  avia-builder-el-first '  itemprop=\"image\" itemscope=\"itemscope\" itemtype=\"https:\/\/schema.org\/ImageObject\" ><div class=\"avia-image-container-inner\"><div class=\"avia-image-overlay-wrap\"><img decoding=\"async\" class='wp-image-1130 avia-img-lazy-loading-not-1130 avia_image' src=\"http:\/\/www.si-hr.eu\/hr2\/wp-content\/uploads\/sites\/13\/2016\/11\/PIJEMO-ISTO-VODO.jpg\" alt='' title='PIJEMO ISTO VODO'  height=\"207\" width=\"237\"  itemprop=\"thumbnailUrl\"  \/><\/div><\/div><\/div><br \/>\n<section  class='av_textblock_section av-av_textblock-0366cc7376be6c9e82a3e9cc8987b64f'  itemscope=\"itemscope\" itemtype=\"https:\/\/schema.org\/CreativeWork\" ><div class='avia_textblock'  itemprop=\"text\" ><p align=\"CENTER\"><b>PIJEMO ISTU VODU<\/b><\/p>\n<\/div><\/section><br \/>\n<section  class='av_textblock_section av-av_textblock-0366cc7376be6c9e82a3e9cc8987b64f'  itemscope=\"itemscope\" itemtype=\"https:\/\/schema.org\/CreativeWork\" ><div class='avia_textblock'  itemprop=\"text\" ><p><i><b>Opis sadr\u017eaja projekta<\/b><\/i><\/p>\n<p align=\"JUSTIFY\">Posebni prekograni\u010dni ciljevi operacije su bili: izraditi strategiju dugoro\u010dnog upravljanja vodnim resursima na osnovama odr\u017eivog razvoja; stvoriti preduvjete za organiziranu odvodnju otpadnih (oborinskih i fekalnih) voda putem kanalizacijskog sustava i pro\u010di\u0161\u0107avanje otpadnih voda putem Ure\u0111aja za pro\u010di\u0161\u0107avanje; primjena europskih standarda, metoda i tehnologije u odvodnji i pro\u010di\u0161\u0107avanju otpadnih voda; utjecati na smanjenje zaga\u0111enja voda; provoditi prevenciju, obrazovanje i utjecaj na svijest stanovni\u0161tva, a posebno velikih zaga\u0111iva\u010da o potrebi o\u010duvanja voda na cjelokupnom prekograni\u010dnom podru\u010dju. Dodana vrijednost projekta je bila: uspostava i njegovanje prekograni\u010dne suradnje; suradnja lokalnih i regionalnih aktera na unaprje\u0111enju za\u0161tite voda; zajedni\u010dki planovi upravljanja prirodnim resursima; o\u010duvanje pitke vode u posebno osjetljivom prekograni\u010dnom podru\u010dju; integrirana politika upravljanja otpadnim vodama; razmjena standarda, metoda i tehnologije sustava odvodnje i tretmana otpadnih voda; zajedni\u010dko podizanje svijesti stanovni\u0161tva i zaga\u0111iva\u010da o potrebi za\u0161tite okoli\u0161a i o\u010duvanja voda; ekosenzibilizacija; zajedni\u010dki pristup i doprinos razvoju ljudskih potencijala (obrazovanje o mjerama za\u0161tite okoli\u0161a); ja\u010danje kapaciteta lokalnih aktera za primjenu inovativnih rje\u0161enja zbrinjavanja otpadnih voda; kori\u0161tenje informacijske tehnologije; pobolj\u0161anje kvalitete \u017eivota stanovni\u0161tva i unaprje\u0111enje prirodne, \u017eivotne sredine; razvoj bioraznolikosti, gospodarski razvoj i razvoj turizma; ekonomska i socijalna kohezija; odr\u017eiv razvoj. U\u010dinci projekta su bili izrada slijede\u0107ih elemenata\/dokumenata: sporazum o unaprje\u0111enju za\u0161tite voda od one\u010di\u0161\u0107enja otpadnim vodama; zajedni\u010dka strategija za\u0161tite voda na prekograni\u010dnom podru\u010dju; idejni projekt odvodnje i pro\u010di\u0161\u0107avanja otpadnih voda; geomehani\u010dki i geodetski elaborati; glavni i izvedbeni projekti za razdjelni sustav odvodnje i pro\u010di\u0161\u0107avanje otpadnih voda; predavanja za podizanje svijesti stanovni\u0161tva i zaga\u0111iva\u010da o za\u0161titi okoli\u0161a i inovativnim mjerama za\u0161tite voda; zajedni\u010dke press konferencije o projektu; zajedni\u010dke radio emisije; bro\u0161ure; plakati.<\/p>\n<\/div><\/section><\/p><\/div>\n<style type=\"text\/css\" data-created_by=\"avia_inline_auto\" id=\"style-css-av-av_one_half-2a64de42b738552fe666ca889af77e28\">\n.flex_column.av-av_one_half-2a64de42b738552fe666ca889af77e28{\nborder-radius:0px 0px 0px 0px;\n-webkit-border-radius:0px 0px 0px 0px;\n-moz-border-radius:0px 0px 0px 0px;\n}\n<\/style>\n<div class='flex_column av-av_one_half-2a64de42b738552fe666ca889af77e28 av_one_half  avia-builder-el-6  el_after_av_one_half  el_before_av_one_half  flex_column_div av-zero-column-padding column-top-margin'   ><section  class='av_textblock_section av-av_textblock-0366cc7376be6c9e82a3e9cc8987b64f'  itemscope=\"itemscope\" itemtype=\"https:\/\/schema.org\/CreativeWork\" ><div class='avia_textblock'  itemprop=\"text\" ><table border=\"1\" width=\"637\" cellspacing=\"0\" cellpadding=\"7\">\n<colgroup>\n<col width=\"210\" \/>\n<col width=\"397\" \/> <\/colgroup>\n<tbody>\n<tr>\n<td bgcolor=\"#f2f2f2\" width=\"210\" height=\"8\"><b>Naziv projekta<\/b><\/td>\n<td width=\"397\">Za\u0161tita pitke vode Op\u0107ine Nedeli\u0161\u0107e i Ob\u010dine Sredi\u0161\u0107e ob Dravi<\/td>\n<\/tr>\n<tr>\n<td bgcolor=\"#f2f2f2\" width=\"210\" height=\"9\"><b>EFRR sredstava<\/b><\/td>\n<td width=\"397\">327.489,80 EUR<\/td>\n<\/tr>\n<tr>\n<td bgcolor=\"#f2f2f2\" width=\"210\" height=\"9\"><b>Trajanje projekta <\/b><\/p>\n<p><b>(mjesec\/godina \u2013 mjesec\/godina)<\/b><\/td>\n<td width=\"397\">01.05.2010. &#8211; 31.03.2012.<\/td>\n<\/tr>\n<tr>\n<td bgcolor=\"#f2f2f2\" width=\"210\" height=\"9\"><b>Vode\u0107i partner<\/b><\/td>\n<td width=\"397\">Me\u0111imurske vode d.o.o.<\/td>\n<\/tr>\n<tr>\n<td bgcolor=\"#f2f2f2\" width=\"210\" height=\"9\"><b>Partneri<\/b><\/td>\n<td width=\"397\">Ob\u010dina Sredi\u0161\u0107e ob Dravi<\/p>\n<p>Ekoremedijacijski tehnolo\u0161ki centar Celje<\/p>\n<p>Razvojna agencija Grada \u010cakovca<\/p>\n<p>Ljudska univerza Ormo\u017e<\/td>\n<\/tr>\n<tr>\n<td bgcolor=\"#f2f2f2\" width=\"210\" height=\"9\"><b>Uklju\u010dene regije<\/b><\/td>\n<td width=\"397\">SI: Podravska regija<\/p>\n<p>HR: Me\u0111imurska \u017eupanija<\/td>\n<\/tr>\n<tr>\n<td bgcolor=\"#f2f2f2\" width=\"210\" height=\"8\"><b>Internetska stranica projekta<\/b><\/td>\n<td width=\"397\">HR: <span style=\"color: #0000ff;\"><u><a href=\"http:\/\/medjimurske-vode.hr\/medunarodni-projekti\/pijemo_istu_vodu\/\">http:\/\/medjimurske-vode.hr\/medunarodni-projekti\/pijemo_istu_vodu\/<\/a><\/u><\/span><\/td>\n<\/tr>\n<\/tbody>\n<\/table>\n<\/div><\/section><br \/>\n<section  class='av_textblock_section av-av_textblock-0366cc7376be6c9e82a3e9cc8987b64f'  itemscope=\"itemscope\" itemtype=\"https:\/\/schema.org\/CreativeWork\" ><div class='avia_textblock'  itemprop=\"text\" ><p><i><b>Osnovni postignuti rezultati i realizirane aktivnosti <\/b><\/i><i>(kvantitativni podaci; max. 3 &#8211; 5)<\/i><\/p>\n<p align=\"JUSTIFY\">1 zajedni\u010dka strategija za\u0161tite voda na podru\u010dju Ob\u010dine Sredi\u0161\u0107e ob Dravi i Op\u0107ine Nedeli\u0161\u0107e;<\/p>\n<p align=\"JUSTIFY\">1 komplet tehni\u010dke dokumentacije za izgradnju sustava odvodnje u Op\u0107ini Nedeli\u0161\u0107e;<\/p>\n<p align=\"JUSTIFY\">1 komplet tehni\u010dke dokumentacije za izgradnju sustava odvodnje u Ob\u010dini Sredi\u0161\u0107e ob Dravi.<\/p>\n<\/div><\/section><\/p><\/div>\n<style type=\"text\/css\" data-created_by=\"avia_inline_auto\" id=\"style-css-av-av_one_half-352b07ef7d3bc99b2e9f92e7a9e06bdb\">\n.flex_column.av-av_one_half-352b07ef7d3bc99b2e9f92e7a9e06bdb{\nborder-radius:0px 0px 0px 0px;\n-webkit-border-radius:0px 0px 0px 0px;\n-moz-border-radius:0px 0px 0px 0px;\n}\n<\/style>\n<div class='flex_column av-av_one_half-352b07ef7d3bc99b2e9f92e7a9e06bdb av_one_half  avia-builder-el-9  el_after_av_one_half  avia-builder-el-last  first flex_column_div av-zero-column-padding column-top-margin'   ><\/div><\/p>\n","protected":false},"excerpt":{"rendered":"","protected":false},"author":3,"featured_media":0,"parent":1070,"menu_order":0,"comment_status":"closed","ping_status":"closed","template":"","meta":{"ngg_post_thumbnail":0},"acf":[],"_links":{"self":[{"href":"http:\/\/www.si-hr.eu\/hr2\/wp-json\/wp\/v2\/pages\/1129"}],"collection":[{"href":"http:\/\/www.si-hr.eu\/hr2\/wp-json\/wp\/v2\/pages"}],"about":[{"href":"http:\/\/www.si-hr.eu\/hr2\/wp-json\/wp\/v2\/types\/page"}],"author":[{"embeddable":true,"href":"http:\/\/www.si-hr.eu\/hr2\/wp-json\/wp\/v2\/users\/3"}],"replies":[{"embeddable":true,"href":"http:\/\/www.si-hr.eu\/hr2\/wp-json\/wp\/v2\/comments?post=1129"}],"version-history":[{"count":1,"href":"http:\/\/www.si-hr.eu\/hr2\/wp-json\/wp\/v2\/pages\/1129\/revisions"}],"predecessor-version":[{"id":1131,"href":"http:\/\/www.si-hr.eu\/hr2\/wp-json\/wp\/v2\/pages\/1129\/revisions\/1131"}],"up":[{"embeddable":true,"href":"http:\/\/www.si-hr.eu\/hr2\/wp-json\/wp\/v2\/pages\/1070"}],"wp:attachment":[{"href":"http:\/\/www.si-hr.eu\/hr2\/wp-json\/wp\/v2\/media?parent=1129"}],"curies":[{"name":"wp","href":"https:\/\/api.w.org\/{rel}","templated":true}]}}