{"id":269,"date":"2015-11-11T08:13:09","date_gmt":"2015-11-11T07:13:09","guid":{"rendered":"http:\/\/84.39.218.255\/hr2\/?page_id=269"},"modified":"2016-02-18T13:47:17","modified_gmt":"2016-02-18T12:47:17","slug":"program-sodelovanja","status":"publish","type":"page","link":"http:\/\/www.si-hr.eu\/hr2\/program\/program-sodelovanja\/","title":{"rendered":"Program suradnje"},"content":{"rendered":"<div id='layer_slider_1'  class='avia-layerslider main_color avia-shadow  avia-builder-el-0  el_before_av_one_fourth  avia-builder-el-first  container_wrap sidebar_right'  style='height: 251px;'  ><\/div><div id='after_layer_slider_1'  class='main_color av_default_container_wrap container_wrap sidebar_right'  ><div class='container av-section-cont-open' ><div class='template-page content  av-content-small alpha units'><div class='post-entry post-entry-type-page post-entry-269'><div class='entry-content-wrapper clearfix'>\n\n<style type=\"text\/css\" data-created_by=\"avia_inline_auto\" id=\"style-css-av-av_one_fourth-352b07ef7d3bc99b2e9f92e7a9e06bdb\">\n.flex_column.av-av_one_fourth-352b07ef7d3bc99b2e9f92e7a9e06bdb{\nborder-radius:0px 0px 0px 0px;\n-webkit-border-radius:0px 0px 0px 0px;\n-moz-border-radius:0px 0px 0px 0px;\n}\n<\/style>\n<div class='flex_column av-av_one_fourth-352b07ef7d3bc99b2e9f92e7a9e06bdb av_one_fourth  avia-builder-el-1  el_after_av_layerslider  el_before_av_three_fourth  avia-builder-el-first  first flex_column_div av-zero-column-padding '   ><div  class='tabcontainer av-av_tab_container-0bacd910096d11a3cec6dfb538798966 top_tab  avia-builder-el-2  avia-builder-el-no-sibling ' role='tablist'>\n<section class='av_tab_section av_tab_section av-av_tab-485a487407da72d7f14f258b3dcfbd39'  itemscope=\"itemscope\" itemtype=\"https:\/\/schema.org\/CreativeWork\" ><div class='tab active_tab' role='tab' tabindex='0' data-fake-id='#tab-id-1' aria-controls='tab-id-1-content'  itemprop=\"headline\" >Program suradnje INTERREG V-A Slovenija - Hrvatska<\/div><div id='tab-id-1-content' class='tab_content active_tab_content' aria-hidden=\"false\"><div class='tab_inner_content invers-color'  itemprop=\"text\" ><p><a href=\"http:\/\/84.39.218.255\/hr2\/wp-content\/uploads\/sites\/13\/2015\/10\/Program_suradnje_INTERREG_V-A_Slovenija_-_Hrvatska.pdf\" target=\"_blank\" rel=\"noopener\">Program suradnje INTERREG V-A Slovenija &#8211; Hrvatska<\/a><\/p>\n<\/div><\/div><\/section>\n<\/div><\/div>\n<style type=\"text\/css\" data-created_by=\"avia_inline_auto\" id=\"style-css-av-av_three_fourth-2a64de42b738552fe666ca889af77e28\">\n.flex_column.av-av_three_fourth-2a64de42b738552fe666ca889af77e28{\nborder-radius:0px 0px 0px 0px;\n-webkit-border-radius:0px 0px 0px 0px;\n-moz-border-radius:0px 0px 0px 0px;\n}\n<\/style>\n<div class='flex_column av-av_three_fourth-2a64de42b738552fe666ca889af77e28 av_three_fourth  avia-builder-el-3  el_after_av_one_fourth  el_before_av_one_full  flex_column_div av-zero-column-padding '   ><section  class='av_textblock_section av-av_textblock-0366cc7376be6c9e82a3e9cc8987b64f'  itemscope=\"itemscope\" itemtype=\"https:\/\/schema.org\/CreativeWork\" ><div class='avia_textblock'  itemprop=\"text\" ><p>Prekograni\u010dna suradnja izme\u0111u Slovenije i Hrvatske podr\u017eana je od 2003. godine uz pomo\u0107 nekoliko instrumenata EU-a, po\u010dev\u0161i od PHARE\/CARDS (2003), zatim trilateralnim Programom za susjedstvo Slovenija-Ma\u0111arska-Hrvatska (2004-2006) i Instrumentom za pretpristupnu pomo\u0107 (IPA) CBC (2007-2013). Administrativni i provedbeni sporazumi uvedeni u svakom programskom razdoblju, poput zajedni\u010dkog poziva na dostavu projektnih prijedloga, zajedni\u010dkih projekata, na\u010dela vode\u0107eg partnera i doprinosa za uklanjanje va\u017enih prepreka postepeno su pobolj\u0161ali uvjete za suradnju. Pristupanjem Hrvatske u EU-u 1. srpnja 2013. godine, novo razdoblje suradnje 2014. -2020. otvara nove mogu\u0107nosti i izazove.<\/p>\n<p>Prekograni\u010dna suradnja ima za cilj rije\u0161iti zajedni\u010dke izazove identificirane u pograni\u010dnom podru\u010dju te iskoristiti skriveni potencijal za rast u pograni\u010dnom podru\u010dju istovremeno pobolj\u0161avaju\u0107i proces suradnje u svrhu uskla\u0111enog razvoja Unije.<\/p>\n<\/div><\/section><\/div><\/p>\n\n<style type=\"text\/css\" data-created_by=\"avia_inline_auto\" id=\"style-css-av-av_one_full-352b07ef7d3bc99b2e9f92e7a9e06bdb\">\n.flex_column.av-av_one_full-352b07ef7d3bc99b2e9f92e7a9e06bdb{\nborder-radius:0px 0px 0px 0px;\n-webkit-border-radius:0px 0px 0px 0px;\n-moz-border-radius:0px 0px 0px 0px;\n}\n<\/style>\n<div class='flex_column av-av_one_full-352b07ef7d3bc99b2e9f92e7a9e06bdb av_one_full  avia-builder-el-5  el_after_av_three_fourth  avia-builder-el-last  first flex_column_div av-zero-column-padding column-top-margin'   ><section  class='av_textblock_section av-av_textblock-0366cc7376be6c9e82a3e9cc8987b64f'  itemscope=\"itemscope\" itemtype=\"https:\/\/schema.org\/CreativeWork\" ><div class='avia_textblock'  itemprop=\"text\" ><h4><strong><a href=\"http:\/\/84.39.218.255\/hr2\/wp-content\/uploads\/sites\/13\/2015\/11\/nuts3_program_area2.jpg\"><img decoding=\"async\" loading=\"lazy\" class=\"alignleft wp-image-403\" src=\"http:\/\/84.39.218.255\/hr2\/wp-content\/uploads\/sites\/13\/2015\/11\/nuts3_program_area2.jpg\" alt=\"nuts3_program_area2\" width=\"498\" height=\"352\" srcset=\"http:\/\/www.si-hr.eu\/hr2\/wp-content\/uploads\/sites\/13\/2015\/11\/nuts3_program_area2.jpg 3506w, http:\/\/www.si-hr.eu\/hr2\/wp-content\/uploads\/sites\/13\/2015\/11\/nuts3_program_area2-300x212.jpg 300w, http:\/\/www.si-hr.eu\/hr2\/wp-content\/uploads\/sites\/13\/2015\/11\/nuts3_program_area2-1030x729.jpg 1030w, http:\/\/www.si-hr.eu\/hr2\/wp-content\/uploads\/sites\/13\/2015\/11\/nuts3_program_area2-600x425.jpg 600w, http:\/\/www.si-hr.eu\/hr2\/wp-content\/uploads\/sites\/13\/2015\/11\/nuts3_program_area2-1500x1061.jpg 1500w, http:\/\/www.si-hr.eu\/hr2\/wp-content\/uploads\/sites\/13\/2015\/11\/nuts3_program_area2-260x185.jpg 260w, http:\/\/www.si-hr.eu\/hr2\/wp-content\/uploads\/sites\/13\/2015\/11\/nuts3_program_area2-705x499.jpg 705w, http:\/\/www.si-hr.eu\/hr2\/wp-content\/uploads\/sites\/13\/2015\/11\/nuts3_program_area2-450x318.jpg 450w\" sizes=\"(max-width: 498px) 100vw, 498px\" \/><\/a>PROGRAMSKO PODRU\u010cJE<\/strong><\/h4>\n<p><span style=\"color: #003366;\">Program suradnje Slovenija-Hrvatska (CP) obuhva\u0107a 17 NUTS 3 regija \u2013 statisti\u010dke regije u Sloveniji i \u017eupanije u Hrvatskoj:<\/span><\/p>\n<ul>\n<li><span style=\"color: #003366;\"><strong>Slovenija:<\/strong> Pomurska regija, Podravska regija, Savinjska regija, Zasavska regija, Posavska regija, Jugovzhodna Slovenija regija, Osrednjeslovenska regija, Primorsko-notranjska regija, Obalno-kra\u0161ka regija;<\/span><\/li>\n<\/ul>\n<ul>\n<li><span style=\"color: #003366;\"><strong>Hrvatska:<\/strong> Primorsko-goranska \u017eupanija, Istarska \u017eupanija, Grad Zagreb, Zagreba\u010dka \u017eupanija, Krapinsko-zagorska \u017eupanija, Vara\u017edinska \u017eupanija, Me\u0111imurska \u017eupanija i Karlova\u010dka \u017eupanija.<\/span><\/li>\n<\/ul>\n<\/div><\/section><br \/>\n<section  class='av_textblock_section av-av_textblock-0366cc7376be6c9e82a3e9cc8987b64f'  itemscope=\"itemscope\" itemtype=\"https:\/\/schema.org\/CreativeWork\" ><div class='avia_textblock'  itemprop=\"text\" ><h2><span style=\"color: #008000;\"><strong>Vizija: Povezani u zelenom.<\/strong><\/span><\/h2>\n<p><span style=\"color: #008000;\">\u201cProgram suradnje Slovenija-Hrvatska ima za cilj promicanje odr\u017eivog, sigurnog i vitalnog grani\u010dnog podru\u010dja te podr\u017eavanje pametnih pristupa o\u010duvanja, mobilizacije i upravljanja prirodnim i kulturnim bogatstvima za dobrobit ljudi koji \u017eive i rade ili samo posje\u0107uju programsko podru\u010dje.\u201d<\/span><\/p>\n<p>Vizija isti\u010de op\u0107i smjer prema odr\u017eivom razvoju. Primarni fokus bit \u0107e iskori\u0161tavanje prirodnih i kulturnih vrijednosti za uspostavu inovativnih, pametnih i u\u010dinkovitih rje\u0161enja za pomo\u0107 o\u010duvanju i unapre\u0111enju kvalitete okoli\u0161a i njegove raznolikosti s jedne strane te njegovog socioekonomskog potencijala s druge strane. Osiguravanje sigurnog i vitalnog podru\u010dja je od iznimne va\u017enosti za ljude, \u0161to bi se trebalo osigurati pove\u0107anjem kapaciteta za institucionalnu suradnju na svim razinama.<\/p>\n<h4><strong>\u00a0<\/strong><\/h4>\n<\/div><\/section><br \/>\n<section  class='av_textblock_section av-av_textblock-0366cc7376be6c9e82a3e9cc8987b64f'  itemscope=\"itemscope\" itemtype=\"https:\/\/schema.org\/CreativeWork\" ><div class='avia_textblock'  itemprop=\"text\" ><h2><strong>PRIORITETNE OSI PROGRAMA I CILJEVI<\/strong><\/h2>\n<p><em>\u00a0<\/em><\/p>\n<h4><strong>Prioritetna os 1:<\/strong> <strong>Integrirano upravljanje rizicima od poplava na prekograni\u010dnim rije\u010dnim slivovima <\/strong><\/h4>\n<ul>\n<li>Tematski cilj 5, Investicijski prioritet 5b: <strong>Promicanje ulaganja radi suo\u010davanja sa specifi\u010dnim rizicima, osiguravanje spremnosti na katastrofe i razvijanje sustava za upravljanje katastrofama<\/strong><\/li>\n<li><em>Smanjenje rizika od poplava u prekograni\u010dnim rije\u010dnim slivovima Dragonja, Kolpa\/Kupa, Sotla\/Sutla, Drava, Mura i Bregana <\/em><\/li>\n<\/ul>\n<p><em>\u00a0<\/em><\/p>\n<h4>Prioritetna os 2: <strong>O\u010duvanje i odr\u017eivo kori\u0161tenje prirodnih i kulturnih resursa<\/strong><\/h4>\n<ul>\n<li>Tematski cilj 6, Investicijski prioritet 6c: <strong>O\u010duvanje, za\u0161tita, promicanje te razvoj prirodne i kulturne ba\u0161tine<\/strong><\/li>\n<\/ul>\n<p><em>Aktivna za\u0161tita ba\u0161tine kroz odr\u017eivi turizam <\/em><\/p>\n<p><em>\u00a0<\/em><\/p>\n<ul>\n<li>Tematski cilj 6, Investicijski prioritet 6d: <strong>Za\u0161tita i obnova biolo\u0161ke raznolikosti i tla te promicanje usluge ekosustava, uklju\u010duju\u0107i mre\u017eu Natura 2000 i zelenu infrastrukturu<\/strong><\/li>\n<\/ul>\n<p><em>O\u010duvanje i obnova biolo\u0161ke raznolikosti i promicanje usluga ekosustava <\/em><\/p>\n<p><em>\u00a0<\/em><\/p>\n<h4>Prioritetna os 3: <strong>Zdrava, sigurna i pristupa\u010dna pograni\u010dna podru\u010dja<\/strong><\/h4>\n<ul>\n<li>Tematski cilj 11, Investicijski prioritet 11: <strong>Ja\u010danje institucionalnih kapaciteta javnih vlasti i dionika te u\u010dinkovita javna uprava kroz promicanje pravne i administrativne suradnje te suradnje izme\u0111u gra\u0111ana i institucija.<\/strong><\/li>\n<\/ul>\n<p><em>Stvaranje partnerstva izme\u0111u tijela javne vlasti i interesnih skupina za zdravo, sigurno i pristupa\u010dno programsko podru\u010dje <\/em><\/p>\n<h4><strong>\u00a0<\/strong><\/h4>\n<\/div><\/section><br \/>\n<section  class='av_textblock_section av-av_textblock-0366cc7376be6c9e82a3e9cc8987b64f'  itemscope=\"itemscope\" itemtype=\"https:\/\/schema.org\/CreativeWork\" ><div class='avia_textblock'  itemprop=\"text\" ><h2><strong>PRORA\u010cUN I FINANCIJSKI PLAN<\/strong><\/h2>\n<p>Ukupni programski prora\u010dun iznosi <strong>55,7 milijuna eura<\/strong> od kojih <strong>46,1 milijun eura<\/strong> dolazi iz Europskog fonda za regionalni razvoj.<\/p>\n<p>Prioritetna os 2 i 3 provest \u0107e se kroz otvorene pozive na dostavu projektnih prijedloga.<\/p>\n<p>U Prioritetnoj osi 1, strate\u0161kim projektima sredstva \u0107e dodijeliti direktno Odbor za pra\u0107enje. Program mo\u017ee sufinancirati projekte do maksimalno 85% ukupno prihvatljivih tro\u0161kova.<\/p>\n<p>Prora\u010dun se dijeli po prioritetnim osima kako slijedi:<\/p>\n<table width=\"90%\">\n<tbody>\n<tr>\n<td width=\"17%\">Prioritetna os<\/td>\n<td width=\"19%\"><\/td>\n<td width=\"26%\"><strong>Tematski cilj<\/strong><\/td>\n<td width=\"15%\">Potpora Unije (ERDF), EUR<\/td>\n<td width=\"20%\">Postotak ukupne EU potpore<\/td>\n<\/tr>\n<tr>\n<td width=\"17%\"><span style=\"color: #333333;\">Prioritetna os 1<\/span><\/td>\n<td width=\"19%\"><strong>Integrirano upravljanje rizicima od poplava na prekograni\u010dnim rije\u010dnim slivovima<\/strong><\/td>\n<td width=\"26%\">TC 5-IP 5b<\/p>\n<p>Promicanje ulaganja radi suo\u010davanja sa specifi\u010dnim rizicima, osiguravanje spremnosti na katastrofe i razvijanje sustava za upravljanje katastrofama<\/td>\n<td width=\"15%\">10.026.557<\/td>\n<td width=\"20%\">21,74 %<\/td>\n<\/tr>\n<tr>\n<td width=\"17%\">Prioritetna os 2<\/td>\n<td width=\"19%\"><strong>O\u010duvanje i odr\u017eivo kori\u0161tenje prirodnih i kulturnih resursa<\/strong><\/td>\n<td width=\"26%\">TC 6-IP 6c<\/p>\n<p>O\u010duvanje, za\u0161tita, promicanje te razvoj prirodne i kulturne ba\u0161tine<\/p>\n<p>TC 6-IP 6d<\/p>\n<p>Za\u0161tita i obnova biolo\u0161ke raznolikosti i tla te promicanje usluge ekosustava, uklju\u010duju\u0107i mre\u017eu Natura 2000 i zelenu infrastrukturu<\/td>\n<td width=\"15%\">28.074.358<\/td>\n<td width=\"20%\">60,88 %<\/td>\n<\/tr>\n<tr>\n<td width=\"17%\"><span style=\"color: #333333;\">Prioritetna os 3<\/span><\/td>\n<td width=\"19%\"><strong>Zdrava, sigurna i pristupa\u010dna pograni\u010dna podru\u010dja<\/strong><\/td>\n<td width=\"26%\">TC 11-IP 11<\/p>\n<p>Ja\u010danje institucionalnih kapaciteta javnih vlasti i dionika te u\u010dinkovita javna uprava kroz promicanje pravne i administrativne suradnje i suradnje izme\u0111u gra\u0111ana i institucija.<\/td>\n<td width=\"15%\">5.013.278<\/td>\n<td width=\"20%\">10,87 %<\/td>\n<\/tr>\n<tr>\n<td width=\"17%\">Prioritetna os 4<\/td>\n<td width=\"19%\"><strong>Tehni\u010dka pomo\u0107<\/strong><\/td>\n<td width=\"26%\"><span style=\"color: #333333;\">TP<\/span><\/td>\n<td width=\"15%\">3.000.000<\/td>\n<td width=\"20%\">6,51 %<\/td>\n<\/tr>\n<tr>\n<td width=\"17%\"><strong>Ukupno<\/strong><\/td>\n<td width=\"19%\"><strong>\u00a0<\/strong><\/td>\n<td width=\"26%\"><strong>\u00a0<\/strong><\/td>\n<td width=\"15%\"><strong>46.114.193<br \/>\n<\/strong><\/td>\n<td width=\"20%\"><strong>100 %<\/strong><\/td>\n<\/tr>\n<\/tbody>\n<\/table>\n<h4><strong>\u00a0<\/strong><\/h4>\n<\/div><\/section><\/p><\/div>\n","protected":false},"excerpt":{"rendered":"","protected":false},"author":1,"featured_media":0,"parent":187,"menu_order":0,"comment_status":"closed","ping_status":"closed","template":"","meta":{"ngg_post_thumbnail":0},"acf":[],"_links":{"self":[{"href":"http:\/\/www.si-hr.eu\/hr2\/wp-json\/wp\/v2\/pages\/269"}],"collection":[{"href":"http:\/\/www.si-hr.eu\/hr2\/wp-json\/wp\/v2\/pages"}],"about":[{"href":"http:\/\/www.si-hr.eu\/hr2\/wp-json\/wp\/v2\/types\/page"}],"author":[{"embeddable":true,"href":"http:\/\/www.si-hr.eu\/hr2\/wp-json\/wp\/v2\/users\/1"}],"replies":[{"embeddable":true,"href":"http:\/\/www.si-hr.eu\/hr2\/wp-json\/wp\/v2\/comments?post=269"}],"version-history":[{"count":16,"href":"http:\/\/www.si-hr.eu\/hr2\/wp-json\/wp\/v2\/pages\/269\/revisions"}],"predecessor-version":[{"id":609,"href":"http:\/\/www.si-hr.eu\/hr2\/wp-json\/wp\/v2\/pages\/269\/revisions\/609"}],"up":[{"embeddable":true,"href":"http:\/\/www.si-hr.eu\/hr2\/wp-json\/wp\/v2\/pages\/187"}],"wp:attachment":[{"href":"http:\/\/www.si-hr.eu\/hr2\/wp-json\/wp\/v2\/media?parent=269"}],"curies":[{"name":"wp","href":"https:\/\/api.w.org\/{rel}","templated":true}]}}