{"id":2936,"date":"2015-09-17T13:39:06","date_gmt":"2015-09-17T12:39:06","guid":{"rendered":"http:\/\/84.39.218.255\/wp-content\/uploads\/2015\/09\/?page_id=2936"},"modified":"2016-01-18T09:36:13","modified_gmt":"2016-01-18T08:36:13","slug":"skupni-tehnicni-sekretariat","status":"publish","type":"page","link":"http:\/\/www.si-hr.eu\/si\/o-nas\/kontakt\/skupni-tehnicni-sekretariat\/","title":{"rendered":"Skupni tehni\u010dni sekretariat"},"content":{"rendered":"<p>Slu\u017eba Vlade Republike Slovenije za razvoj in Evropsko kohezijsko politiko<br \/>\nKotnikova 5, SI-1000 Ljubljana<\/p>\n<p>Vodja Skupnega tehni\u010dnega sekretariata:<br \/>\n<b>mag. Gordana Stani\u0161i\u0107<\/b><br \/>\nTel. +386 (0)1 400 3342<br \/>\nE-po\u0161ta: <a href=\"mailto:si-hr.svrk@gov.si\">si-hr.svrk@gov.si<\/a><\/p>\n<p>Obve\u0161\u010damo vas, da na Skupnem tehni\u010dnem sekretariatu Operativnega programa SI-HR 2007-2013 uvajamo uradne ure. V \u010dasu uradnih ur, ki bodo potekale <b>ob torkih in \u010detrtkih med 8:30 in 12:30 uro<\/b>, bo Skupni tehni\u010dni sekretariat odgovarjal na telefonske klice in na prejeta e-sporo\u010dila.<\/p>\n<p>Kontaktne osebe:<\/p>\n<p><b>Maja Krsti\u0107<\/b><br \/>\nTel. +386 (0)1 400 3498<br \/>\nE-po\u0161ta: <a href=\"mailto:si-hr.svrk@gov.si\">si-hr.svrk@gov.si<\/a><\/p>\n<p><b>Anja Remic<\/b><br \/>\nTel. +386 (0)1 400 3499<br \/>\nE-po\u0161ta: <a href=\"mailto:si-hr.svrk@gov.si\">si-hr.svrk@gov.si<\/a><\/p>\n<p><b><br \/>\nTereza \u010cernigoj <\/b><br \/>\nTel: +386 (0)1 400 3409<br \/>\nE-po\u0161ta: <span id=\"eeEncEmail_nhesJ1HbV3\"><a href=\"mailto:tereza.cernigoj@gov.si\">tereza.cernigoj@gov.si<\/a><\/span><\/p>\n<p><b>Barbara Kra\u0161ovec<\/b><br \/>\nTel: +386 (0)1 400 3698<br \/>\nE-po\u0161ta: <span id=\"eeEncEmail_qRULozNprD\"><a href=\"mailto:barbara.krasovec@gov.si\">barbara.krasovec@gov.si<\/a><\/span><\/p>\n","protected":false},"excerpt":{"rendered":"<p>Slu\u017eba Vlade Republike Slovenije za razvoj in Evropsko kohezijsko politiko Kotnikova 5, SI-1000 Ljubljana Vodja Skupnega tehni\u010dnega sekretariata: mag. Gordana Stani\u0161i\u0107 Tel. +386 (0)1 400 3342 E-po\u0161ta: si-hr.svrk@gov.si Obve\u0161\u010damo vas, &hellip; <a href=\"http:\/\/www.si-hr.eu\/si\/o-nas\/kontakt\/skupni-tehnicni-sekretariat\/\" class=\"more-link\">Preberi ve\u010d <span class=\"screen-reader-text\">Skupni tehni\u010dni sekretariat<\/span> <span class=\"meta-nav\">&rarr;<\/span><\/a><\/p>\n","protected":false},"author":1,"featured_media":0,"parent":2932,"menu_order":0,"comment_status":"closed","ping_status":"closed","template":"","meta":{"ngg_post_thumbnail":0},"acf":[],"_links":{"self":[{"href":"http:\/\/www.si-hr.eu\/si\/wp-json\/wp\/v2\/pages\/2936"}],"collection":[{"href":"http:\/\/www.si-hr.eu\/si\/wp-json\/wp\/v2\/pages"}],"about":[{"href":"http:\/\/www.si-hr.eu\/si\/wp-json\/wp\/v2\/types\/page"}],"author":[{"embeddable":true,"href":"http:\/\/www.si-hr.eu\/si\/wp-json\/wp\/v2\/users\/1"}],"replies":[{"embeddable":true,"href":"http:\/\/www.si-hr.eu\/si\/wp-json\/wp\/v2\/comments?post=2936"}],"version-history":[{"count":2,"href":"http:\/\/www.si-hr.eu\/si\/wp-json\/wp\/v2\/pages\/2936\/revisions"}],"predecessor-version":[{"id":8969,"href":"http:\/\/www.si-hr.eu\/si\/wp-json\/wp\/v2\/pages\/2936\/revisions\/8969"}],"up":[{"embeddable":true,"href":"http:\/\/www.si-hr.eu\/si\/wp-json\/wp\/v2\/pages\/2932"}],"wp:attachment":[{"href":"http:\/\/www.si-hr.eu\/si\/wp-json\/wp\/v2\/media?parent=2936"}],"curies":[{"name":"wp","href":"https:\/\/api.w.org\/{rel}","templated":true}]}}

Skupni tehnični sekretariat

<p>Služba Vlade Republike Slovenije za razvoj in Evropsko kohezijsko politiko<br />
Kotnikova 5, SI-1000 Ljubljana</p>
<p>Vodja Skupnega tehničnega sekretariata:<br />
<b>mag. Gordana Stanišić</b><br />
Tel. +386 (0)1 400 3342<br />
E-pošta: <a href="mailto:si-hr.svrk@gov.si">si-hr.svrk@gov.si</a></p>
<p>Obveščamo vas, da na Skupnem tehničnem sekretariatu Operativnega programa SI-HR 2007-2013 uvajamo uradne ure. V času uradnih ur, ki bodo potekale <b>ob torkih in četrtkih med 8:30 in 12:30 uro</b>, bo Skupni tehnični sekretariat odgovarjal na telefonske klice in na prejeta e-sporočila.</p>
<p>Kontaktne osebe:</p>
<p><b>Maja Krstić</b><br />
Tel. +386 (0)1 400 3498<br />
E-pošta: <a href="mailto:si-hr.svrk@gov.si">si-hr.svrk@gov.si</a></p>
<p><b>Anja Remic</b><br />
Tel. +386 (0)1 400 3499<br />
E-pošta: <a href="mailto:si-hr.svrk@gov.si">si-hr.svrk@gov.si</a></p>
<p><b><br />
Tereza Černigoj </b><br />
Tel: +386 (0)1 400 3409<br />
E-pošta: <span id="eeEncEmail_nhesJ1HbV3"><a href="mailto:tereza.cernigoj@gov.si">tereza.cernigoj@gov.si</a></span></p>
<p><b>Barbara Krašovec</b><br />
Tel: +386 (0)1 400 3698<br />
E-pošta: <span id="eeEncEmail_qRULozNprD"><a href="mailto:barbara.krasovec@gov.si">barbara.krasovec@gov.si</a></span></p>

<p>Služba Vlade Republike Slovenije za razvoj in Evropsko kohezijsko politiko Kotnikova 5, SI-1000 Ljubljana Vodja Skupnega tehničnega sekretariata: mag. Gordana Stanišić Tel. +386 (0)1 400 3342 E-pošta: si-hr.svrk@gov.si Obveščamo vas, &hellip; <a href="http://www.si-hr.eu/si/o-nas/kontakt/skupni-tehnicni-sekretariat/" class="more-link">Preberi več <span class="screen-reader-text">Skupni tehnični sekretariat</span> <span class="meta-nav">&rarr;</span></a></p>
