{"id":2940,"date":"2015-09-17T13:39:54","date_gmt":"2015-09-17T12:39:54","guid":{"rendered":"http:\/\/84.39.218.255\/wp-content\/uploads\/2015\/09\/?page_id=2940"},"modified":"2015-09-17T13:39:54","modified_gmt":"2015-09-17T12:39:54","slug":"organizacijska-struktura","status":"publish","type":"page","link":"http:\/\/www.si-hr.eu\/si\/o-nas\/organizacijska-struktura\/","title":{"rendered":"Organizacijska struktura"},"content":{"rendered":"<p><b>ORGAN UPRAVLJANJA (OU)<\/b><br \/>\nSlu\u017eba vlade Republike Slovenije za razvoj<br \/>\nin evropsko kohezijsko politiko<br \/>\nUrad za evropsko teritorialno sodelovanje in finan\u010dne mehanizme<br \/>\nKotnikova 5<br \/>\nSI-1000 Ljubljana<br \/>\n<b><\/p>\n<p>SKUPNI TEHNI\u010cNI SEKRETARIAT (STS)<\/b><br \/>\nSlu\u017eba vlade Republike Slovenije za razvoj<br \/>\nin evropsko kohezijsko politiko<br \/>\nUrad za evropsko teritorialno sodelovanje in finan\u010dne mehanizme<br \/>\nKotnikova 5<br \/>\nSI-1000 Ljubljana<br \/>\nTel.: +386 (0)1 400 3342<\/p>\n<p>E-po\u0161ta: <span id=\"eeEncEmail_xIoaR0YcPV\"><a href=\"mailto:jts-si-hr.svlr@gov.si\">jts-si-hr.svlr@gov.si<\/a><\/span><\/p>\n<p><b>ORGAN ZA POTRJEVANJE (OP)<\/b><br \/>\nJavni sklad RS za regionalni razvoj<br \/>\n\u0160krab\u010dev trg 9a<br \/>\n1310 Ribnica<br \/>\nTel.: +386 (0)1 836 19 53<br \/>\nFax: +386 (0)1 836 19 56<\/p>\n<p><b>REVIZIJSKI ORGAN (RO)<\/b><br \/>\nMinistrstvo za finance, Urad za nadzor prora\u010duna<br \/>\nFajfarjeva 33<br \/>\nSI-1000 Ljubljana<br \/>\nTel.: +386 01 369 69 00<br \/>\nFax: +386 01 369 69 14<\/p>\n<p><b>SKUPNI NADZORNI ODBOR (SNO)<\/b><br \/>\nRedni \u010dlani<br \/>\nOpazovalci<br \/>\nEvropska komisija<\/p>\n","protected":false},"excerpt":{"rendered":"<p>ORGAN UPRAVLJANJA (OU) Slu\u017eba vlade Republike Slovenije za razvoj in evropsko kohezijsko politiko Urad za evropsko teritorialno sodelovanje in finan\u010dne mehanizme Kotnikova 5 SI-1000 Ljubljana SKUPNI TEHNI\u010cNI SEKRETARIAT (STS) Slu\u017eba &hellip; <a href=\"http:\/\/www.si-hr.eu\/si\/o-nas\/organizacijska-struktura\/\" class=\"more-link\">Preberi ve\u010d <span class=\"screen-reader-text\">Organizacijska struktura<\/span> <span class=\"meta-nav\">&rarr;<\/span><\/a><\/p>\n","protected":false},"author":1,"featured_media":0,"parent":15,"menu_order":0,"comment_status":"closed","ping_status":"closed","template":"","meta":{"ngg_post_thumbnail":0},"acf":[],"_links":{"self":[{"href":"http:\/\/www.si-hr.eu\/si\/wp-json\/wp\/v2\/pages\/2940"}],"collection":[{"href":"http:\/\/www.si-hr.eu\/si\/wp-json\/wp\/v2\/pages"}],"about":[{"href":"http:\/\/www.si-hr.eu\/si\/wp-json\/wp\/v2\/types\/page"}],"author":[{"embeddable":true,"href":"http:\/\/www.si-hr.eu\/si\/wp-json\/wp\/v2\/users\/1"}],"replies":[{"embeddable":true,"href":"http:\/\/www.si-hr.eu\/si\/wp-json\/wp\/v2\/comments?post=2940"}],"version-history":[{"count":1,"href":"http:\/\/www.si-hr.eu\/si\/wp-json\/wp\/v2\/pages\/2940\/revisions"}],"predecessor-version":[{"id":2941,"href":"http:\/\/www.si-hr.eu\/si\/wp-json\/wp\/v2\/pages\/2940\/revisions\/2941"}],"up":[{"embeddable":true,"href":"http:\/\/www.si-hr.eu\/si\/wp-json\/wp\/v2\/pages\/15"}],"wp:attachment":[{"href":"http:\/\/www.si-hr.eu\/si\/wp-json\/wp\/v2\/media?parent=2940"}],"curies":[{"name":"wp","href":"https:\/\/api.w.org\/{rel}","templated":true}]}}

<p><b>ORGAN UPRAVLJANJA (OU)</b><br />
Služba vlade Republike Slovenije za razvoj<br />
in evropsko kohezijsko politiko<br />
Urad za evropsko teritorialno sodelovanje in finančne mehanizme<br />
Kotnikova 5<br />
SI-1000 Ljubljana<br />
<b></p>
<p>SKUPNI TEHNIČNI SEKRETARIAT (STS)</b><br />
Služba vlade Republike Slovenije za razvoj<br />
in evropsko kohezijsko politiko<br />
Urad za evropsko teritorialno sodelovanje in finančne mehanizme<br />
Kotnikova 5<br />
SI-1000 Ljubljana<br />
Tel.: +386 (0)1 400 3342</p>
<p>E-pošta: <span id="eeEncEmail_xIoaR0YcPV"><a href="mailto:jts-si-hr.svlr@gov.si">jts-si-hr.svlr@gov.si</a></span></p>
<p><b>ORGAN ZA POTRJEVANJE (OP)</b><br />
Javni sklad RS za regionalni razvoj<br />
Škrabčev trg 9a<br />
1310 Ribnica<br />
Tel.: +386 (0)1 836 19 53<br />
Fax: +386 (0)1 836 19 56</p>
<p><b>REVIZIJSKI ORGAN (RO)</b><br />
Ministrstvo za finance, Urad za nadzor proračuna<br />
Fajfarjeva 33<br />
SI-1000 Ljubljana<br />
Tel.: +386 01 369 69 00<br />
Fax: +386 01 369 69 14</p>
<p><b>SKUPNI NADZORNI ODBOR (SNO)</b><br />
Redni člani<br />
Opazovalci<br />
Evropska komisija</p>

<p>ORGAN UPRAVLJANJA (OU) Služba vlade Republike Slovenije za razvoj in evropsko kohezijsko politiko Urad za evropsko teritorialno sodelovanje in finančne mehanizme Kotnikova 5 SI-1000 Ljubljana SKUPNI TEHNIČNI SEKRETARIAT (STS) Služba &hellip; <a href="http://www.si-hr.eu/si/o-nas/organizacijska-struktura/" class="more-link">Preberi več <span class="screen-reader-text">Organizacijska struktura</span> <span class="meta-nav">&rarr;</span></a></p>
