{"id":2043,"date":"2016-11-25T16:26:30","date_gmt":"2016-11-25T15:26:30","guid":{"rendered":"http:\/\/www.si-hr.eu\/si2\/?page_id=2043"},"modified":"2016-11-25T16:26:30","modified_gmt":"2016-11-25T15:26:30","slug":"heritage-live","status":"publish","type":"page","link":"http:\/\/www.si-hr.eu\/si2\/map-2\/heritage-live\/","title":{"rendered":"HERITAGE LIVE"},"content":{"rendered":"\n<style type=\"text\/css\" data-created_by=\"avia_inline_auto\" id=\"style-css-av-av_one_full-352b07ef7d3bc99b2e9f92e7a9e06bdb\">\n.flex_column.av-av_one_full-352b07ef7d3bc99b2e9f92e7a9e06bdb{\nborder-radius:0px 0px 0px 0px;\n-webkit-border-radius:0px 0px 0px 0px;\n-moz-border-radius:0px 0px 0px 0px;\n}\n<\/style>\n<div class='flex_column av-av_one_full-352b07ef7d3bc99b2e9f92e7a9e06bdb av_one_full  avia-builder-el-0  el_before_av_one_half  avia-builder-el-first  first flex_column_div av-zero-column-padding '   ><style type=\"text\/css\" data-created_by=\"avia_inline_auto\" id=\"style-css-av-av_heading-1daf6adb621fc0e25710b350524793e7\">\n#top .av-special-heading.av-av_heading-1daf6adb621fc0e25710b350524793e7{\npadding-bottom:10px;\n}\nbody .av-special-heading.av-av_heading-1daf6adb621fc0e25710b350524793e7 .av-special-heading-tag .heading-char{\nfont-size:25px;\n}\n.av-special-heading.av-av_heading-1daf6adb621fc0e25710b350524793e7 .av-subheading{\nfont-size:15px;\n}\n<\/style>\n<div  class='av-special-heading av-av_heading-1daf6adb621fc0e25710b350524793e7 av-special-heading-h3 blockquote modern-quote modern-centered  avia-builder-el-1  avia-builder-el-no-sibling '><h3 class='av-special-heading-tag'  itemprop=\"headline\"  >GOSPODARSKI IN SOCIALNI RAZVOJ<br \/>\nSOCIALNA INTEGRACIJA<\/h3><div class=\"special-heading-border\"><div class=\"special-heading-inner-border\"><\/div><\/div><\/div><\/div>\n<style type=\"text\/css\" data-created_by=\"avia_inline_auto\" id=\"style-css-av-av_one_half-352b07ef7d3bc99b2e9f92e7a9e06bdb\">\n.flex_column.av-av_one_half-352b07ef7d3bc99b2e9f92e7a9e06bdb{\nborder-radius:0px 0px 0px 0px;\n-webkit-border-radius:0px 0px 0px 0px;\n-moz-border-radius:0px 0px 0px 0px;\n}\n<\/style>\n<div class='flex_column av-av_one_half-352b07ef7d3bc99b2e9f92e7a9e06bdb av_one_half  avia-builder-el-2  el_after_av_one_full  el_before_av_one_half  first flex_column_div av-zero-column-padding column-top-margin'   ><p>\n<style type=\"text\/css\" data-created_by=\"avia_inline_auto\" id=\"style-css-av-av_image-4522cfbc03610a0628ea1c7e917924d3\">\n.avia-image-container.av-av_image-4522cfbc03610a0628ea1c7e917924d3 .av-image-caption-overlay-center{\ncolor:#ffffff;\n}\n<\/style>\n<div  class='avia-image-container av-av_image-4522cfbc03610a0628ea1c7e917924d3 av-styling- avia-align-center  avia-builder-el-3  el_before_av_textblock  avia-builder-el-first '  itemprop=\"image\" itemscope=\"itemscope\" itemtype=\"https:\/\/schema.org\/ImageObject\" ><div class=\"avia-image-container-inner\"><div class=\"avia-image-overlay-wrap\"><img decoding=\"async\" class='wp-image-2045 avia-img-lazy-loading-not-2045 avia_image' src=\"http:\/\/www.si-hr.eu\/si2\/wp-content\/uploads\/sites\/14\/2016\/11\/HERITAGE-LIVE.jpg\" alt='' title='HERITAGE LIVE'  height=\"225\" width=\"300\"  itemprop=\"thumbnailUrl\"  \/><\/div><\/div><\/div><br \/>\n<section  class='av_textblock_section av-av_textblock-0366cc7376be6c9e82a3e9cc8987b64f'  itemscope=\"itemscope\" itemtype=\"https:\/\/schema.org\/CreativeWork\" ><div class='avia_textblock'  itemprop=\"text\" ><p style=\"text-align: center;\"><strong>HERITAGE LIVE<\/strong><\/p>\n<\/div><\/section><br \/>\n<section  class='av_textblock_section av-av_textblock-0366cc7376be6c9e82a3e9cc8987b64f'  itemscope=\"itemscope\" itemtype=\"https:\/\/schema.org\/CreativeWork\" ><div class='avia_textblock'  itemprop=\"text\" ><p><span lang=\"sl-SI\"><i><b>Opis vsebine projekta<\/b><\/i><\/span><\/p>\n<p align=\"JUSTIFY\"><span lang=\"sl-SI\">Specifi\u010dni \u010dezmejni cilji projekta so bili: spodbuditi ohranjanje in o\u017eivljanje kulturne dedi\u0161\u010dine in s tem krepiti identiteto; okrepiti in razvijati znanja in orodja za ohranjanje, o\u017eivljanje in predstavitev kulturne dedi\u0161\u010dine; pove\u010dati sinergijske u\u010dinke s skupno promocijo skupne kulturne dedi\u0161\u010dine; okrepiti medkulturne izmenjave, mobilnost strokovnjakov in umetnikov ter \u010dezmejno sodelovanje; ter podpreti vklju\u010devanje kulturne dedi\u0161\u010dine med vire za razvoj \u010dezmejnega obmo\u010dja. S tem je projekt uresni\u010dil specifi\u010dne \u010dezmejne cilje programa, saj je vzpostavil pogoje za bolj\u0161o izrabo kulturnih virov v razvojne namene, zagotovil podporo lokalnim akterjem, ki o\u017eivljajo kulturne in dru\u017ebene vezi v obmejni regiji, zagotovil sodelovanje na podro\u010dju kulture med civilnimi organizacijami, ob\u010dinami in izobra\u017eevalnimi organizacijami ter zagotovil podporo skupni kulturni dedi\u0161\u010dini obmejnega obmo\u010dja in skupnim naporom za prepoznavanje, ohranjanje, obnavljanje in prikazovanje skupne kulturne dedi\u0161\u010dine regije. Projekt je je zagotovil vzpostavljanje skupnega kulturnega in socialnega prostora v slovensko-hrva\u0161kem obmejnem prostoru.<\/span><\/p>\n<\/div><\/section><br \/>\n<section  class='av_textblock_section av-av_textblock-0366cc7376be6c9e82a3e9cc8987b64f'  itemscope=\"itemscope\" itemtype=\"https:\/\/schema.org\/CreativeWork\" ><div class='avia_textblock'  itemprop=\"text\" ><p><span lang=\"sl-SI\"><i><b>Klju\u010dni dose\u017eeni rezultati in izvedene aktivnosti <\/b><\/i><\/span><span lang=\"sl-SI\"><i>(kvantitanivni podatki; max. 3 &#8211; 5)<\/i><\/span><\/p>\n<p><span lang=\"sl-SI\">1 \u0161tudija in smernice za opredelitev avtenti\u010dnosti prireditev v Istri, ki so iz\u0161le v obliki publikacije z naslovom Istrski praznik: preteklost, sedanjost, avtenti\u010dnost;<\/span><\/p>\n<p><span lang=\"sl-SI\">1 publikacija na temo informacijskih orodij z naslovom HERITAGE LIVE: Upravljanje dedi\u0161\u010dine z informacijskimi orodji;<\/span><\/p>\n<p><span lang=\"sl-SI\">1 doktorski \u0161tudijski program Upravljanje kulturnih virov in arhivov (3. Stopnja).<\/span><\/p>\n<\/div><\/section><\/p><\/div>\n<style type=\"text\/css\" data-created_by=\"avia_inline_auto\" id=\"style-css-av-av_one_half-2a64de42b738552fe666ca889af77e28\">\n.flex_column.av-av_one_half-2a64de42b738552fe666ca889af77e28{\nborder-radius:0px 0px 0px 0px;\n-webkit-border-radius:0px 0px 0px 0px;\n-moz-border-radius:0px 0px 0px 0px;\n}\n<\/style>\n<div class='flex_column av-av_one_half-2a64de42b738552fe666ca889af77e28 av_one_half  avia-builder-el-7  el_after_av_one_half  el_before_av_image  flex_column_div av-zero-column-padding column-top-margin'   ><section  class='av_textblock_section av-av_textblock-0366cc7376be6c9e82a3e9cc8987b64f'  itemscope=\"itemscope\" itemtype=\"https:\/\/schema.org\/CreativeWork\" ><div class='avia_textblock'  itemprop=\"text\" ><table border=\"1\" width=\"636\" cellspacing=\"0\" cellpadding=\"7\">\n<colgroup>\n<col width=\"200\" \/>\n<col width=\"406\" \/> <\/colgroup>\n<tbody>\n<tr>\n<td bgcolor=\"#f2f2f2\" width=\"200\" height=\"8\"><span lang=\"sl-SI\"><b>Naslov projekta<\/b><\/span><\/td>\n<td bgcolor=\"#ffffff\" width=\"406\">\n<p align=\"JUSTIFY\"><span lang=\"sl-SI\">\u017diva, o\u017eivljena, do\u017eiveta kulturna dedi\u0161\u010dina: Projekt usposabljanja na podro\u010dju prepoznavanja, ohranjanja in predstavitve kulturne dedi\u0161\u010dine slovensko-hrva\u0161kega \u010dezmejnega obmo\u010dja <\/span><\/p>\n<\/td>\n<\/tr>\n<tr>\n<td bgcolor=\"#f2f2f2\" width=\"200\" height=\"9\"><span lang=\"sl-SI\"><b>ESRR sredstva<\/b><\/span><\/td>\n<td bgcolor=\"#ffffff\" width=\"406\">\n<p align=\"JUSTIFY\"><span lang=\"sl-SI\">298.062,04 EUR<\/span><\/p>\n<\/td>\n<\/tr>\n<tr>\n<td bgcolor=\"#f2f2f2\" width=\"200\" height=\"9\"><span lang=\"sl-SI\"><b>Trajanje projekta <\/b><\/span><\/p>\n<p><span lang=\"sl-SI\"><b>(mesec\/leto \u2013 mesec\/leto)<\/b><\/span><\/td>\n<td bgcolor=\"#ffffff\" width=\"406\">\n<p align=\"JUSTIFY\"><span lang=\"sl-SI\">01.10.2009-31.03.2012<\/span><\/p>\n<\/td>\n<\/tr>\n<tr>\n<td bgcolor=\"#f2f2f2\" width=\"200\" height=\"9\"><span lang=\"sl-SI\"><b>Vodilni partner<\/b><\/span><\/td>\n<td bgcolor=\"#ffffff\" width=\"406\">\n<p align=\"JUSTIFY\"><span lang=\"sl-SI\">Univerza na Primorskem, Fakulteta za humanisti\u010dne \u0161tudije<\/span><\/p>\n<\/td>\n<\/tr>\n<tr>\n<td bgcolor=\"#f2f2f2\" width=\"200\" height=\"9\"><span lang=\"sl-SI\"><b>Partnerji<\/b><\/span><\/td>\n<td bgcolor=\"#ffffff\" width=\"406\">\n<p align=\"JUSTIFY\"><span style=\"color: #000000;\"><span lang=\"sl-SI\">Mestna ob\u010dina Koper<\/span><\/span><\/p>\n<p align=\"JUSTIFY\"><span style=\"color: #000000;\"><span lang=\"sl-SI\">Ob\u010dina Piran<\/span><\/span><\/p>\n<p align=\"JUSTIFY\"><span style=\"color: #000000;\"> <span lang=\"sl-SI\">Ob\u010dina Izola<\/span><\/span><\/p>\n<p align=\"JUSTIFY\"><span style=\"color: #000000;\"><span lang=\"sl-SI\">Arhivsko dru\u0161tvo Slovenije<\/span><\/span><\/p>\n<p align=\"JUSTIFY\"><span style=\"color: #000000;\"> <span lang=\"sl-SI\">Sveu\u010dili\u0161te u Zagrebu <\/span><\/span><\/p>\n<p align=\"JUSTIFY\"><span style=\"color: #000000;\"><span lang=\"sl-SI\">Op\u0107ina Umag<\/span><\/span><\/p>\n<p align=\"JUSTIFY\"><span style=\"color: #000000;\"><span lang=\"sl-SI\">Op\u0107ina Buje<\/span><\/span><\/p>\n<p align=\"JUSTIFY\"><span style=\"color: #000000;\"><span lang=\"sl-SI\">Op\u0107ina Lani\u0161\u0107e<\/span><\/span><\/p>\n<p align=\"JUSTIFY\"><span style=\"color: #000000;\"><span lang=\"sl-SI\">Hrvatsko arhivisti\u010dko dru\u0161tvo<\/span><\/span><\/p>\n<\/td>\n<\/tr>\n<tr>\n<td bgcolor=\"#f2f2f2\" width=\"200\" height=\"9\"><span lang=\"sl-SI\"><b>Vklju\u010dene regije<\/b><\/span><\/td>\n<td bgcolor=\"#ffffff\" width=\"406\">\n<p align=\"JUSTIFY\"><span lang=\"sl-SI\">SI: Obalno-kra\u0161ka regija, Osrednjeslovenska regija<\/span><\/p>\n<p align=\"JUSTIFY\"><span lang=\"sl-SI\">HR:<\/span> <span lang=\"sl-SI\">Grad Zagreb, Istarska \u017eupanija<\/span><\/p>\n<\/td>\n<\/tr>\n<tr>\n<td bgcolor=\"#f2f2f2\" width=\"200\" height=\"8\"><span lang=\"sl-SI\"><b>Spletna stran projekta<\/b><\/span><\/td>\n<td bgcolor=\"#ffffff\" width=\"406\">\n<p align=\"JUSTIFY\"><span lang=\"sl-SI\">HR: <a href=\"http:\/\/heritage-live.eu\/\">http:\/\/heritage-live.eu\/<\/a><\/span><\/p>\n<\/td>\n<\/tr>\n<\/tbody>\n<\/table>\n<\/div><\/section><\/div>\n<style type=\"text\/css\" data-created_by=\"avia_inline_auto\" id=\"style-css-av-av_image-6db30df8efcba243d0f49c3aa2d3452d\">\n.avia-image-container.av-av_image-6db30df8efcba243d0f49c3aa2d3452d .av-image-caption-overlay-center{\ncolor:#ffffff;\n}\n<\/style>\n<div  class='avia-image-container av-av_image-6db30df8efcba243d0f49c3aa2d3452d av-styling- avia-align-center  avia-builder-el-9  el_after_av_one_half  avia-builder-el-last '  itemprop=\"image\" itemscope=\"itemscope\" itemtype=\"https:\/\/schema.org\/ImageObject\" ><div class=\"avia-image-container-inner\"><div class=\"avia-image-overlay-wrap\"><img decoding=\"async\" class='wp-image-2044 avia-img-lazy-loading-not-2044 avia_image' src=\"http:\/\/www.si-hr.eu\/si2\/wp-content\/uploads\/sites\/14\/2016\/11\/HERITAGE-LIVE-logo.png\" alt='' title='HERITAGE LIVE logo'  height=\"231\" width=\"231\"  itemprop=\"thumbnailUrl\" srcset=\"http:\/\/www.si-hr.eu\/si2\/wp-content\/uploads\/sites\/14\/2016\/11\/HERITAGE-LIVE-logo.png 231w, http:\/\/www.si-hr.eu\/si2\/wp-content\/uploads\/sites\/14\/2016\/11\/HERITAGE-LIVE-logo-80x80.png 80w, http:\/\/www.si-hr.eu\/si2\/wp-content\/uploads\/sites\/14\/2016\/11\/HERITAGE-LIVE-logo-36x36.png 36w, http:\/\/www.si-hr.eu\/si2\/wp-content\/uploads\/sites\/14\/2016\/11\/HERITAGE-LIVE-logo-180x180.png 180w, http:\/\/www.si-hr.eu\/si2\/wp-content\/uploads\/sites\/14\/2016\/11\/HERITAGE-LIVE-logo-120x120.png 120w\" sizes=\"(max-width: 231px) 100vw, 231px\" \/><\/div><\/div><\/div><\/p>\n","protected":false},"excerpt":{"rendered":"","protected":false},"author":3,"featured_media":0,"parent":1483,"menu_order":0,"comment_status":"closed","ping_status":"closed","template":"","meta":{"ngg_post_thumbnail":0},"acf":[],"_links":{"self":[{"href":"http:\/\/www.si-hr.eu\/si2\/wp-json\/wp\/v2\/pages\/2043"}],"collection":[{"href":"http:\/\/www.si-hr.eu\/si2\/wp-json\/wp\/v2\/pages"}],"about":[{"href":"http:\/\/www.si-hr.eu\/si2\/wp-json\/wp\/v2\/types\/page"}],"author":[{"embeddable":true,"href":"http:\/\/www.si-hr.eu\/si2\/wp-json\/wp\/v2\/users\/3"}],"replies":[{"embeddable":true,"href":"http:\/\/www.si-hr.eu\/si2\/wp-json\/wp\/v2\/comments?post=2043"}],"version-history":[{"count":2,"href":"http:\/\/www.si-hr.eu\/si2\/wp-json\/wp\/v2\/pages\/2043\/revisions"}],"predecessor-version":[{"id":2047,"href":"http:\/\/www.si-hr.eu\/si2\/wp-json\/wp\/v2\/pages\/2043\/revisions\/2047"}],"up":[{"embeddable":true,"href":"http:\/\/www.si-hr.eu\/si2\/wp-json\/wp\/v2\/pages\/1483"}],"wp:attachment":[{"href":"http:\/\/www.si-hr.eu\/si2\/wp-json\/wp\/v2\/media?parent=2043"}],"curies":[{"name":"wp","href":"https:\/\/api.w.org\/{rel}","templated":true}]}}