{"id":257,"date":"2015-10-14T13:59:02","date_gmt":"2015-10-14T12:59:02","guid":{"rendered":"http:\/\/84.39.218.255\/si2\/?page_id=257"},"modified":"2019-02-06T08:22:21","modified_gmt":"2019-02-06T07:22:21","slug":"prijava-na-e-novice","status":"publish","type":"page","link":"http:\/\/www.si-hr.eu\/si2\/prijava-na-e-novice\/","title":{"rendered":"Prijava na e-novice"},"content":{"rendered":"\n<style type=\"text\/css\" data-created_by=\"avia_inline_auto\" id=\"style-css-av-av_one_full-352b07ef7d3bc99b2e9f92e7a9e06bdb\">\n.flex_column.av-av_one_full-352b07ef7d3bc99b2e9f92e7a9e06bdb{\nborder-radius:0px 0px 0px 0px;\n-webkit-border-radius:0px 0px 0px 0px;\n-moz-border-radius:0px 0px 0px 0px;\n}\n<\/style>\n<div class='flex_column av-av_one_full-352b07ef7d3bc99b2e9f92e7a9e06bdb av_one_full  avia-builder-el-0  avia-builder-el-no-sibling  first flex_column_div av-zero-column-padding '   ><section  class='av_textblock_section av-av_textblock-2de302bf1aa3cf4c9157dbe6f50ac7eb'  itemscope=\"itemscope\" itemtype=\"https:\/\/schema.org\/CreativeWork\" ><div class='avia_textblock'  itemprop=\"text\" ><header class=\"entry-content-header\">\n<h3 class=\"iconbox_content_title\">E-NOVICE<\/h3>\n<\/header>\n<div class=\"iconbox_content_container \">\n<p>Prijavite se na e-novice in na svoj elektronski naslov boste prejemali brezpla\u010dna obvestila o dogodkih o Operativnem programu Slovenija-Hrva\u0161ka 2014-2020. Dane podatke bomo uporabljali le za obve\u0161\u010danje.<\/p>\n<\/div>\n<\/div><\/section><\/div>\n","protected":false},"excerpt":{"rendered":"","protected":false},"author":3,"featured_media":0,"parent":0,"menu_order":0,"comment_status":"closed","ping_status":"closed","template":"","meta":{"ngg_post_thumbnail":0},"acf":[],"_links":{"self":[{"href":"http:\/\/www.si-hr.eu\/si2\/wp-json\/wp\/v2\/pages\/257"}],"collection":[{"href":"http:\/\/www.si-hr.eu\/si2\/wp-json\/wp\/v2\/pages"}],"about":[{"href":"http:\/\/www.si-hr.eu\/si2\/wp-json\/wp\/v2\/types\/page"}],"author":[{"embeddable":true,"href":"http:\/\/www.si-hr.eu\/si2\/wp-json\/wp\/v2\/users\/3"}],"replies":[{"embeddable":true,"href":"http:\/\/www.si-hr.eu\/si2\/wp-json\/wp\/v2\/comments?post=257"}],"version-history":[{"count":5,"href":"http:\/\/www.si-hr.eu\/si2\/wp-json\/wp\/v2\/pages\/257\/revisions"}],"predecessor-version":[{"id":4375,"href":"http:\/\/www.si-hr.eu\/si2\/wp-json\/wp\/v2\/pages\/257\/revisions\/4375"}],"wp:attachment":[{"href":"http:\/\/www.si-hr.eu\/si2\/wp-json\/wp\/v2\/media?parent=257"}],"curies":[{"name":"wp","href":"https:\/\/api.w.org\/{rel}","templated":true}]}}