{"id":45,"date":"2015-10-02T21:43:14","date_gmt":"2015-10-02T20:43:14","guid":{"rendered":"http:\/\/84.39.218.252\/si2\/?page_id=45"},"modified":"2025-04-10T08:19:43","modified_gmt":"2025-04-10T07:19:43","slug":"javni-razpis-za-projekte","status":"publish","type":"page","link":"http:\/\/www.si-hr.eu\/si2\/javni-razpis\/javni-razpis-za-projekte\/","title":{"rendered":"Odprti javni razpis"},"content":{"rendered":"<div id='layer_slider_1'  class='avia-layerslider main_color avia-shadow  avia-builder-el-0  el_before_av_one_half  avia-builder-el-first  container_wrap sidebar_right'  style='height: 251px;'  ><\/div><div id='after_layer_slider_1'  class='main_color av_default_container_wrap container_wrap sidebar_right'  ><div class='container av-section-cont-open' ><div class='template-page content  av-content-small alpha units'><div class='post-entry post-entry-type-page post-entry-45'><div class='entry-content-wrapper clearfix'>\n\n<style type=\"text\/css\" data-created_by=\"avia_inline_auto\" id=\"style-css-av-44c2x-ec216e848df5920e4f8c79f8de9c6d7d\">\n.flex_column.av-44c2x-ec216e848df5920e4f8c79f8de9c6d7d{\nborder-radius:0px 0px 0px 0px;\n-webkit-border-radius:0px 0px 0px 0px;\n-moz-border-radius:0px 0px 0px 0px;\n}\n<\/style>\n<div class='flex_column av-44c2x-ec216e848df5920e4f8c79f8de9c6d7d av_one_half  avia-builder-el-1  el_after_av_layerslider  el_before_av_one_half  avia-builder-el-first  first flex_column_div av-zero-column-padding '   ><section  class='av_textblock_section av-31wa9-9edd04f6cea1ee4a1db193350b6215c8'  itemscope=\"itemscope\" itemtype=\"https:\/\/schema.org\/CreativeWork\" ><div class='avia_textblock'  itemprop=\"text\" ><h4><strong>JAVNI RAZPIS IN&nbsp;RAZPISNA DOKUMENTACIJA<\/strong><\/h4>\n<p>Na tej strani je objavljen javni razpis Programa sodelovanja Interreg V-A Slovenija-Hrva\u0161ka za obdobje 2014-2020.<\/p>\n<p>Program se izvaja na osnovi <strong>odprtega javnega razpisa<\/strong>. <strong>To pomeni, da lahko prijavitelji vloge predlo\u017eijo neprekinjeno od objave razpisa naprej oziroma dokler so sredstva na voljo.<\/strong><\/p>\n<p>Prijave, ki bodo prejete do navedenega roka in bodo izpolnjevale vse zahteve, bodo predlo\u017eene v odlo\u010ditev Odboru za spremljanje na njegovem naslednjem zasedanju.<\/p>\n<p>Prvi rok za predlo\u017eitev vlog je potekel 11. marca 2016. Drugi rok za predlo\u017eitev vlog se je zaklju\u010dil 14. novembra 2016. Tretji&nbsp;rok za predlo\u017eitev vlog se je zaklju\u010dil 27. septembra 2017.<\/p>\n<p><strong>\u010cetrti&nbsp;rok za predlo\u017eitev vlog se bo zaklju\u010dil 12. oktobra 2021 ob 12.00 uri.&nbsp;&nbsp;&nbsp;&nbsp;&nbsp;&nbsp;&nbsp;&nbsp;&nbsp;&nbsp;&nbsp;&nbsp;&nbsp;&nbsp;&nbsp;&nbsp;&nbsp;&nbsp;&nbsp;&nbsp; <\/strong><strong>Novica o \u010detrtem roku je na voljo na slede\u010di povezavi: <a href=\"http:\/\/www.si-hr.eu\/si2\/2021\/07\/15\/usmerjen-4-rok-za-projekte-s-podrocja-zagotavljanja-varnosti-civilna-zascita-resevalne-sluzbe-in-resevalci-in-podrocja-cezmejnih-javnih-prevozov-in-storitev-trajnostne-mobilnosti-odprt-do-12-10\/\">Usmerjen 4. rok<\/a><br \/>\n<\/strong><\/p>\n<p>Za splo\u0161na vpra\u0161anja o javnem razpisu vas napro\u0161amo, da nas kontaktirate preko elektronske po\u0161te <a href=\"mailto:si-hr.svrk@gov.si\">si-hr.svrk@gov.si<\/a> ali telefona <strong>+386 1 400 3435<\/strong>.<\/p>\n<p><a href=\"https:\/\/ems.si-hr.eu\/ems\" target=\"_blank\" rel=\"noopener\"><img decoding=\"async\" loading=\"lazy\" class=\"alignleft wp-image-782 \" src=\"http:\/\/84.39.218.255\/si2\/wp-content\/uploads\/sites\/14\/2015\/09\/ems_SI-HR_logo-300x260.png\" alt=\"ems_SI-HR_logo\" width=\"200\" height=\"174\" srcset=\"http:\/\/www.si-hr.eu\/si2\/wp-content\/uploads\/sites\/14\/2015\/09\/ems_SI-HR_logo-300x260.png 300w, http:\/\/www.si-hr.eu\/si2\/wp-content\/uploads\/sites\/14\/2015\/09\/ems_SI-HR_logo-450x391.png 450w, http:\/\/www.si-hr.eu\/si2\/wp-content\/uploads\/sites\/14\/2015\/09\/ems_SI-HR_logo.png 561w\" sizes=\"(max-width: 200px) 100vw, 200px\" \/><\/a><\/p>\n<\/div><\/section><\/div>\n<style type=\"text\/css\" data-created_by=\"avia_inline_auto\" id=\"style-css-av-2rm59-06a42d1601ab6b02199ccb9c787def1c\">\n.flex_column.av-2rm59-06a42d1601ab6b02199ccb9c787def1c{\nborder-radius:0px 0px 0px 0px;\n-webkit-border-radius:0px 0px 0px 0px;\n-moz-border-radius:0px 0px 0px 0px;\n}\n<\/style>\n<div class='flex_column av-2rm59-06a42d1601ab6b02199ccb9c787def1c av_one_half  avia-builder-el-3  el_after_av_one_half  el_before_av_hr  flex_column_div av-zero-column-padding '   ><section  class='av_textblock_section av-2dqdl-8b0a53005a6f3e075601287f32965c6c'  itemscope=\"itemscope\" itemtype=\"https:\/\/schema.org\/CreativeWork\" ><div class='avia_textblock'  itemprop=\"text\" ><h4>DOKUMENTI<\/h4>\n<p><em>Predhodne verzije dokumentov najdete <a href=\"http:\/\/84.39.218.255\/si2\/navodila\/\" target=\"_blank\" rel=\"noopener\">tukaj<\/a>.<\/em><\/p>\n<p>Javni razpis Programa sodelovanja Interreg V-A SI-HR:<\/p>\n<ul>\n<li><a href=\"http:\/\/www.si-hr.eu\/si2\/download\/Javni-razpis.pdf\" >Javni razpis Interreg V-A SI-HR<\/a><\/li>\n<\/ul>\n<p>Priro\u010dnik o izvajanju projektov za upravi\u010dence:<\/p>\n<ul>\n<li><a href=\"http:\/\/84.39.218.255\/si2\/wp-content\/uploads\/sites\/14\/2016\/09\/Prirocnik_1_del_-_O_programu.pdf\" target=\"_blank\" rel=\"noopener\">Priro\u010dnik 1. del &#8211; O programu<\/a><\/li>\n<li><a href=\"http:\/\/www.si-hr.eu\/si2\/download\/Prirocnik_2_del_-_Razvoj_projekta.pdf\" >Priro\u010dnik 2. del - Razvoj projekta<\/a><\/li>\n<li><a href=\"http:\/\/www.si-hr.eu\/si2\/download\/Prirocnik_3_del_-_Prijava_in_ocenjevanje_2.pdf\" >Priro\u010dnik 3. del - Prijava in ocenjevanje<\/a><\/li>\n<li><a href=\"http:\/\/www.si-hr.eu\/si2\/wp-content\/uploads\/sites\/14\/2015\/10\/Prirocnik_4_-_Upravicenost_izdatkov_02_17.pdf\" target=\"_blank\" rel=\"noopener\">Priro\u010dnik 4. del &#8211; Upravi\u010denost izdatkov<\/a><\/li>\n<li><a href=\"http:\/\/www.si-hr.eu\/si2\/wp-content\/uploads\/sites\/14\/2015\/12\/Prirocnik_5-07_2019.pdf\">Priro\u010dnik 5. del &#8211; Poro\u010danje o napredku projekta<\/a><\/li>\n<li><a href=\"http:\/\/www.si-hr.eu\/si2\/wp-content\/uploads\/sites\/14\/2015\/12\/Dodatek-k-zakljucnemu-porocilu.docx\">DODATEK k zaklju\u010dnemu poro\u010dilu<\/a><\/li>\n<li><a href=\"http:\/\/84.39.218.255\/si2\/wp-content\/uploads\/sites\/14\/2015\/10\/Prirocnik_6_del_-_Informiranje_in_obvescanje.pdf\" target=\"_blank\" rel=\"noopener\">Priro\u010dnik 6. del &#8211; Informiranje in obve\u0161\u010danje<\/a><\/li>\n<li><a href=\"http:\/\/www.si-hr.eu\/si2\/wp-content\/uploads\/sites\/14\/2015\/12\/7-del-Arhiviranje-in-zakljucevanje_julij-2019.pdf\">Priro\u010dnik 7. del &#8211; Arhiviranje in zaklju\u010devanje<\/a><\/li>\n<\/ul>\n<p>Obvezne priloge k prijavnici:<\/p>\n<ul>\n<li><a href=\"http:\/\/84.39.218.255\/si2\/wp-content\/uploads\/sites\/14\/2016\/09\/Partnerski_sporazum.docx\" target=\"_blank\" rel=\"noopener\">Partnerski sporazum<\/a><\/li>\n<li><a href=\"http:\/\/84.39.218.255\/si2\/wp-content\/uploads\/sites\/14\/2016\/09\/Izjava_vodilnega_partnerja.docx\" target=\"_blank\" rel=\"noopener\">Izjava vodilnega partnerja<\/a><\/li>\n<li><a href=\"http:\/\/84.39.218.255\/si2\/wp-content\/uploads\/sites\/14\/2016\/09\/Izjava_projektnega_partnerja.docx\" target=\"_blank\" rel=\"noopener\">Izjava projektnega partnerja<\/a><\/li>\n<\/ul>\n<p>Vzorec Pogodbe o sofinanciranju iz sredstev ESRR:<\/p>\n<ul>\n<li><a href=\"http:\/\/84.39.218.255\/si2\/wp-content\/uploads\/sites\/14\/2016\/09\/Vzorec_ESRR_Pogodbe_o_sofinanciranju.docx\" target=\"_blank\" rel=\"noopener\">Vzorec Pogodbe o sofinanciranju iz sredstev ESRR<\/a><\/li>\n<\/ul>\n<p>Program sodelovanja Interreg V-A Slovenia-Hrva\u0161ka:<\/p>\n<ul>\n<li><a href=\"http:\/\/www.si-hr.eu\/si2\/wp-content\/uploads\/sites\/14\/2015\/10\/Program-sodelovanja-INTERREG-V-A-SI-HR.pdf\" target=\"_blank\" rel=\"noopener\">Program sodelovanja INTERREG V-A SI-HR<\/a><\/li>\n<\/ul>\n<p>Za&nbsp;informacijo\/pripomo\u010dek si lahko&nbsp;pogledate \u201coffline\u201d predlogo prijavnice (ta dokument ni del uradne razpisne dokumentacije). Prosimo upo\u0161tevajte, da&nbsp;lahko prijavnico skupaj z vsemi obveznimi prilogami oddate le v sistemu eMS.<\/p>\n<ul>\n<li><a href=\"http:\/\/84.39.218.255\/si2\/wp-content\/uploads\/sites\/14\/2016\/09\/Prijavnica_vzorec.docx\" target=\"_blank\" rel=\"noopener\">Prijavnica &#8211; vzorec<\/a><\/li>\n<\/ul>\n<p>Korigendum razpisne dokumentacije<\/p>\n<ul>\n<li><a href=\"http:\/\/www.si-hr.eu\/si2\/download\/Korigendum-razpisne-dokumentacije.pdf\">Korigendum razpisne dokumentacije<\/a>, 15.7.2021<\/li>\n<li><a href=\"http:\/\/www.si-hr.eu\/si2\/download\/Sprememba-javnega-razpisa-9.6.2017_.pdf\" >Sprememba javnega razpisa<\/a>, 9.6.2017<\/li>\n<\/ul>\n<\/div><\/section><\/div><\/p>\n<div  class='hr av-1awuh-5dfb22c1fd1b2712ea8a744c10b805f8 hr-default  avia-builder-el-5  el_after_av_one_half  el_before_av_textblock '><span class='hr-inner '><span class=\"hr-inner-style\"><\/span><\/span><\/div>\n<section  class='av_textblock_section av-rfrl-80d571ded181427becea06e998e4ec96'  itemscope=\"itemscope\" itemtype=\"https:\/\/schema.org\/CreativeWork\" ><div class='avia_textblock'  itemprop=\"text\" ><p>Program sodelovanja Interreg V-A Slovenija-Hrva\u0161ka uporablja <a href=\"http:\/\/ec.europa.eu\/social\/main.jsp?catId=325&amp;intPageId=3587&amp;langId=sl\"><strong>orodje za oceno tveganja ARACHNE<\/strong><\/a><\/p>\n<h2>&nbsp;<\/h2>\n<\/div><\/section>\n","protected":false},"excerpt":{"rendered":"","protected":false},"author":3,"featured_media":0,"parent":42,"menu_order":0,"comment_status":"closed","ping_status":"closed","template":"","meta":{"ngg_post_thumbnail":0},"acf":[],"_links":{"self":[{"href":"http:\/\/www.si-hr.eu\/si2\/wp-json\/wp\/v2\/pages\/45"}],"collection":[{"href":"http:\/\/www.si-hr.eu\/si2\/wp-json\/wp\/v2\/pages"}],"about":[{"href":"http:\/\/www.si-hr.eu\/si2\/wp-json\/wp\/v2\/types\/page"}],"author":[{"embeddable":true,"href":"http:\/\/www.si-hr.eu\/si2\/wp-json\/wp\/v2\/users\/3"}],"replies":[{"embeddable":true,"href":"http:\/\/www.si-hr.eu\/si2\/wp-json\/wp\/v2\/comments?post=45"}],"version-history":[{"count":39,"href":"http:\/\/www.si-hr.eu\/si2\/wp-json\/wp\/v2\/pages\/45\/revisions"}],"predecessor-version":[{"id":7042,"href":"http:\/\/www.si-hr.eu\/si2\/wp-json\/wp\/v2\/pages\/45\/revisions\/7042"}],"up":[{"embeddable":true,"href":"http:\/\/www.si-hr.eu\/si2\/wp-json\/wp\/v2\/pages\/42"}],"wp:attachment":[{"href":"http:\/\/www.si-hr.eu\/si2\/wp-json\/wp\/v2\/media?parent=45"}],"curies":[{"name":"wp","href":"https:\/\/api.w.org\/{rel}","templated":true}]}}