{"id":6980,"date":"2024-05-19T19:07:43","date_gmt":"2024-05-19T18:07:43","guid":{"rendered":"http:\/\/www.si-hr.eu\/si2\/?page_id=6980"},"modified":"2024-05-20T07:38:18","modified_gmt":"2024-05-20T06:38:18","slug":"kapitalizacija-projektov-programskega-obdobja-2014-2020","status":"publish","type":"page","link":"http:\/\/www.si-hr.eu\/si2\/program\/kapitalizacija-projektov-programskega-obdobja-2014-2020\/","title":{"rendered":"KAPITALIZACIJA PROJEKTOV PROGRAMSKEGA OBDOBJA 2014-2020"},"content":{"rendered":"<div id='layer_slider_1'  class='avia-layerslider main_color avia-shadow  avia-builder-el-0  el_before_av_one_fifth  avia-builder-el-first  container_wrap sidebar_right'  style='height: 251px;'  ><\/div><div id='after_layer_slider_1'  class='main_color av_default_container_wrap container_wrap sidebar_right'  ><div class='container av-section-cont-open' ><div class='template-page content  av-content-small alpha units'><div class='post-entry post-entry-type-page post-entry-6980'><div class='entry-content-wrapper clearfix'>\n\n<style type=\"text\/css\" data-created_by=\"avia_inline_auto\" id=\"style-css-av-ldc1er-e8221c894f2687aeb48895635521d151\">\n.flex_column.av-ldc1er-e8221c894f2687aeb48895635521d151{\nborder-radius:0px 0px 0px 0px;\n-webkit-border-radius:0px 0px 0px 0px;\n-moz-border-radius:0px 0px 0px 0px;\n}\n<\/style>\n<div class='flex_column av-ldc1er-e8221c894f2687aeb48895635521d151 av_one_fifth  avia-builder-el-1  el_after_av_layerslider  el_before_av_three_fifth  avia-builder-el-first  first flex_column_div av-zero-column-padding '   ><\/div>\n\n<style type=\"text\/css\" data-created_by=\"avia_inline_auto\" id=\"style-css-av-ii1jo3-68103c1d370780bda5b43eb95586ad84\">\n.flex_column.av-ii1jo3-68103c1d370780bda5b43eb95586ad84{\nborder-radius:0px 0px 0px 0px;\n-webkit-border-radius:0px 0px 0px 0px;\n-moz-border-radius:0px 0px 0px 0px;\n}\n<\/style>\n<div class='flex_column av-ii1jo3-68103c1d370780bda5b43eb95586ad84 av_three_fifth  avia-builder-el-2  el_after_av_one_fifth  el_before_av_one_fifth  flex_column_div av-zero-column-padding '   ><style type=\"text\/css\" data-created_by=\"avia_inline_auto\" id=\"style-css-av-hijwar-603af5d40ce96cc02252114c7bdc77e9\">\n.avia-image-container.av-hijwar-603af5d40ce96cc02252114c7bdc77e9 .av-image-caption-overlay-center{\ncolor:#ffffff;\n}\n<\/style>\n<div  class='avia-image-container av-hijwar-603af5d40ce96cc02252114c7bdc77e9 av-styling- avia-align-center  avia-builder-el-3  avia-builder-el-no-sibling '  itemprop=\"image\" itemscope=\"itemscope\" itemtype=\"https:\/\/schema.org\/ImageObject\" ><div class=\"avia-image-container-inner\"><div class=\"avia-image-overlay-wrap\"><img decoding=\"async\" class='wp-image-7028 avia-img-lazy-loading-not-7028 avia_image' src=\"http:\/\/www.si-hr.eu\/si2\/wp-content\/uploads\/sites\/14\/2024\/05\/kapitaliz._cover-1030x503.png\" alt='' title='kapitaliz._cover'  height=\"503\" width=\"1030\"  itemprop=\"thumbnailUrl\" srcset=\"http:\/\/www.si-hr.eu\/si2\/wp-content\/uploads\/sites\/14\/2024\/05\/kapitaliz._cover-1030x503.png 1030w, http:\/\/www.si-hr.eu\/si2\/wp-content\/uploads\/sites\/14\/2024\/05\/kapitaliz._cover-300x146.png 300w, http:\/\/www.si-hr.eu\/si2\/wp-content\/uploads\/sites\/14\/2024\/05\/kapitaliz._cover-768x375.png 768w, http:\/\/www.si-hr.eu\/si2\/wp-content\/uploads\/sites\/14\/2024\/05\/kapitaliz._cover-600x293.png 600w, http:\/\/www.si-hr.eu\/si2\/wp-content\/uploads\/sites\/14\/2024\/05\/kapitaliz._cover-705x344.png 705w, http:\/\/www.si-hr.eu\/si2\/wp-content\/uploads\/sites\/14\/2024\/05\/kapitaliz._cover.png 1432w\" sizes=\"(max-width: 1030px) 100vw, 1030px\" \/><\/div><\/div><\/div><\/div>\n\n<style type=\"text\/css\" data-created_by=\"avia_inline_auto\" id=\"style-css-av-g3v9kj-0441052b38bff1c167ddeb5b9ffdfe56\">\n.flex_column.av-g3v9kj-0441052b38bff1c167ddeb5b9ffdfe56{\nborder-radius:0px 0px 0px 0px;\n-webkit-border-radius:0px 0px 0px 0px;\n-moz-border-radius:0px 0px 0px 0px;\n}\n<\/style>\n<div class='flex_column av-g3v9kj-0441052b38bff1c167ddeb5b9ffdfe56 av_one_fifth  avia-builder-el-4  el_after_av_three_fifth  el_before_av_one_full  flex_column_div av-zero-column-padding '   ><\/div>\n\n<style type=\"text\/css\" data-created_by=\"avia_inline_auto\" id=\"style-css-av-av_one_full-d3367839b90fa10d0091ac185a66b338\">\n.flex_column.av-av_one_full-d3367839b90fa10d0091ac185a66b338{\nborder-radius:0px 0px 0px 0px;\n-webkit-border-radius:0px 0px 0px 0px;\n-moz-border-radius:0px 0px 0px 0px;\n}\n<\/style>\n<div class='flex_column av-av_one_full-d3367839b90fa10d0091ac185a66b338 av_one_full  avia-builder-el-5  el_after_av_one_fifth  el_before_av_one_full  first flex_column_div av-zero-column-padding column-top-margin'   ><style type=\"text\/css\" data-created_by=\"avia_inline_auto\" id=\"style-css-av-lwelh2pm-48f3f86fe1e5f0bd1f7595273cc17e54\">\n#top .av-special-heading.av-lwelh2pm-48f3f86fe1e5f0bd1f7595273cc17e54{\npadding-bottom:4px;\n}\nbody .av-special-heading.av-lwelh2pm-48f3f86fe1e5f0bd1f7595273cc17e54 .av-special-heading-tag .heading-char{\nfont-size:25px;\n}\n.av-special-heading.av-lwelh2pm-48f3f86fe1e5f0bd1f7595273cc17e54 .av-subheading{\nfont-size:15px;\n}\n<\/style>\n<div  class='av-special-heading av-lwelh2pm-48f3f86fe1e5f0bd1f7595273cc17e54 av-special-heading-h4 blockquote modern-quote modern-centered  avia-builder-el-6  avia-builder-el-no-sibling '><h4 class='av-special-heading-tag'  itemprop=\"headline\"  >Omogo\u010diti \u017eelimo \u0161ir\u0161o dostopnost znanja in rezultatov, ki so nastali s projekti 2014-2020, obenem pa spodbujamo ponovno uporabo in\/ali prenos tega znanja ter teh rezultatov.<\/h4><div class=\"special-heading-border\"><div class=\"special-heading-inner-border\"><\/div><\/div><\/div><\/div>\n<style type=\"text\/css\" data-created_by=\"avia_inline_auto\" id=\"style-css-av-e93i2r-959b3c6a9bdb2de2cbabc8d680290adf\">\n.flex_column.av-e93i2r-959b3c6a9bdb2de2cbabc8d680290adf{\nborder-radius:0px 0px 0px 0px;\n-webkit-border-radius:0px 0px 0px 0px;\n-moz-border-radius:0px 0px 0px 0px;\n}\n<\/style>\n<div class='flex_column av-e93i2r-959b3c6a9bdb2de2cbabc8d680290adf av_one_full  avia-builder-el-7  el_after_av_one_full  el_before_av_one_half  first flex_column_div av-zero-column-padding column-top-margin'   ><p>\n<style type=\"text\/css\" data-created_by=\"avia_inline_auto\" id=\"style-css-av-cc3shv-c25662c4ded66a66ae97b494bf4b41a9\">\n#top .av_textblock_section.av-cc3shv-c25662c4ded66a66ae97b494bf4b41a9 .avia_textblock{\nfont-size:15px;\n}\n<\/style>\n<section  class='av_textblock_section av-cc3shv-c25662c4ded66a66ae97b494bf4b41a9'  itemscope=\"itemscope\" itemtype=\"https:\/\/schema.org\/CreativeWork\" ><div class='avia_textblock'  itemprop=\"text\" ><\/div><\/section><br \/>\n<div  class='tabcontainer av-bgnobn-33539f085d11ba4185d421919c4c7235 sidebar_tab sidebar_tab_left  avia-builder-el-9  el_after_av_textblock  avia-builder-el-last  noborder_tabs' role='tablist'>\n<section class='av_tab_section av_tab_section av-91j3nn-c1be40ef512695c75a54af6e3b4c7794'  itemscope=\"itemscope\" itemtype=\"https:\/\/schema.org\/CreativeWork\" ><div class='tab active_tab' role='tab' tabindex='0' data-fake-id='#tab-id-1' aria-controls='tab-id-1-content'  itemprop=\"headline\" >POMEN KAPITALIZACIJE ZA INTERREG SLOVENIJA-HRVA\u0160KA<\/div><div id='tab-id-1-content' class='tab_content active_tab_content' aria-hidden=\"false\"><div class='tab_inner_content invers-color'  itemprop=\"text\" ><p>V letu 2023 je Ministrstvo za kohezijo in regionalni razvoj Republike Slovenije v vlogi Organa upravljanja, v sodelovanju z zunanjimi strokovnjaki pripravilo in izvedlo postopek kapitalizacije za&nbsp; Interreg program Slovenija-Hrva\u0161ka 2021-2027 (IP SI-HR 2021-2027).<\/p>\n<h6>&nbsp;<\/h6>\n<p>&#8220;Kapitalizacija&#8221; ni opredeljena v nobenem predpisu EU v obdobju 2014-2020, medtem ko je prav Interact leta 2016 prvi pripravil globalno opredelitev, ki kapitalizacijo opredeljuje kot &#8220;proces gradnje, namenjen konsolidaciji kapitala, ustvarjenega s projekti in programi Interreg, s ciljem omogo\u010diti ve\u010djo dostopnost znanja in rezultatov, ustvarjenih s projekti, pridobiti dodatne rezultate s primerjalno analizo in podrobno analizo vsebine, spodbujati ponovno uporabo in\/ali prenos tega znanja in teh rezultatov ter ozave\u0161\u010dati in izbolj\u0161ati komunikacijo rezultatov na posameznih podro\u010djih regionalne politike&#8221;.<\/p>\n<h6>&nbsp;<\/h6>\n<p>Med razvojem procesa kapitalizacije so bile izvedene naslednje dejavnosti:<\/p>\n<p>&#8211; analiza izvedenih projektov v programskem obdobju 2014-2020;<\/p>\n<p>&#8211; analiza upravi\u010dencev in ciljnih skupin v programskem obdobju 2014-2020;<\/p>\n<p>&#8211; intervjuji z upravi\u010denci projektov;<\/p>\n<p>&#8211; vzpostavitev spletne podatkovne zbirke z u\u010dinki in rezultati projektov, ki so bili ocenjeni kot projekti s potencialom za kapitalizacijo;<\/p>\n<p>&#8211; predlog tematskih sklopov projektov;<\/p>\n<p>&#8211; intervju s predstavniki programskih teles;<\/p>\n<p>&#8211; dve tematski delavnici o kapitalizaciji in<\/p>\n<p>&#8211; priro\u010dnik za kapitalizacijo.<\/p>\n<h6>&nbsp;<\/h6>\n<p>Spodaj je predstavljena podatkovna zbirka z izhodi\u0161\u010di in rezultati projektov Programa sodelovanja Interreg Slovenija-Hrva\u0161ka 2014-2020 (CP SI-HR 2014-2020), za katere je bilo ocenjeno, da imajo potencial za kapitalizacijo. Podatkovna zbirka se bo ob izvajanju projektov posodabljala z bistvenimi informacijami o novih projektih in njihovih rezultatih.<\/p>\n<\/div><\/div><\/section>\n<\/div><\/p><\/div><\/p>\n\n<style type=\"text\/css\" data-created_by=\"avia_inline_auto\" id=\"style-css-av-4332o4-6229a7fb9baa7b8268fa685512b36c83\">\n.flex_column.av-4332o4-6229a7fb9baa7b8268fa685512b36c83{\nborder-radius:0px 0px 0px 0px;\n-webkit-border-radius:0px 0px 0px 0px;\n-moz-border-radius:0px 0px 0px 0px;\n}\n<\/style>\n<div class='flex_column av-4332o4-6229a7fb9baa7b8268fa685512b36c83 av_one_half  avia-builder-el-10  el_after_av_one_full  el_before_av_one_half  first flex_column_div av-zero-column-padding column-top-margin'   ><style type=\"text\/css\" data-created_by=\"avia_inline_auto\" id=\"style-css-av-lwdwp08n-9c4b3e65fd88b5017258054315926e8f\">\n#top .av-special-heading.av-lwdwp08n-9c4b3e65fd88b5017258054315926e8f{\npadding-bottom:4px;\n}\nbody .av-special-heading.av-lwdwp08n-9c4b3e65fd88b5017258054315926e8f .av-special-heading-tag .heading-char{\nfont-size:25px;\n}\n.av-special-heading.av-lwdwp08n-9c4b3e65fd88b5017258054315926e8f .av-subheading{\nfont-size:15px;\n}\n<\/style>\n<div  class='av-special-heading av-lwdwp08n-9c4b3e65fd88b5017258054315926e8f av-special-heading-h2 blockquote modern-quote modern-centered  avia-builder-el-11  avia-builder-el-no-sibling '><h2 class='av-special-heading-tag'  itemprop=\"headline\"  >BAZA KAPITALIZACIJSKIH ELEMENTOV PROJEKTOV<\/h2><div class=\"special-heading-border\"><div class=\"special-heading-inner-border\"><\/div><\/div><\/div><\/div>\n\n<style type=\"text\/css\" data-created_by=\"avia_inline_auto\" id=\"style-css-av-36cvjo-8d5dc1c3f5bec098ec7a862be7523cb2\">\n.flex_column.av-36cvjo-8d5dc1c3f5bec098ec7a862be7523cb2{\nborder-radius:0px 0px 0px 0px;\n-webkit-border-radius:0px 0px 0px 0px;\n-moz-border-radius:0px 0px 0px 0px;\n}\n<\/style>\n<div class='flex_column av-36cvjo-8d5dc1c3f5bec098ec7a862be7523cb2 av_one_half  avia-builder-el-12  el_after_av_one_half  el_before_av_one_half  flex_column_div av-zero-column-padding column-top-margin'   ><style type=\"text\/css\" data-created_by=\"avia_inline_auto\" id=\"style-css-av-lwdxf8vo-b6022c9de5efa275a163de4a06c3a015\">\n#top .av-special-heading.av-lwdxf8vo-b6022c9de5efa275a163de4a06c3a015{\npadding-bottom:4px;\n}\nbody .av-special-heading.av-lwdxf8vo-b6022c9de5efa275a163de4a06c3a015 .av-special-heading-tag .heading-char{\nfont-size:25px;\n}\n.av-special-heading.av-lwdxf8vo-b6022c9de5efa275a163de4a06c3a015 .av-subheading{\nfont-size:15px;\n}\n<\/style>\n<div  class='av-special-heading av-lwdxf8vo-b6022c9de5efa275a163de4a06c3a015 av-special-heading-h2 blockquote modern-quote modern-centered  avia-builder-el-13  avia-builder-el-no-sibling '><h2 class='av-special-heading-tag'  itemprop=\"headline\"  >ZBORNIK PROJEKTOV Z ELEMENTI KAPITALIZACIJE<\/h2><div class=\"special-heading-border\"><div class=\"special-heading-inner-border\"><\/div><\/div><\/div><\/div>\n\n<style type=\"text\/css\" data-created_by=\"avia_inline_auto\" id=\"style-css-av-4jhztg-dc37047c01ccbe5b68e124662de88df4\">\n.flex_column.av-4jhztg-dc37047c01ccbe5b68e124662de88df4{\nborder-radius:0px 0px 0px 0px;\n-webkit-border-radius:0px 0px 0px 0px;\n-moz-border-radius:0px 0px 0px 0px;\n}\n<\/style>\n<div class='flex_column av-4jhztg-dc37047c01ccbe5b68e124662de88df4 av_one_half  avia-builder-el-14  el_after_av_one_half  el_before_av_one_half  first flex_column_div av-zero-column-padding column-top-margin'   ><p>\n<style type=\"text\/css\" data-created_by=\"avia_inline_auto\" id=\"style-css-av-lwdwm29q-6351469434d88cc4e1d8b79f4b38593d\">\n.avia-image-container.av-lwdwm29q-6351469434d88cc4e1d8b79f4b38593d .av-image-caption-overlay-center{\ncolor:#ffffff;\n}\n<\/style>\n<div  class='avia-image-container av-lwdwm29q-6351469434d88cc4e1d8b79f4b38593d av-styling- avia-align-center  avia-builder-el-15  el_before_av_textblock  avia-builder-el-first '  itemprop=\"image\" itemscope=\"itemscope\" itemtype=\"https:\/\/schema.org\/ImageObject\" ><div class=\"avia-image-container-inner\"><div class=\"avia-image-overlay-wrap\"><a href=\"http:\/\/www.si-hr.eu\/si2\/download\/Baza-2014-2020.pdf\" class='avia_image' ><img decoding=\"async\" width=\"1247\" height=\"873\" class='wp-image-6995 avia-img-lazy-loading-not-6995 avia_image' src=\"http:\/\/www.si-hr.eu\/si2\/wp-content\/uploads\/sites\/14\/2024\/05\/baza_cover.png\" alt='' title='baza_cover'  itemprop=\"thumbnailUrl\" srcset=\"http:\/\/www.si-hr.eu\/si2\/wp-content\/uploads\/sites\/14\/2024\/05\/baza_cover.png 1247w, http:\/\/www.si-hr.eu\/si2\/wp-content\/uploads\/sites\/14\/2024\/05\/baza_cover-300x210.png 300w, http:\/\/www.si-hr.eu\/si2\/wp-content\/uploads\/sites\/14\/2024\/05\/baza_cover-1030x721.png 1030w, http:\/\/www.si-hr.eu\/si2\/wp-content\/uploads\/sites\/14\/2024\/05\/baza_cover-768x538.png 768w, http:\/\/www.si-hr.eu\/si2\/wp-content\/uploads\/sites\/14\/2024\/05\/baza_cover-600x420.png 600w, http:\/\/www.si-hr.eu\/si2\/wp-content\/uploads\/sites\/14\/2024\/05\/baza_cover-705x494.png 705w\" sizes=\"(max-width: 1247px) 100vw, 1247px\" \/><\/a><\/div><\/div><\/div><br \/>\n<section  class='av_textblock_section av-lwdxqf6l-b3dc7d07d52f781fc679d4ec421a5980'  itemscope=\"itemscope\" itemtype=\"https:\/\/schema.org\/CreativeWork\" ><div class='avia_textblock'  itemprop=\"text\" ><h4><a href=\"http:\/\/www.si-hr.eu\/si2\/download\/Database_of_capitalisation-elements_CP-SI-HR-2014-2020.xlsx\"><strong>PRENOS EXCELOVE TABELE BAZE PODATKOV<\/strong><\/a><\/h4>\n<\/div><\/section><br \/>\n<section  class='av_textblock_section av-lwdyjo6t-40a9df210fdced5268d966696fb29038'  itemscope=\"itemscope\" itemtype=\"https:\/\/schema.org\/CreativeWork\" ><div class='avia_textblock'  itemprop=\"text\" ><h4>&nbsp;<\/h4>\n<\/div><\/section><br \/>\n<section  class='av_textblock_section av-2k1c2s-a396882f588db0fb0d13153462bd5a25'  itemscope=\"itemscope\" itemtype=\"https:\/\/schema.org\/CreativeWork\" ><div class='avia_textblock'  itemprop=\"text\" ><h4>&nbsp;<\/h4>\n<\/div><\/section><br \/>\n<section  class='av_textblock_section av-lwdyhlkj-c3a8fdd3b34cb5efc329717eec428551'  itemscope=\"itemscope\" itemtype=\"https:\/\/schema.org\/CreativeWork\" ><div class='avia_textblock'  itemprop=\"text\" ><p>Tukaj najdete seznam odobrenih projektov:<\/p>\n<h6>&nbsp;<\/h6>\n<\/div><\/section><br \/>\n<section  class='av_textblock_section av-1uohf8-3961ac558bcb654c8828c66d20d5b891'  itemscope=\"itemscope\" itemtype=\"https:\/\/schema.org\/CreativeWork\" ><div class='avia_textblock'  itemprop=\"text\" ><h4><a href=\"http:\/\/www.si-hr.eu\/si2\/download\/Approved_Projects_2022-06-20.xlsx\">ODOBRENI PROJEKTI 2014-2020<\/a><\/h4>\n<\/div><\/section><\/p><\/div>\n\n<style type=\"text\/css\" data-created_by=\"avia_inline_auto\" id=\"style-css-av-5lvlh0-c89998899242173d54e169012d602e6e\">\n.flex_column.av-5lvlh0-c89998899242173d54e169012d602e6e{\nborder-radius:0px 0px 0px 0px;\n-webkit-border-radius:0px 0px 0px 0px;\n-moz-border-radius:0px 0px 0px 0px;\n}\n<\/style>\n<div class='flex_column av-5lvlh0-c89998899242173d54e169012d602e6e av_one_half  avia-builder-el-21  el_after_av_one_half  avia-builder-el-last  flex_column_div av-zero-column-padding column-top-margin'   ><style type=\"text\/css\" data-created_by=\"avia_inline_auto\" id=\"style-css-av-lwdxjo7f-ece2d34e18357a4d7b5cdd0991076b67\">\n.avia-image-container.av-lwdxjo7f-ece2d34e18357a4d7b5cdd0991076b67 .av-image-caption-overlay-center{\ncolor:#ffffff;\n}\n<\/style>\n<div  class='avia-image-container av-lwdxjo7f-ece2d34e18357a4d7b5cdd0991076b67 av-styling- avia-align-center  avia-builder-el-22  avia-builder-el-no-sibling '  itemprop=\"image\" itemscope=\"itemscope\" itemtype=\"https:\/\/schema.org\/ImageObject\" ><div class=\"avia-image-container-inner\"><div class=\"avia-image-overlay-wrap\"><a href=\"https:\/\/heyzine.com\/flip-book\/a41e2e781d.html#page\/1\" class='avia_image' ><img decoding=\"async\" width=\"532\" height=\"756\" class='wp-image-6998 avia-img-lazy-loading-not-6998 avia_image' src=\"http:\/\/www.si-hr.eu\/si2\/wp-content\/uploads\/sites\/14\/2024\/05\/brosura_cover.png\" alt='' title='bro\u0161ura_cover'  itemprop=\"thumbnailUrl\" srcset=\"http:\/\/www.si-hr.eu\/si2\/wp-content\/uploads\/sites\/14\/2024\/05\/brosura_cover.png 532w, http:\/\/www.si-hr.eu\/si2\/wp-content\/uploads\/sites\/14\/2024\/05\/brosura_cover-211x300.png 211w, http:\/\/www.si-hr.eu\/si2\/wp-content\/uploads\/sites\/14\/2024\/05\/brosura_cover-496x705.png 496w\" sizes=\"(max-width: 532px) 100vw, 532px\" \/><\/a><\/div><\/div><\/div><\/div>\n","protected":false},"excerpt":{"rendered":"","protected":false},"author":18,"featured_media":0,"parent":187,"menu_order":0,"comment_status":"closed","ping_status":"closed","template":"","meta":{"ngg_post_thumbnail":0},"acf":[],"_links":{"self":[{"href":"http:\/\/www.si-hr.eu\/si2\/wp-json\/wp\/v2\/pages\/6980"}],"collection":[{"href":"http:\/\/www.si-hr.eu\/si2\/wp-json\/wp\/v2\/pages"}],"about":[{"href":"http:\/\/www.si-hr.eu\/si2\/wp-json\/wp\/v2\/types\/page"}],"author":[{"embeddable":true,"href":"http:\/\/www.si-hr.eu\/si2\/wp-json\/wp\/v2\/users\/18"}],"replies":[{"embeddable":true,"href":"http:\/\/www.si-hr.eu\/si2\/wp-json\/wp\/v2\/comments?post=6980"}],"version-history":[{"count":22,"href":"http:\/\/www.si-hr.eu\/si2\/wp-json\/wp\/v2\/pages\/6980\/revisions"}],"predecessor-version":[{"id":7040,"href":"http:\/\/www.si-hr.eu\/si2\/wp-json\/wp\/v2\/pages\/6980\/revisions\/7040"}],"up":[{"embeddable":true,"href":"http:\/\/www.si-hr.eu\/si2\/wp-json\/wp\/v2\/pages\/187"}],"wp:attachment":[{"href":"http:\/\/www.si-hr.eu\/si2\/wp-json\/wp\/v2\/media?parent=6980"}],"curies":[{"name":"wp","href":"https:\/\/api.w.org\/{rel}","templated":true}]}}